{"id":9755,"date":"2026-01-29T19:14:21","date_gmt":"2026-01-29T17:14:21","guid":{"rendered":"https:\/\/ort.fi\/turku\/?page_id=9755"},"modified":"2026-03-25T09:58:34","modified_gmt":"2026-03-25T07:58:34","slug":"vuoden-2026-kiinteistolautakunnan-poytakirjat-linkki","status":"publish","type":"page","link":"https:\/\/ort.fi\/turku\/vuoden-2026-kiinteistolautakunnan-poytakirjat-linkki\/","title":{"rendered":"Vuoden 2026 kiinteist\u00f6lautakunnan p\u00f6yt\u00e4kirjat"},"content":{"rendered":"\n<p class=\"has-medium-font-size\"><a href=\"https:\/\/ort.fi\/turku\/wp-content\/uploads\/2026\/03\/Kiinteistolautakunta_pk_3_2026-2.pdf\" title=\"Kiinteist\u00f6lautakunnan p\u00f6yt\u00e4kirja 16.3.2026\">Kiinteist\u00f6lautakunnan p\u00f6yt\u00e4kirja 16.3.2026<\/a><\/p>\n\n\n\n<p class=\"has-medium-font-size\"><a href=\"https:\/\/ort.fi\/turku\/wp-content\/uploads\/2026\/03\/Kiinteistolautakunta_pk_2_2026.pdf\">Kiinteist\u00f6lautakunnan p\u00f6yt\u00e4kirja 24.2.2026<\/a><\/p>\n\n\n\n<p class=\"has-medium-font-size\"><a href=\"https:\/\/ort.fi\/turku\/wp-content\/uploads\/2026\/01\/Kiinteistolautakunta_pk_1_2026.pdf\" target=\"_blank\" rel=\"noopener\" title=\"\">Kiinteist\u00f6lautakunnan p\u00f6yt\u00e4kirja 27.1.2026<\/a><\/p>\n\n\n\n<p><\/p>\n","protected":false},"excerpt":{"rendered":"<p>Kiinteist\u00f6lautakunnan p\u00f6yt\u00e4kirja 16.3.2026 Kiinteist\u00f6lautakunnan p\u00f6yt\u00e4kirja 24.2.2026 Kiinteist\u00f6lautakunnan p\u00f6yt\u00e4kirja 27.1.2026<\/p>\n","protected":false},"author":3,"featured_media":0,"parent":0,"menu_order":0,"comment_status":"closed","ping_status":"closed","template":"","meta":{"slim_seo":{"title":"Vuoden 2026 kiinteist\u00f6lautakunnan p\u00f6yt\u00e4kirjat - Turun ortodoksinen seurakunta","description":"Kiinteist\u00f6lautakunnan p\u00f6yt\u00e4kirja 16.3.2026 Kiinteist\u00f6lautakunnan p\u00f6yt\u00e4kirja 24.2.2026 Kiinteist\u00f6lautakunnan p\u00f6yt\u00e4kirja 27.1.2026"},"footnotes":""},"class_list":["post-9755","page","type-page","status-publish"],"_links":{"self":[{"href":"https:\/\/ort.fi\/turku\/wp-json\/wp\/v2\/pages\/9755","targetHints":{"allow":["GET"]}}],"collection":[{"href":"https:\/\/ort.fi\/turku\/wp-json\/wp\/v2\/pages"}],"about":[{"href":"https:\/\/ort.fi\/turku\/wp-json\/wp\/v2\/types\/page"}],"author":[{"embeddable":true,"href":"https:\/\/ort.fi\/turku\/wp-json\/wp\/v2\/users\/3"}],"replies":[{"embeddable":true,"href":"https:\/\/ort.fi\/turku\/wp-json\/wp\/v2\/comments?post=9755"}],"version-history":[{"count":6,"href":"https:\/\/ort.fi\/turku\/wp-json\/wp\/v2\/pages\/9755\/revisions"}],"predecessor-version":[{"id":10457,"href":"https:\/\/ort.fi\/turku\/wp-json\/wp\/v2\/pages\/9755\/revisions\/10457"}],"wp:attachment":[{"href":"https:\/\/ort.fi\/turku\/wp-json\/wp\/v2\/media?parent=9755"}],"curies":[{"name":"wp","href":"https:\/\/api.w.org\/{rel}","templated":true}]}}