{"id":837,"date":"2024-06-11T06:46:07","date_gmt":"2024-06-11T03:46:07","guid":{"rendered":"https:\/\/ort.fi\/ortturkusrk\/?page_id=837"},"modified":"2026-01-14T14:15:59","modified_gmt":"2026-01-14T12:15:59","slug":"svenska-diskussiongruppen","status":"publish","type":"page","link":"https:\/\/ort.fi\/turku\/svenska-diskussiongruppen\/","title":{"rendered":"Svenska diskussionsgruppen"},"content":{"rendered":"<div class=\"wp-block-image\">\n<figure class=\"alignleft size-large is-resized\"><img loading=\"lazy\" decoding=\"async\" width=\"1024\" height=\"768\" src=\"https:\/\/ort.fi\/ortturkusrk\/wp-content\/uploads\/2024\/11\/Svenska_2-1024x768.jpeg\" alt=\"\" class=\"wp-image-2961\" style=\"width:322px;height:auto\" srcset=\"https:\/\/ort.fi\/turku\/wp-content\/uploads\/2024\/11\/Svenska_2-1024x768.jpeg 1024w, https:\/\/ort.fi\/turku\/wp-content\/uploads\/2024\/11\/Svenska_2-300x225.jpeg 300w, https:\/\/ort.fi\/turku\/wp-content\/uploads\/2024\/11\/Svenska_2-768x576.jpeg 768w, https:\/\/ort.fi\/turku\/wp-content\/uploads\/2024\/11\/Svenska_2-1536x1152.jpeg 1536w, https:\/\/ort.fi\/turku\/wp-content\/uploads\/2024\/11\/Svenska_2-2048x1536.jpeg 2048w\" sizes=\"auto, (max-width: 1024px) 100vw, 1024px\" \/><\/figure>\n<\/div>\n\n\n<p>Sammankommer i f\u00f6rsamlingssalen i princip den f\u00f6rsta m\u00e5ndagen i m\u00e5naden (undantag f\u00f6rekommer) under ledning av fader Andreas,<strong> kl. 17.30.<\/strong><\/p>\n\n\n\n<p><strong>V\u00e5rens sammankomster 2026<\/strong>:<\/p>\n\n\n\n<p><strong>12.1;2.2; 2.3; 13.4 och 4.5.<\/strong><\/p>\n\n\n\n<p>Vi behandlar sjukdom och b\u00f6ner f\u00f6r de sjuka<\/p>\n\n\n\n<p>Alla intresserade hj\u00e4rtligt v\u00e4lkomna.<\/p>\n\n\n\n<p>Kontakt: f. Andreas Hjertberg (0500 572526, andreas.hjertberg@gmail.com)<\/p>\n\n\n\n<p><\/p>\n","protected":false},"excerpt":{"rendered":"<p>Sammankommer i f\u00f6rsamlingssalen i princip den f\u00f6rsta m\u00e5ndagen i m\u00e5naden (undantag f\u00f6rekommer) under ledning av fader Andreas, kl. 17.30. V\u00e5rens sammankomster 2026: 12.1;2.2; 2.3; 13.4 och 4.5. Vi behandlar sjukdom och b\u00f6ner f\u00f6r de sjuka Alla intresserade hj\u00e4rtligt v\u00e4lkomna. Kontakt: f. Andreas Hjertberg (0500 572526, andreas.hjertberg@gmail.com)<\/p>\n","protected":false},"author":5,"featured_media":0,"parent":0,"menu_order":0,"comment_status":"closed","ping_status":"closed","template":"","meta":{"slim_seo":{"title":"Svenska diskussionsgruppen - Turun ortodoksinen seurakunta","description":"Sammankommer i f\u00f6rsamlingssalen i princip den f\u00f6rsta m\u00e5ndagen i m\u00e5naden (undantag f\u00f6rekommer) under ledning av fader Andreas, kl. 17.30. V\u00e5rens sammankomster 20"},"footnotes":""},"class_list":["post-837","page","type-page","status-publish"],"_links":{"self":[{"href":"https:\/\/ort.fi\/turku\/wp-json\/wp\/v2\/pages\/837","targetHints":{"allow":["GET"]}}],"collection":[{"href":"https:\/\/ort.fi\/turku\/wp-json\/wp\/v2\/pages"}],"about":[{"href":"https:\/\/ort.fi\/turku\/wp-json\/wp\/v2\/types\/page"}],"author":[{"embeddable":true,"href":"https:\/\/ort.fi\/turku\/wp-json\/wp\/v2\/users\/5"}],"replies":[{"embeddable":true,"href":"https:\/\/ort.fi\/turku\/wp-json\/wp\/v2\/comments?post=837"}],"version-history":[{"count":5,"href":"https:\/\/ort.fi\/turku\/wp-json\/wp\/v2\/pages\/837\/revisions"}],"predecessor-version":[{"id":9611,"href":"https:\/\/ort.fi\/turku\/wp-json\/wp\/v2\/pages\/837\/revisions\/9611"}],"wp:attachment":[{"href":"https:\/\/ort.fi\/turku\/wp-json\/wp\/v2\/media?parent=837"}],"curies":[{"name":"wp","href":"https:\/\/api.w.org\/{rel}","templated":true}]}}