{"id":709,"date":"2024-05-14T08:32:43","date_gmt":"2024-05-14T05:32:43","guid":{"rendered":"https:\/\/ort.fi\/ortturkusrk\/?page_id=709"},"modified":"2025-12-11T12:39:15","modified_gmt":"2025-12-11T10:39:15","slug":"perhepaiva","status":"publish","type":"page","link":"https:\/\/ort.fi\/turku\/perhepaiva\/","title":{"rendered":"Perhep\u00e4iv\u00e4t"},"content":{"rendered":"\n<p>Seurakuntamme j\u00e4rjest\u00e4\u00e4 joka kuukausi perhep\u00e4iv\u00e4n sunnuntailiturgian yhteydess\u00e4. <\/p>\n\n\n\n<p>Perhep\u00e4ivi\u00e4 j\u00e4rjestet\u00e4\u00e4n 26.12. (seurakunnan joulujuhla)<br>sek\u00e4 kev\u00e4\u00e4ll\u00e4 2026 seuraavasti: 11.1., 15.2., 29.3. (palmusunnuntai), 19.4. (praasniekka) ja 10.5. (\u00e4itienp\u00e4iv\u00e4)<\/p>\n\n\n\n<p>Perhep\u00e4iv\u00e4t j\u00e4rjestet\u00e4\u00e4n yleens\u00e4 liturgian yhteydess\u00e4, jolloin sen j\u00e4lkeen on tarjolla useimmiten ruokaa sek\u00e4 mukavaa ohjelmaa niin lapsille kuin aikuisille. P\u00e4\u00e4asiallisena tiedotuskanavana toimii seurakunnan perheryhm\u00e4 WhatsApissa, joten sinne kannattaa ehdottomasti liitty\u00e4!&nbsp;<\/p>\n\n\n\n<p><a href=\"https:\/\/chat.whatsapp.com\/JXsD3zHkrMc7MbaQEssQeh\">https:\/\/chat.whatsapp.com\/JXsD3zHkrMc7MbaQEssQeh<\/a><\/p>\n\n\n\n<p>L\u00e4mpim\u00e4sti tervetuloa mukaan perhetoimintaan!<\/p>\n\n\n\n<p><strong>Yhteystiedot:<\/strong> Elizaveta Alitupa (040 142 2027)<\/p>\n\n\n\n<hr class=\"wp-block-separator has-alpha-channel-opacity\"\/>\n\n\n\n<h5 class=\"wp-block-heading\"><strong><em>Kalenterista n\u00e4et tulevat perhep\u00e4iv\u00e4t<\/em><\/strong>:<\/h5>\n\n\n\n<iframe width='1000' height='650' frameborder='0' scrolling='auto'\nmarginheight='0' marginwidth='0' style=\".otsikko {font-size: large;}\"\nsrc='https:\/\/www.mvsoy.fi\/data\/ort\/turku\/lehteen\/tapahtumat.phtml?hakualue%5B%5D=Perhekerho'><\/iframe>\n","protected":false},"excerpt":{"rendered":"<p>Seurakuntamme j\u00e4rjest\u00e4\u00e4 joka kuukausi perhep\u00e4iv\u00e4n sunnuntailiturgian yhteydess\u00e4. Perhep\u00e4ivi\u00e4 j\u00e4rjestet\u00e4\u00e4n 26.12. (seurakunnan joulujuhla)sek\u00e4 kev\u00e4\u00e4ll\u00e4 2026 seuraavasti: 11.1., 15.2., 29.3. (palmusunnuntai), 19.4. (praasniekka) ja 10.5. (\u00e4itienp\u00e4iv\u00e4) Perhep\u00e4iv\u00e4t j\u00e4rjestet\u00e4\u00e4n yleens\u00e4 liturgian yhteydess\u00e4, jolloin sen j\u00e4lkeen on tarjolla useimmiten ruokaa sek\u00e4 mukavaa ohjelmaa niin lapsille kuin aikuisille. P\u00e4\u00e4asiallisena tiedotuskanavana toimii seurakunnan perheryhm\u00e4 WhatsApissa, joten sinne kannattaa ehdottomasti liitty\u00e4!&nbsp; https:\/\/chat.whatsapp.com\/JXsD3zHkrMc7MbaQEssQeh&hellip; <a class=\"continue\" href=\"https:\/\/ort.fi\/turku\/perhepaiva\/\">Continue Reading<span> Perhep\u00e4iv\u00e4t<\/span><\/a><\/p>\n","protected":false},"author":5,"featured_media":0,"parent":0,"menu_order":0,"comment_status":"closed","ping_status":"closed","template":"","meta":{"slim_seo":{"title":"Perhep\u00e4iv\u00e4t - Turun ortodoksinen seurakunta","description":"Seurakuntamme j\u00e4rjest\u00e4\u00e4 joka kuukausi perhep\u00e4iv\u00e4n sunnuntailiturgian yhteydess\u00e4. Perhep\u00e4ivi\u00e4 j\u00e4rjestet\u00e4\u00e4n 26.12. (seurakunnan joulujuhla) sek\u00e4 kev\u00e4\u00e4ll\u00e4 2026 seu"},"footnotes":""},"class_list":["post-709","page","type-page","status-publish"],"_links":{"self":[{"href":"https:\/\/ort.fi\/turku\/wp-json\/wp\/v2\/pages\/709","targetHints":{"allow":["GET"]}}],"collection":[{"href":"https:\/\/ort.fi\/turku\/wp-json\/wp\/v2\/pages"}],"about":[{"href":"https:\/\/ort.fi\/turku\/wp-json\/wp\/v2\/types\/page"}],"author":[{"embeddable":true,"href":"https:\/\/ort.fi\/turku\/wp-json\/wp\/v2\/users\/5"}],"replies":[{"embeddable":true,"href":"https:\/\/ort.fi\/turku\/wp-json\/wp\/v2\/comments?post=709"}],"version-history":[{"count":5,"href":"https:\/\/ort.fi\/turku\/wp-json\/wp\/v2\/pages\/709\/revisions"}],"predecessor-version":[{"id":9229,"href":"https:\/\/ort.fi\/turku\/wp-json\/wp\/v2\/pages\/709\/revisions\/9229"}],"wp:attachment":[{"href":"https:\/\/ort.fi\/turku\/wp-json\/wp\/v2\/media?parent=709"}],"curies":[{"name":"wp","href":"https:\/\/api.w.org\/{rel}","templated":true}]}}