{"id":7083,"date":"2025-07-03T11:50:49","date_gmt":"2025-07-03T08:50:49","guid":{"rendered":"https:\/\/ort.fi\/turku\/?page_id=7083"},"modified":"2026-08-13T11:34:40","modified_gmt":"2026-08-13T08:34:40","slug":"leiritoiminta","status":"publish","type":"page","link":"https:\/\/ort.fi\/turku\/leiritoiminta\/","title":{"rendered":"Leiritoiminta"},"content":{"rendered":"\n<p class=\"has-medium-font-size wp-block-paragraph\"><strong>Kristinoppileiri<\/strong><\/p>\n\n\n\n<p class=\"wp-block-paragraph\">Turun ortodoksisen seurakunnan kristinoppileiri j\u00e4rjestet\u00e4\u00e4n&nbsp;<strong>kes\u00e4isin<\/strong>. Leirist\u00e4 l\u00e4hetet\u00e4\u00e4n kev\u00e4\u00e4ll\u00e4 kirje kyseisen\u00e4 vuonna&nbsp;<strong>15 vuotta<\/strong>&nbsp;t\u00e4ytt\u00e4ville seurakunnan j\u00e4senille.<\/p>\n\n\n\n<p class=\"wp-block-paragraph\">Lis\u00e4tietoa&nbsp;<strong>turku@ort.fi<\/strong>&nbsp;tai suoraan seurakunnan ty\u00f6ntekij\u00f6ilt\u00e4.<\/p>\n\n\n\n<p class=\"wp-block-paragraph\"><strong>Mik\u00e4 kristinoppikoulu on?<\/strong><\/p>\n\n\n\n<p class=\"wp-block-paragraph\">Kristinoppikoulua pidet\u00e4\u00e4n niin t\u00e4rke\u00e4n\u00e4 opetusmuotona, ett\u00e4 kirkkoj\u00e4rjestys velvoittaa seurakunnat j\u00e4rjest\u00e4m\u00e4\u00e4n kaikille nuorille mahdollisuuden osallistua siihen sin\u00e4 vuonna, kun he t\u00e4ytt\u00e4v\u00e4t 15 vuotta.<\/p>\n\n\n\n<p class=\"wp-block-paragraph\">Osallistuminen kristinoppikouluun on vapaaehtoista, mutta sen suosio on siit\u00e4 huolimatta varsin vankka. Suurin osa ik\u00e4luokasta k\u00e4y kriparin.<\/p>\n\n\n\n<p class=\"wp-block-paragraph\">Kristinoppikoulu \u2013 joka j\u00e4rjestet\u00e4\u00e4n usein leirimuotoisena \u2013 tarjoaa nuorelle mahdollisuuden perehty\u00e4 papin, kanttorin ja ohjaajien kanssa ortodoksisen kirkon opetukseen ja ortodoksiseen el\u00e4m\u00e4ntapaan. Kriparit ovat my\u00f6s varsin suosittuja \u2013 enemmist\u00f6 ik\u00e4luokasta pit\u00e4\u00e4 sit\u00e4 merkitt\u00e4v\u00e4n\u00e4 ja mieluisena etappina matkalla aikuisuuteen.<\/p>\n\n\n\n<p class=\"wp-block-paragraph\">Erityisen hy\u00f6dyllinen kristinoppikoulu on niille, jotka eiv\u00e4t ole osallistuneet koulussa oman uskonnon opetukseen. Toisaalta se tarjoaa kaikille osallistujille mahdollisuuden vahvistaa omaa ortodoksista identiteetti\u00e4\u00e4n ja l\u00f6yt\u00e4\u00e4 oma tapa osallistua aktiivisesti kirkon el\u00e4m\u00e4\u00e4n. Se antaa my\u00f6s mahdollisuuden solmia t\u00e4rkeit\u00e4 yst\u00e4vyyssuhteita toisten, mahdollisesti jopa eri puolilla Suomea asuvien ortodoksien kanssa.<\/p>\n\n\n\n<p class=\"wp-block-paragraph\">Kristinoppileirill\u00e4 eli kriparilla p\u00e4iv\u00e4t koostuvat jumalanpalveluksista, oppitunneista, pihaleikeist\u00e4, ryhm\u00e4t\u00f6ist\u00e4 ja muusta yhdess\u00e4olosta: yhdess\u00e4 tekemisest\u00e4 ja kokemisesta. Kriparien kestossa on seurakuntakohtaisia eroja noin viikosta maksimissaan kymmeneen p\u00e4iv\u00e4\u00e4n. Leiri p\u00e4\u00e4ttyy juhlavaan p\u00e4\u00e4t\u00f6sliturgiaan.<\/p>\n\n\n\n<p class=\"wp-block-paragraph\"><em>L\u00e4hde: ort.fi<\/em><\/p>\n\n\n\n<hr class=\"wp-block-separator has-alpha-channel-opacity\"\/>\n\n\n\n<p class=\"has-medium-font-size wp-block-paragraph\"><strong>Lastenleiri<\/strong><\/p>\n\n\n\n<p class=\"wp-block-paragraph\">Turun ortodoksisen seurakunnan lastenleiri j\u00e4rjestet\u00e4\u00e4n kerran kes\u00e4ss\u00e4, ja se kokoaa seurakunnan lapset viett\u00e4m\u00e4\u00e4n yhteist\u00e4, l\u00e4mminhenkist\u00e4 leiriviikkoa. Leirill\u00e4 tutustutaan ortodoksiseen perinteeseen, ulkoillaan, askarrellaan ja nautitaan turvallisesta yhdess\u00e4olosta. Leirin ik\u00e4haarukkaan kuuluville lapsille l\u00e4hetet\u00e4\u00e4n aina kutsukirje kotiin, jotta osallistuminen on helppoa ja jokainen tiet\u00e4\u00e4 olevansa tervetullut mukaan.<\/p>\n\n\n\n<hr class=\"wp-block-separator has-alpha-channel-opacity\"\/>\n\n\n\n<p class=\"wp-block-paragraph\"><strong>QTIS<\/strong><\/p>\n\n\n\n<p class=\"wp-block-paragraph\">Helsingin ortodoksisen seurakunnan perinteinen Qtis-kuutamoleiri j\u00e4rjestet\u00e4\u00e4n Kaunisniemen leirikeskuksessa Lopen L\u00e4yli\u00e4isiss\u00e4 23.-25.lokakuuta 2026.<br>Kristinoppileirin k\u00e4yneille nuorille (tai yli 15-vuotiaille) suunnattu suurleiri kutsuu viett\u00e4m\u00e4\u00e4n viikonloppua muiden ortodoksinuorten parissa. Mukaan mahtuu 15 ilmoittautunutta Turun Ortodoksisesta Seurakunnasta.&nbsp;<\/p>\n\n\n\n<p class=\"wp-block-paragraph\">J\u00e4rjest\u00e4mme Turusta yhteiskuljetuksen L\u00e4yli\u00e4isiin perjantaina 23.10. n. klo 16. Paluukyyti on takaisin Turussa sunnuntaina 25.10. n. klo 17.&nbsp;<\/p>\n\n\n\n<p class=\"wp-block-paragraph\">Leirin hinta on Turun Ortodoksisen Seurakunnan j\u00e4senille 90\u20ac.&nbsp;<\/p>\n\n\n\n<p class=\"wp-block-paragraph\">Ilmoittautuminen on auki 5.10. saakka. Ohessa linkki, jossa on ilmoittautumislomake.&nbsp;<\/p>\n\n\n\n<p class=\"wp-block-paragraph\"><a href=\"https:\/\/eur02.safelinks.protection.outlook.com\/?url=https%3A%2F%2Fforms.cloud.microsoft%2FPages%2FResponsePage.aspx%3Fid%3Dhrwyq_ISOEuyYsV3WYLiQYiushTRZplKnELFocqHavNUN0RZTTIzWjJJSzFFRUtOWTRDU0FDQkU3RS4u&amp;data=05%7C02%7Cturku%40ort.fi%7C837c9ce1bef74a7bf3e908def9138a65%7Cd80d1c85560e40a6b0d3ecd11992b555%7C0%7C0%7C639222059491150207%7CUnknown%7CTWFpbGZsb3d8eyJFbXB0eU1hcGkiOnRydWUsIlYiOiIwLjAuMDAwMCIsIlAiOiJXaW4zMiIsIkFOIjoiTWFpbCIsIldUIjoyfQ%3D%3D%7C0%7C%7C%7C&amp;sdata=DLqiikN%2FCixFiPi%2FmQUiPVw6GCbgFEwh2414KSAIpBw%3D&amp;reserved=0\">QTIS 23.-25.10.2026&nbsp; \u2013 T\u00e4yt\u00e4 lomake<\/a><\/p>\n\n\n\n<p class=\"wp-block-paragraph\">Ilmoittautuminen on sitova.<\/p>\n\n\n\n<p class=\"wp-block-paragraph\">Lis\u00e4tietoja:&nbsp;<a href=\"mailto:taimen.katariina@gmail.com\">taimen.katariina@gmail.com<\/a><\/p>\n\n\n\n<p class=\"wp-block-paragraph\"><strong>QTIS ilmottautuminen&nbsp;aukeaa 1.9.&nbsp;<\/strong><\/p>\n","protected":false},"excerpt":{"rendered":"<p>Kristinoppileiri Turun ortodoksisen seurakunnan kristinoppileiri j\u00e4rjestet\u00e4\u00e4n&nbsp;kes\u00e4isin. Leirist\u00e4 l\u00e4hetet\u00e4\u00e4n kev\u00e4\u00e4ll\u00e4 kirje kyseisen\u00e4 vuonna&nbsp;15 vuotta&nbsp;t\u00e4ytt\u00e4ville seurakunnan j\u00e4senille. Lis\u00e4tietoa&nbsp;turku@ort.fi&nbsp;tai suoraan seurakunnan ty\u00f6ntekij\u00f6ilt\u00e4. Mik\u00e4 kristinoppikoulu on? Kristinoppikoulua pidet\u00e4\u00e4n niin t\u00e4rke\u00e4n\u00e4 opetusmuotona, ett\u00e4 kirkkoj\u00e4rjestys velvoittaa seurakunnat j\u00e4rjest\u00e4m\u00e4\u00e4n kaikille nuorille mahdollisuuden osallistua siihen sin\u00e4 vuonna, kun he t\u00e4ytt\u00e4v\u00e4t 15 vuotta. Osallistuminen kristinoppikouluun on vapaaehtoista, mutta sen suosio on siit\u00e4 huolimatta varsin&hellip; <a class=\"continue\" href=\"https:\/\/ort.fi\/turku\/leiritoiminta\/\">Continue Reading<span> Leiritoiminta<\/span><\/a><\/p>\n","protected":false},"author":13,"featured_media":0,"parent":0,"menu_order":0,"comment_status":"closed","ping_status":"closed","template":"","meta":{"slim_seo":{"title":"Leiritoiminta - Turun ortodoksinen seurakunta","description":"Kristinoppileiri Turun ortodoksisen seurakunnan kristinoppileiri j\u00e4rjestet\u00e4\u00e4n&nbsp; kes\u00e4isin . Leirist\u00e4 l\u00e4hetet\u00e4\u00e4n kev\u00e4\u00e4ll\u00e4 kirje kyseisen\u00e4 vuonna&nbsp; 15 vuot"},"footnotes":""},"class_list":["post-7083","page","type-page","status-publish"],"_links":{"self":[{"href":"https:\/\/ort.fi\/turku\/wp-json\/wp\/v2\/pages\/7083","targetHints":{"allow":["GET"]}}],"collection":[{"href":"https:\/\/ort.fi\/turku\/wp-json\/wp\/v2\/pages"}],"about":[{"href":"https:\/\/ort.fi\/turku\/wp-json\/wp\/v2\/types\/page"}],"author":[{"embeddable":true,"href":"https:\/\/ort.fi\/turku\/wp-json\/wp\/v2\/users\/13"}],"replies":[{"embeddable":true,"href":"https:\/\/ort.fi\/turku\/wp-json\/wp\/v2\/comments?post=7083"}],"version-history":[{"count":8,"href":"https:\/\/ort.fi\/turku\/wp-json\/wp\/v2\/pages\/7083\/revisions"}],"predecessor-version":[{"id":11905,"href":"https:\/\/ort.fi\/turku\/wp-json\/wp\/v2\/pages\/7083\/revisions\/11905"}],"wp:attachment":[{"href":"https:\/\/ort.fi\/turku\/wp-json\/wp\/v2\/media?parent=7083"}],"curies":[{"name":"wp","href":"https:\/\/api.w.org\/{rel}","templated":true}]}}

<p class="has-medium-font-size wp-block-paragraph"><strong>Kristinoppileiri</strong></p>



<p class="wp-block-paragraph">Turun ortodoksisen seurakunnan kristinoppileiri järjestetään&nbsp;<strong>kesäisin</strong>. Leiristä lähetetään keväällä kirje kyseisenä vuonna&nbsp;<strong>15 vuotta</strong>&nbsp;täyttäville seurakunnan jäsenille.</p>



<p class="wp-block-paragraph">Lisätietoa&nbsp;<strong>turku@ort.fi</strong>&nbsp;tai suoraan seurakunnan työntekijöiltä.</p>



<p class="wp-block-paragraph"><strong>Mikä kristinoppikoulu on?</strong></p>



<p class="wp-block-paragraph">Kristinoppikoulua pidetään niin tärkeänä opetusmuotona, että kirkkojärjestys velvoittaa seurakunnat järjestämään kaikille nuorille mahdollisuuden osallistua siihen sinä vuonna, kun he täyttävät 15 vuotta.</p>



<p class="wp-block-paragraph">Osallistuminen kristinoppikouluun on vapaaehtoista, mutta sen suosio on siitä huolimatta varsin vankka. Suurin osa ikäluokasta käy kriparin.</p>



<p class="wp-block-paragraph">Kristinoppikoulu – joka järjestetään usein leirimuotoisena – tarjoaa nuorelle mahdollisuuden perehtyä papin, kanttorin ja ohjaajien kanssa ortodoksisen kirkon opetukseen ja ortodoksiseen elämäntapaan. Kriparit ovat myös varsin suosittuja – enemmistö ikäluokasta pitää sitä merkittävänä ja mieluisena etappina matkalla aikuisuuteen.</p>



<p class="wp-block-paragraph">Erityisen hyödyllinen kristinoppikoulu on niille, jotka eivät ole osallistuneet koulussa oman uskonnon opetukseen. Toisaalta se tarjoaa kaikille osallistujille mahdollisuuden vahvistaa omaa ortodoksista identiteettiään ja löytää oma tapa osallistua aktiivisesti kirkon elämään. Se antaa myös mahdollisuuden solmia tärkeitä ystävyyssuhteita toisten, mahdollisesti jopa eri puolilla Suomea asuvien ortodoksien kanssa.</p>



<p class="wp-block-paragraph">Kristinoppileirillä eli kriparilla päivät koostuvat jumalanpalveluksista, oppitunneista, pihaleikeistä, ryhmätöistä ja muusta yhdessäolosta: yhdessä tekemisestä ja kokemisesta. Kriparien kestossa on seurakuntakohtaisia eroja noin viikosta maksimissaan kymmeneen päivään. Leiri päättyy juhlavaan päätösliturgiaan.</p>



<p class="wp-block-paragraph"><em>Lähde: ort.fi</em></p>



<hr class="wp-block-separator has-alpha-channel-opacity"/>



<p class="has-medium-font-size wp-block-paragraph"><strong>Lastenleiri</strong></p>



<p class="wp-block-paragraph">Turun ortodoksisen seurakunnan lastenleiri järjestetään kerran kesässä, ja se kokoaa seurakunnan lapset viettämään yhteistä, lämminhenkistä leiriviikkoa. Leirillä tutustutaan ortodoksiseen perinteeseen, ulkoillaan, askarrellaan ja nautitaan turvallisesta yhdessäolosta. Leirin ikähaarukkaan kuuluville lapsille lähetetään aina kutsukirje kotiin, jotta osallistuminen on helppoa ja jokainen tietää olevansa tervetullut mukaan.</p>



<hr class="wp-block-separator has-alpha-channel-opacity"/>



<p class="wp-block-paragraph"><strong>QTIS</strong></p>



<p class="wp-block-paragraph">Helsingin ortodoksisen seurakunnan perinteinen Qtis-kuutamoleiri järjestetään Kaunisniemen leirikeskuksessa Lopen Läyliäisissä 23.-25.lokakuuta 2026.<br>Kristinoppileirin käyneille nuorille (tai yli 15-vuotiaille) suunnattu suurleiri kutsuu viettämään viikonloppua muiden ortodoksinuorten parissa. Mukaan mahtuu 15 ilmoittautunutta Turun Ortodoksisesta Seurakunnasta.&nbsp;</p>



<p class="wp-block-paragraph">Järjestämme Turusta yhteiskuljetuksen Läyliäisiin perjantaina 23.10. n. klo 16. Paluukyyti on takaisin Turussa sunnuntaina 25.10. n. klo 17.&nbsp;</p>



<p class="wp-block-paragraph">Leirin hinta on Turun Ortodoksisen Seurakunnan jäsenille 90€.&nbsp;</p>



<p class="wp-block-paragraph">Ilmoittautuminen on auki 5.10. saakka. Ohessa linkki, jossa on ilmoittautumislomake.&nbsp;</p>



<p class="wp-block-paragraph"><a href="https://eur02.safelinks.protection.outlook.com/?url=https%3A%2F%2Fforms.cloud.microsoft%2FPages%2FResponsePage.aspx%3Fid%3Dhrwyq_ISOEuyYsV3WYLiQYiushTRZplKnELFocqHavNUN0RZTTIzWjJJSzFFRUtOWTRDU0FDQkU3RS4u&amp;data=05%7C02%7Cturku%40ort.fi%7C837c9ce1bef74a7bf3e908def9138a65%7Cd80d1c85560e40a6b0d3ecd11992b555%7C0%7C0%7C639222059491150207%7CUnknown%7CTWFpbGZsb3d8eyJFbXB0eU1hcGkiOnRydWUsIlYiOiIwLjAuMDAwMCIsIlAiOiJXaW4zMiIsIkFOIjoiTWFpbCIsIldUIjoyfQ%3D%3D%7C0%7C%7C%7C&amp;sdata=DLqiikN%2FCixFiPi%2FmQUiPVw6GCbgFEwh2414KSAIpBw%3D&amp;reserved=0">QTIS 23.-25.10.2026&nbsp; – Täytä lomake</a></p>



<p class="wp-block-paragraph">Ilmoittautuminen on sitova.</p>



<p class="wp-block-paragraph">Lisätietoja:&nbsp;<a href="mailto:taimen.katariina@gmail.com">taimen.katariina@gmail.com</a></p>



<p class="wp-block-paragraph"><strong>QTIS ilmottautuminen&nbsp;aukeaa 1.9.&nbsp;</strong></p>

<p>Kristinoppileiri Turun ortodoksisen seurakunnan kristinoppileiri järjestetään&nbsp;kesäisin. Leiristä lähetetään keväällä kirje kyseisenä vuonna&nbsp;15 vuotta&nbsp;täyttäville seurakunnan jäsenille. Lisätietoa&nbsp;turku@ort.fi&nbsp;tai suoraan seurakunnan työntekijöiltä. Mikä kristinoppikoulu on? Kristinoppikoulua pidetään niin tärkeänä opetusmuotona, että kirkkojärjestys velvoittaa seurakunnat järjestämään kaikille nuorille mahdollisuuden osallistua siihen sinä vuonna, kun he täyttävät 15 vuotta. Osallistuminen kristinoppikouluun on vapaaehtoista, mutta sen suosio on siitä huolimatta varsin&hellip; <a class="continue" href="https://ort.fi/turku/leiritoiminta/">Continue Reading<span> Leiritoiminta</span></a></p>

Kristinoppileiri Turun ortodoksisen seurakunnan kristinoppileiri järjestetään&nbsp; kesäisin . Leiristä lähetetään keväällä kirje kyseisenä vuonna&nbsp; 15 vuot
