{"id":641,"date":"2024-05-11T08:35:34","date_gmt":"2024-05-11T05:35:34","guid":{"rendered":"https:\/\/ort.fi\/ortturkusrk\/?page_id=641"},"modified":"2024-12-09T19:08:30","modified_gmt":"2024-12-09T17:08:30","slug":"akatistos","status":"publish","type":"page","link":"https:\/\/ort.fi\/turku\/akatistos\/","title":{"rendered":"Akatistos"},"content":{"rendered":"\n<div class=\"wp-block-columns is-layout-flex wp-container-core-columns-is-layout-9d6595d7 wp-block-columns-is-layout-flex\">\n<div class=\"wp-block-column is-layout-flow wp-block-column-is-layout-flow\">\n<p>Akatistos on seisaaltaan veisattava ylist\u00e4v\u00e4 palvelus Jumalansynnytt\u00e4j\u00e4lle, Vapahtajalle tai tietylle pyh\u00e4lle. My\u00f6s luomakunnalle on laadittu oma akatistos (ns. kiitosakatistos), joka toimitetaan seurakunnissa usein kirkkovuoden ensimm\u00e4isen\u00e4 p\u00e4iv\u00e4n\u00e4 (1.9.). Vanhin akatistoshymni on 600-luvulla laadittu akatistos Jumalansynnytt\u00e4j\u00e4lle.<\/p>\n\n\n\n<p>Turun ortodoksisen seurakunnan jumalanpalveluskalenterissa \u201dakatistos\u201d ilman lis\u00e4tietoa tarkoittaa nimenomaan akatistosta Jumalansynnytt\u00e4j\u00e4lle. Akatistos veisataan Turun seurakunnassa noin kerran kuussa, useimmiten keskiviikkona kello 17.<br><\/p>\n<\/div>\n\n\n\n<div class=\"wp-block-column is-layout-flow wp-block-column-is-layout-flow\"><div class=\"wp-block-image\">\n<figure class=\"aligncenter size-large is-resized\"><img loading=\"lazy\" decoding=\"async\" width=\"1024\" height=\"678\" src=\"https:\/\/ort.fi\/ortturkusrk\/wp-content\/uploads\/2024\/12\/DSC_4556-1024x678.jpg\" alt=\"\" class=\"wp-image-3685\" style=\"width:529px;height:auto\" srcset=\"https:\/\/ort.fi\/turku\/wp-content\/uploads\/2024\/12\/DSC_4556-1024x678.jpg 1024w, https:\/\/ort.fi\/turku\/wp-content\/uploads\/2024\/12\/DSC_4556-300x199.jpg 300w, https:\/\/ort.fi\/turku\/wp-content\/uploads\/2024\/12\/DSC_4556-768x509.jpg 768w, https:\/\/ort.fi\/turku\/wp-content\/uploads\/2024\/12\/DSC_4556-1536x1017.jpg 1536w, https:\/\/ort.fi\/turku\/wp-content\/uploads\/2024\/12\/DSC_4556-2048x1356.jpg 2048w\" sizes=\"auto, (max-width: 1024px) 100vw, 1024px\" \/><figcaption class=\"wp-element-caption\"><em>Pyhien ikonit, kuva: Jonathan Guillaume<\/em><\/figcaption><\/figure>\n<\/div><\/div>\n<\/div>\n","protected":false},"excerpt":{"rendered":"<p>Akatistos on seisaaltaan veisattava ylist\u00e4v\u00e4 palvelus Jumalansynnytt\u00e4j\u00e4lle, Vapahtajalle tai tietylle pyh\u00e4lle. My\u00f6s luomakunnalle on laadittu oma akatistos (ns. kiitosakatistos), joka toimitetaan seurakunnissa usein kirkkovuoden ensimm\u00e4isen\u00e4 p\u00e4iv\u00e4n\u00e4 (1.9.). Vanhin akatistoshymni on 600-luvulla laadittu akatistos Jumalansynnytt\u00e4j\u00e4lle. Turun ortodoksisen seurakunnan jumalanpalveluskalenterissa \u201dakatistos\u201d ilman lis\u00e4tietoa tarkoittaa nimenomaan akatistosta Jumalansynnytt\u00e4j\u00e4lle. Akatistos veisataan Turun seurakunnassa noin kerran kuussa, useimmiten keskiviikkona kello&hellip; <a class=\"continue\" href=\"https:\/\/ort.fi\/turku\/akatistos\/\">Continue Reading<span> Akatistos<\/span><\/a><\/p>\n","protected":false},"author":5,"featured_media":0,"parent":0,"menu_order":0,"comment_status":"closed","ping_status":"closed","template":"","meta":{"slim_seo":{"title":"Akatistos - Turun ortodoksinen seurakunta","description":"Akatistos on seisaaltaan veisattava ylist\u00e4v\u00e4 palvelus Jumalansynnytt\u00e4j\u00e4lle, Vapahtajalle tai tietylle pyh\u00e4lle. My\u00f6s luomakunnalle on laadittu oma akatistos (ns."},"footnotes":""},"class_list":["post-641","page","type-page","status-publish"],"_links":{"self":[{"href":"https:\/\/ort.fi\/turku\/wp-json\/wp\/v2\/pages\/641","targetHints":{"allow":["GET"]}}],"collection":[{"href":"https:\/\/ort.fi\/turku\/wp-json\/wp\/v2\/pages"}],"about":[{"href":"https:\/\/ort.fi\/turku\/wp-json\/wp\/v2\/types\/page"}],"author":[{"embeddable":true,"href":"https:\/\/ort.fi\/turku\/wp-json\/wp\/v2\/users\/5"}],"replies":[{"embeddable":true,"href":"https:\/\/ort.fi\/turku\/wp-json\/wp\/v2\/comments?post=641"}],"version-history":[{"count":0,"href":"https:\/\/ort.fi\/turku\/wp-json\/wp\/v2\/pages\/641\/revisions"}],"wp:attachment":[{"href":"https:\/\/ort.fi\/turku\/wp-json\/wp\/v2\/media?parent=641"}],"curies":[{"name":"wp","href":"https:\/\/api.w.org\/{rel}","templated":true}]}}