{"id":5193,"date":"2025-02-08T11:47:32","date_gmt":"2025-02-08T09:47:32","guid":{"rendered":"https:\/\/ort.fi\/turku\/?page_id=5193"},"modified":"2026-05-05T15:03:56","modified_gmt":"2026-05-05T12:03:56","slug":"slujbele-in-limba-romana","status":"publish","type":"page","link":"https:\/\/ort.fi\/turku\/slujbele-in-limba-romana\/","title":{"rendered":"Slujbele \u00een limba rom\u00e2n\u0103"},"content":{"rendered":"\n<p class=\"has-medium-font-size\"><strong>\u00cen fiecare s\u00e2mb\u0103t\u0103<\/strong>, la ora 16:30, au loc pomenirea mor\u021bilor \u0219i parastasele, iar de la ora 17:00 se s\u0103v\u00e2r\u0219esc Vecernia \u0219i Utrenia. Vom oficia Sf\u00e2nta Liturghie\u00a0finlandezo-rom\u00e2n\u0103\u00a0la Biserica Sf\u00e2nta Aleksandra \u00een a treia duminic\u0103 a fiec\u0103rei luni. V\u0103 a\u0219tept\u0103m cu drag!\u00a0<\/p>\n\n\n\n<p class=\"has-small-font-size\">(Pot interveni modific\u0103ri minore \u00een programul slujbelor; de aceea, se recomand\u0103 consultarea periodic\u0103 a acestuia.)<\/p>\n\n\n\n<h5 class=\"wp-block-heading has-medium-font-size\"><strong><em>La Turku:<\/em><\/strong><\/h5>\n\n\n\n<p class=\"has-medium-font-size\">Duminic\u0103, 24 mai, la ora 10:00, Rusaliile (multilingv\u0103)<br>Duminic\u0103, 28 iunie, la ora 10:00, Sf\u00e2nta Liturghie (finlandez\u0103-rom\u00e2n\u0103)<br>Duminic\u0103, 19 iulie, la ora 10:00, Sf\u00e2nta Liturghie (finlandez\u0103-rom\u00e2n\u0103)<br>Duminic\u0103, 23 august, ora 10:00, Sf\u00e2nta Liturghie (finlandez\u0103-rom\u00e2n\u0103)<br>Duminic\u0103, 20 septembrie, ora 10:00, Sf\u00e2nta Liturghie (finlandez\u0103-rom\u00e2n\u0103)<br>Duminic\u0103, 11 octombrie, ora 10:00, Sf\u00e2nta Liturghie, S\u0103rb\u0103toarea Sfintei Parascheva (finlandez\u0103-rom\u00e2n\u0103)<br>Duminic\u0103, 15 noiembrie, ora 10:00, Sf\u00e2nta Liturghie (finlandez\u0103-rom\u00e2n\u0103)<br>Duminic\u0103, 20 decembrie, ora 10:00, Sf\u00e2nta Liturghie (finlandez\u0103-rom\u00e2n\u0103)<\/p>\n\n\n\n<h5 class=\"wp-block-heading has-medium-font-size\"><strong><em>La Mariehamn:<\/em><\/strong><\/h5>\n\n\n\n<p class=\"has-medium-font-size\">Duminic\u0103, 28 iunie, la ora 10:00, Sf\u00e2nta Liturghie (suedez\u0103)<br>S\u00e2mb\u0103t\u0103, 15 august, la ora 10:00, Sf\u00e2nta Liturghie, Adormirea Maicii Domnului (suedez\u0103-rom\u00e2n\u0103-ucrainean\u0103)<\/p>\n","protected":false},"excerpt":{"rendered":"<p>\u00cen fiecare s\u00e2mb\u0103t\u0103, la ora 16:30, au loc pomenirea mor\u021bilor \u0219i parastasele, iar de la ora 17:00 se s\u0103v\u00e2r\u0219esc Vecernia \u0219i Utrenia. Vom oficia Sf\u00e2nta Liturghie\u00a0finlandezo-rom\u00e2n\u0103\u00a0la Biserica Sf\u00e2nta Aleksandra \u00een a treia duminic\u0103 a fiec\u0103rei luni. V\u0103 a\u0219tept\u0103m cu drag!\u00a0 (Pot interveni modific\u0103ri minore \u00een programul slujbelor; de aceea, se recomand\u0103 consultarea periodic\u0103 a acestuia.)&hellip; <a class=\"continue\" href=\"https:\/\/ort.fi\/turku\/slujbele-in-limba-romana\/\">Continue Reading<span> Slujbele \u00een limba rom\u00e2n\u0103<\/span><\/a><\/p>\n","protected":false},"author":3,"featured_media":0,"parent":0,"menu_order":0,"comment_status":"closed","ping_status":"closed","template":"","meta":{"slim_seo":{"title":"Slujbele \u00een limba rom\u00e2n\u0103 - Turun ortodoksinen seurakunta","description":"\u00cen fiecare s\u00e2mb\u0103t\u0103 , la ora 16:30, au loc pomenirea mor\u021bilor \u0219i parastasele, iar de la ora 17:00 se s\u0103v\u00e2r\u0219esc Vecernia \u0219i Utrenia. Vom oficia Sf\u00e2nta Liturghie\u00a0f"},"footnotes":""},"class_list":["post-5193","page","type-page","status-publish"],"_links":{"self":[{"href":"https:\/\/ort.fi\/turku\/wp-json\/wp\/v2\/pages\/5193","targetHints":{"allow":["GET"]}}],"collection":[{"href":"https:\/\/ort.fi\/turku\/wp-json\/wp\/v2\/pages"}],"about":[{"href":"https:\/\/ort.fi\/turku\/wp-json\/wp\/v2\/types\/page"}],"author":[{"embeddable":true,"href":"https:\/\/ort.fi\/turku\/wp-json\/wp\/v2\/users\/3"}],"replies":[{"embeddable":true,"href":"https:\/\/ort.fi\/turku\/wp-json\/wp\/v2\/comments?post=5193"}],"version-history":[{"count":4,"href":"https:\/\/ort.fi\/turku\/wp-json\/wp\/v2\/pages\/5193\/revisions"}],"predecessor-version":[{"id":10873,"href":"https:\/\/ort.fi\/turku\/wp-json\/wp\/v2\/pages\/5193\/revisions\/10873"}],"wp:attachment":[{"href":"https:\/\/ort.fi\/turku\/wp-json\/wp\/v2\/media?parent=5193"}],"curies":[{"name":"wp","href":"https:\/\/api.w.org\/{rel}","templated":true}]}}