{"id":467,"date":"2024-04-30T11:13:29","date_gmt":"2024-04-30T08:13:29","guid":{"rendered":"https:\/\/ort.fi\/ortturkusrk\/?page_id=467"},"modified":"2024-10-26T14:06:07","modified_gmt":"2024-10-26T11:06:07","slug":"uskonnonopetus","status":"publish","type":"page","link":"https:\/\/ort.fi\/turku\/uskonnonopetus\/","title":{"rendered":"Uskonnonopetus"},"content":{"rendered":"\n<p>Opetuksen j\u00e4rjest\u00e4minen on <strong>koulun ja kaupungin\/kunnan vastuulla<\/strong>, jos kaupungissa\/kunnassa on <strong>v\u00e4hint\u00e4\u00e4n kolme<\/strong> opetusvelvollisuusi\u00e4ss\u00e4 olevaa ortodoksioppilasta.<\/p>\n\n\n\n<p>Seurakunta voi auttaa uskonnonopetuksen j\u00e4rjestelyiss\u00e4 ja siit\u00e4 tiedottamisessa, erityisesti jos uusien ekaluokkalaisten koulussa tai kunnassa ei entuudestaan ole ortodoksisen uskonnon opetusta, kun velvoite opetuksen j\u00e4rjest\u00e4misest\u00e4 ei t\u00e4yty.<\/p>\n\n\n\n<p><strong>Lis\u00e4tietoja<\/strong>: seurakuntasihteeri Leena Haapala-Lindholm (044 751 4423, turku@ort.fi)<\/p>\n\n\n\n<p>+++<\/p>\n\n\n\n<p><strong>Perustietoa uskonnonopetuksesta:<\/strong><\/p>\n\n\n\n<p>Perusopetuslain mukaan koulussa on j\u00e4rjestett\u00e4v\u00e4 ortodoksista uskonnonopetusta, jos kunnassa on v\u00e4hint\u00e4\u00e4n kolme ortodoksiseen kirkkoon kuuluvaa oppilasta. Opetuksen k\u00e4yt\u00e4nn\u00f6n j\u00e4rjestelyiss\u00e4 on kuitenkin edelleen paljon parantamisen varaa sek\u00e4 oppilaiden ett\u00e4 opettajien n\u00e4k\u00f6kulmasta katsottuna.<\/p>\n\n\n\n<p>Oman uskonnon opetukseen liittyviss\u00e4 ongelmatilanteissa vanhempien on oltava ensisijaisesti yhteydess\u00e4 opetuksesta vastaavan koulun rehtoriin. Neuvontaa antaa ja ep\u00e4kohtiin puuttuu tarvittaessa my\u00f6s kirkon kasvatus- ja koulutusp\u00e4\u00e4llikk\u00f6.<\/p>\n\n\n\n<p>Perusopetuksen opetussuunnitelman perusteiden mukaan ortodoksisen uskonnonopetuksen keskeisin teht\u00e4v\u00e4 on vahvistaa ja yll\u00e4pit\u00e4\u00e4 oppilaan ortodoksista identiteetti\u00e4. Sill\u00e4 pyrit\u00e4\u00e4n tarjoamaan tietojen, taitojen ja kokemisen kautta aineksia oppilaan oman maailmankatsomuksen rakentamiseen ja eettisesti vastuuntuntoiseksi ihmiseksi kasvamiseen.<\/p>\n\n\n\n<p><em>L\u00e4hde: ort.fi<\/em><\/p>\n","protected":false},"excerpt":{"rendered":"<p>Opetuksen j\u00e4rjest\u00e4minen on koulun ja kaupungin\/kunnan vastuulla, jos kaupungissa\/kunnassa on v\u00e4hint\u00e4\u00e4n kolme opetusvelvollisuusi\u00e4ss\u00e4 olevaa ortodoksioppilasta. Seurakunta voi auttaa uskonnonopetuksen j\u00e4rjestelyiss\u00e4 ja siit\u00e4 tiedottamisessa, erityisesti jos uusien ekaluokkalaisten koulussa tai kunnassa ei entuudestaan ole ortodoksisen uskonnon opetusta, kun velvoite opetuksen j\u00e4rjest\u00e4misest\u00e4 ei t\u00e4yty. Lis\u00e4tietoja: seurakuntasihteeri Leena Haapala-Lindholm (044 751 4423, turku@ort.fi) +++ Perustietoa uskonnonopetuksesta: Perusopetuslain mukaan&hellip; <a class=\"continue\" href=\"https:\/\/ort.fi\/turku\/uskonnonopetus\/\">Continue Reading<span> Uskonnonopetus<\/span><\/a><\/p>\n","protected":false},"author":3,"featured_media":0,"parent":0,"menu_order":0,"comment_status":"closed","ping_status":"closed","template":"","meta":{"slim_seo":{"title":"Uskonnonopetus - Turun ortodoksinen seurakunta","description":"Opetuksen j\u00e4rjest\u00e4minen on koulun ja kaupungin\/kunnan vastuulla , jos kaupungissa\/kunnassa on v\u00e4hint\u00e4\u00e4n kolme opetusvelvollisuusi\u00e4ss\u00e4 olevaa ortodoksioppilasta."},"footnotes":""},"class_list":["post-467","page","type-page","status-publish"],"_links":{"self":[{"href":"https:\/\/ort.fi\/turku\/wp-json\/wp\/v2\/pages\/467","targetHints":{"allow":["GET"]}}],"collection":[{"href":"https:\/\/ort.fi\/turku\/wp-json\/wp\/v2\/pages"}],"about":[{"href":"https:\/\/ort.fi\/turku\/wp-json\/wp\/v2\/types\/page"}],"author":[{"embeddable":true,"href":"https:\/\/ort.fi\/turku\/wp-json\/wp\/v2\/users\/3"}],"replies":[{"embeddable":true,"href":"https:\/\/ort.fi\/turku\/wp-json\/wp\/v2\/comments?post=467"}],"version-history":[{"count":0,"href":"https:\/\/ort.fi\/turku\/wp-json\/wp\/v2\/pages\/467\/revisions"}],"wp:attachment":[{"href":"https:\/\/ort.fi\/turku\/wp-json\/wp\/v2\/media?parent=467"}],"curies":[{"name":"wp","href":"https:\/\/api.w.org\/{rel}","templated":true}]}}