{"id":4597,"date":"2025-01-02T20:44:23","date_gmt":"2025-01-02T18:44:23","guid":{"rendered":"https:\/\/ort.fi\/ortturkusrk\/?page_id=4597"},"modified":"2026-02-05T11:09:38","modified_gmt":"2026-02-05T09:09:38","slug":"vuoden-2025-seurakunnanneuvoston-poytakirjat","status":"publish","type":"page","link":"https:\/\/ort.fi\/turku\/vuoden-2025-seurakunnanneuvoston-poytakirjat\/","title":{"rendered":"Vuoden 2025 seurakunnanneuvoston p\u00f6yt\u00e4kirjat"},"content":{"rendered":"\n<p class=\"has-medium-font-size\"><a href=\"https:\/\/ort.fi\/turku\/wp-content\/uploads\/2025\/12\/Neuvosto_10_2025_pk.pdf\">Seurakunnanneuvoston p\u00f6yt\u00e4kirja 9.12.2025<\/a><\/p>\n\n\n\n<p class=\"has-medium-font-size\"><a href=\"https:\/\/ort.fi\/turku\/wp-content\/uploads\/2025\/10\/Neuvosto_9_2025_pk.pdf\">Seurakunnanneuvoston p\u00f6yt\u00e4kirja 27.10.2025 <\/a><\/p>\n\n\n\n<p class=\"has-medium-font-size\"><a href=\"https:\/\/ort.fi\/turku\/wp-content\/uploads\/2025\/10\/Neuvosto_8_2025_poytakirja_sahkopostikokous_Tarkastettu.pdf\">Seurakunnanneuvoston p\u00f6yt\u00e4kirja 1.10.2025 klo 09.00 &#8211; 3.10.2025 klo 10<\/a><\/p>\n\n\n\n<p class=\"has-medium-font-size\"><a href=\"https:\/\/ort.fi\/turku\/wp-content\/uploads\/2025\/09\/Neuvosto_7_2025_pk.pdf\">Seurakunnanneuvoston p\u00f6yt\u00e4kirja 22.9.2025<\/a><\/p>\n\n\n\n<p class=\"has-medium-font-size\"><a href=\"https:\/\/ort.fi\/turku\/wp-content\/uploads\/2025\/08\/Neuvosto_6_2025_pk.pdf\">Seurakunnanneuvoston p\u00f6yt\u00e4kirja 25.8.2025<\/a><\/p>\n\n\n\n<p class=\"has-medium-font-size\"><a href=\"https:\/\/ort.fi\/turku\/wp-content\/uploads\/2025\/05\/Neuvosto_5_2025_pk.pdf\">Seurakunnanneuvoston p\u00f6yt\u00e4kirja 27.5.2025<\/a><\/p>\n\n\n\n<p class=\"has-medium-font-size\"><a href=\"https:\/\/ort.fi\/turku\/wp-content\/uploads\/2025\/04\/Neuvosto_4_2025_pk.pdf\" target=\"_blank\" rel=\"noreferrer noopener\">Seurakunnanneuvoston p\u00f6yt\u00e4kirja 28.4.2025<\/a><\/p>\n\n\n\n<p class=\"has-medium-font-size\"><a href=\"https:\/\/ort.fi\/turku\/wp-content\/uploads\/2025\/03\/Neuvosto_3_2025_pk.pdf\" target=\"_blank\" rel=\"noreferrer noopener\">Seurakunnanneuvoston p\u00f6yt\u00e4kirja 24.3.2025<\/a><\/p>\n\n\n\n<p class=\"has-medium-font-size\"><a href=\"https:\/\/ort.fi\/turku\/wp-content\/uploads\/2025\/02\/Neuvosto_2_2025_pk.pdf\" target=\"_blank\" rel=\"noreferrer noopener\">Seurakunnanneuvoston p\u00f6yt\u00e4kirja 24.2.2024<\/a><\/p>\n\n\n\n<p class=\"has-medium-font-size\"><a href=\"https:\/\/ort.fi\/turku\/wp-content\/uploads\/2025\/01\/Neuvosto_1_2025_pk.pdf\" target=\"_blank\" rel=\"noreferrer noopener\">Seurakunnanneuvoston p\u00f6yt\u00e4kirja 27.1.2025<\/a><\/p>\n\n\n\n<p><\/p>\n","protected":false},"excerpt":{"rendered":"<p>Seurakunnanneuvoston p\u00f6yt\u00e4kirja 9.12.2025 Seurakunnanneuvoston p\u00f6yt\u00e4kirja 27.10.2025 Seurakunnanneuvoston p\u00f6yt\u00e4kirja 1.10.2025 klo 09.00 &#8211; 3.10.2025 klo 10 Seurakunnanneuvoston p\u00f6yt\u00e4kirja 22.9.2025 Seurakunnanneuvoston p\u00f6yt\u00e4kirja 25.8.2025 Seurakunnanneuvoston p\u00f6yt\u00e4kirja 27.5.2025 Seurakunnanneuvoston p\u00f6yt\u00e4kirja 28.4.2025 Seurakunnanneuvoston p\u00f6yt\u00e4kirja 24.3.2025 Seurakunnanneuvoston p\u00f6yt\u00e4kirja 24.2.2024 Seurakunnanneuvoston p\u00f6yt\u00e4kirja 27.1.2025<\/p>\n","protected":false},"author":3,"featured_media":0,"parent":0,"menu_order":0,"comment_status":"closed","ping_status":"closed","template":"","meta":{"slim_seo":{"title":"Vuoden 2025 seurakunnanneuvoston p\u00f6yt\u00e4kirjat - Turun ortodoksinen seurakunta","description":"Seurakunnanneuvoston p\u00f6yt\u00e4kirja 9.12.2025 Seurakunnanneuvoston p\u00f6yt\u00e4kirja 27.10.2025 Seurakunnanneuvoston p\u00f6yt\u00e4kirja 1.10.2025 klo 09.00 - 3.10.2025 klo 10 Seur"},"footnotes":""},"class_list":["post-4597","page","type-page","status-publish"],"_links":{"self":[{"href":"https:\/\/ort.fi\/turku\/wp-json\/wp\/v2\/pages\/4597","targetHints":{"allow":["GET"]}}],"collection":[{"href":"https:\/\/ort.fi\/turku\/wp-json\/wp\/v2\/pages"}],"about":[{"href":"https:\/\/ort.fi\/turku\/wp-json\/wp\/v2\/types\/page"}],"author":[{"embeddable":true,"href":"https:\/\/ort.fi\/turku\/wp-json\/wp\/v2\/users\/3"}],"replies":[{"embeddable":true,"href":"https:\/\/ort.fi\/turku\/wp-json\/wp\/v2\/comments?post=4597"}],"version-history":[{"count":4,"href":"https:\/\/ort.fi\/turku\/wp-json\/wp\/v2\/pages\/4597\/revisions"}],"predecessor-version":[{"id":9201,"href":"https:\/\/ort.fi\/turku\/wp-json\/wp\/v2\/pages\/4597\/revisions\/9201"}],"wp:attachment":[{"href":"https:\/\/ort.fi\/turku\/wp-json\/wp\/v2\/media?parent=4597"}],"curies":[{"name":"wp","href":"https:\/\/api.w.org\/{rel}","templated":true}]}}