{"id":397,"date":"2024-04-30T10:33:32","date_gmt":"2024-04-30T07:33:32","guid":{"rendered":"https:\/\/ort.fi\/ortturkusrk\/?page_id=397"},"modified":"2025-02-01T13:48:30","modified_gmt":"2025-02-01T11:48:30","slug":"saavutettavuus","status":"publish","type":"page","link":"https:\/\/ort.fi\/turku\/saavutettavuus\/","title":{"rendered":"Saavutettavuus"},"content":{"rendered":"\n<p>T\u00e4m\u00e4 saavutettavuusseloste koskee ort.fi\/turku -sivustoa. Seloste on laadittu 01.02.2025. Palvelua koskee laki digitaalisten palvelujen tarjoamisesta, jossa edellytet\u00e4\u00e4n, ett\u00e4 julkisten verkkopalvelujen on oltava saavutettavia.<\/p>\n\n\n\n<p>Olemme arvioineet palvelun saavutettavuuden itse.<\/p>\n\n\n\n<p>Digipalvelun saavutettavuuden tila.<\/p>\n\n\n\n<p>Ei saavutettava sis\u00e4lt\u00f6<\/p>\n\n\n\n<p>3. Verkkosivusto ei ole viel\u00e4 kaikilta osin vaatimusten mukainen<\/p>\n\n\n\n<p><strong>Havaittava: Kuvatekstit puutteelliset<\/strong><\/p>\n\n\n\n<p>Saavuttamaton sis\u00e4lt\u00f6 ja sen puutteet<\/p>\n\n\n\n<p><strong>Kuvatekstit ja kuvailutulkkaukset osittain puutteelliset<\/strong><\/p>\n\n\n\n<p>Saavutettavuusvaatimukset jotka eiv\u00e4t t\u00e4yty:<\/p>\n\n\n\n<ul class=\"wp-block-list\">\n<li>\n<ul class=\"wp-block-list\">\n<li>1.2.2 Tekstitys (tallennettu)<\/li>\n\n\n\n<li>1.2.3 Kuvailutulkkaus tai mediavastine (tallennettu)<\/li>\n<\/ul>\n<\/li>\n<\/ul>\n\n\n\n<p><strong>Havaittava: Kontrastit puutteellisia<\/strong><\/p>\n\n\n\n<p>Saavuttamaton sis\u00e4lt\u00f6 ja sen puutteet<\/p>\n\n\n\n<p><strong>Elementin v\u00e4rikontrastit ovat riitt\u00e4m\u00e4tt\u00f6mi\u00e4<\/strong><\/p>\n\n\n\n<p>Saavutettavuusvaatimukset jotka eiv\u00e4t t\u00e4yty:<\/p>\n\n\n\n<ul class=\"wp-block-list\">\n<li>\n<ul class=\"wp-block-list\">\n<li>1.4.3 Kontrasti (minimi) AA<\/li>\n<\/ul>\n<\/li>\n<\/ul>\n\n\n\n<p><strong>Huomasitko saavutettavuuspuutteen digipalvelussamme? Kerro se meille, teemme parhaamme puutteen korjaamiseksi<\/strong><\/p>\n\n\n\n<p>S\u00e4hk\u00f6postilla<\/p>\n\n\n\n<p>Voit antaa palautetta s\u00e4hk\u00f6postitse osoitteeseen\u00a0<a href=\"mailto:viestinta@ort.fi\">turku@ort.fi<\/a><\/p>\n\n\n\n<p>Valvontaviranomainen<\/p>\n\n\n\n<p>Jos huomaat sivustolla saavutettavuusongelmia, anna ensin palautetta meille eli sivuston yll\u00e4pit\u00e4j\u00e4lle. Vastauksessa voi menn\u00e4 14 p\u00e4iv\u00e4\u00e4. Jos et ole tyytyv\u00e4inen saamaasi vastaukseen tai et saa vastausta lainkaan kahden viikon aikana,\u00a0<a href=\"https:\/\/www.saavutettavuusvaatimukset.fi\/fi\/kayttajan-oikeudet\/tee-saavutettavuuskantelu-tai-pyyda-selvitysta\" target=\"_blank\" rel=\"noreferrer noopener\">voit tehd\u00e4 ilmoituksen t\u00e4\u00e4ll\u00e4<\/a>.<\/p>\n\n\n\n<p><strong>Valvontaviranomaisen yhteystiedot<\/strong><\/p>\n\n\n\n<p>Liikenne- ja viestint\u00e4virasto Traficom<\/p>\n\n\n\n<p>Digitaalisen esteett\u00f6myyden ja saavutettavuuden valvontayksikk\u00f6 PL 320<\/p>\n\n\n\n<p>00059 TRAFICOM<\/p>\n\n\n\n<p>www.saavutettavuusvaatimukset.fi<\/p>\n\n\n\n<p>saavutettavuus(at)traficom.fi<\/p>\n\n\n\n<p>Puhelinnumero vaihde: 029 534 5000<\/p>\n\n\n\n<p>Teemme jatkuvasti ty\u00f6t\u00e4 saavutettavuuden parantamiseksi<\/p>\n\n\n\n<p>Digipalveluistamme on tehty saavutettavuusarviointi, jota p\u00e4ivitet\u00e4\u00e4n s\u00e4\u00e4nn\u00f6llisesti aina kun sivustolle tehd\u00e4\u00e4n muutoksia.<\/p>\n\n\n\n<p>Olemme sitoutuneet digipalveluiden saavutettavuuden parantamiseen<\/p>\n\n\n\n<p>Saavutettavuus huomioidaan sivuston jatkokehityksess\u00e4. <\/p>\n\n\n\n<p>Tarjoamme tukea k\u00e4ytt\u00e4jille joille digipalvelut eiv\u00e4t ole saavutettavissa<\/p>\n\n\n\n<p>Tukea saa useilla tavoilla.<\/p>\n\n\n\n<p>Puhelimitse: Ioannis Lampropoulos, kirkkoherra, 050 357 3675. Leena Haapala-Lindholm, seurakuntasihteeri, 044 751 4423.<\/p>\n\n\n\n<p>S\u00e4hk\u00f6postitse:\u00a0<a href=\"mailto:viestinta@ort.fi\">turku@ort.fi<\/a><\/p>\n\n\n\n<p><\/p>\n","protected":false},"excerpt":{"rendered":"<p>T\u00e4m\u00e4 saavutettavuusseloste koskee ort.fi\/turku -sivustoa. Seloste on laadittu 01.02.2025. Palvelua koskee laki digitaalisten palvelujen tarjoamisesta, jossa edellytet\u00e4\u00e4n, ett\u00e4 julkisten verkkopalvelujen on oltava saavutettavia. Olemme arvioineet palvelun saavutettavuuden itse. Digipalvelun saavutettavuuden tila. Ei saavutettava sis\u00e4lt\u00f6 3. Verkkosivusto ei ole viel\u00e4 kaikilta osin vaatimusten mukainen Havaittava: Kuvatekstit puutteelliset Saavuttamaton sis\u00e4lt\u00f6 ja sen puutteet Kuvatekstit ja kuvailutulkkaukset osittain&hellip; <a class=\"continue\" href=\"https:\/\/ort.fi\/turku\/saavutettavuus\/\">Continue Reading<span> Saavutettavuus<\/span><\/a><\/p>\n","protected":false},"author":3,"featured_media":0,"parent":0,"menu_order":0,"comment_status":"closed","ping_status":"closed","template":"","meta":{"slim_seo":{"title":"Saavutettavuus - Turun ortodoksinen seurakunta","description":"T\u00e4m\u00e4 saavutettavuusseloste koskee ort.fi\/turku -sivustoa. Seloste on laadittu 01.02.2025. Palvelua koskee laki digitaalisten palvelujen tarjoamisesta, jossa ede"},"footnotes":""},"class_list":["post-397","page","type-page","status-publish"],"_links":{"self":[{"href":"https:\/\/ort.fi\/turku\/wp-json\/wp\/v2\/pages\/397","targetHints":{"allow":["GET"]}}],"collection":[{"href":"https:\/\/ort.fi\/turku\/wp-json\/wp\/v2\/pages"}],"about":[{"href":"https:\/\/ort.fi\/turku\/wp-json\/wp\/v2\/types\/page"}],"author":[{"embeddable":true,"href":"https:\/\/ort.fi\/turku\/wp-json\/wp\/v2\/users\/3"}],"replies":[{"embeddable":true,"href":"https:\/\/ort.fi\/turku\/wp-json\/wp\/v2\/comments?post=397"}],"version-history":[{"count":0,"href":"https:\/\/ort.fi\/turku\/wp-json\/wp\/v2\/pages\/397\/revisions"}],"wp:attachment":[{"href":"https:\/\/ort.fi\/turku\/wp-json\/wp\/v2\/media?parent=397"}],"curies":[{"name":"wp","href":"https:\/\/api.w.org\/{rel}","templated":true}]}}