{"id":377,"date":"2024-04-30T10:32:08","date_gmt":"2024-04-30T07:32:08","guid":{"rendered":"https:\/\/ort.fi\/ortturkusrk\/?page_id=377"},"modified":"2024-12-16T19:43:51","modified_gmt":"2024-12-16T17:43:51","slug":"yleista-seurakunnan-hallinnosta","status":"publish","type":"page","link":"https:\/\/ort.fi\/turku\/yleista-seurakunnan-hallinnosta\/","title":{"rendered":"Yleist\u00e4 seurakunnan hallinnosta"},"content":{"rendered":"\n<p>Suomen ortodoksisen kirkon seurakunnissa ylint\u00e4 p\u00e4\u00e4t\u00f6svaltaa k\u00e4ytt\u00e4\u00e4 vaaleilla nelivuotiselle toimikaudelle valittu seurakunnanvaltuusto. Seurakunnanvaltuuston kokoukset ovat julkisia.<\/p>\n\n\n\n<p>Seurakunnanvaltuusto valitsee seurakunnalle oman toimikautensa ajaksi seurakunnanneuvoston, jonka teht\u00e4v\u00e4n\u00e4 on edist\u00e4\u00e4 seurakunnan hengellist\u00e4 el\u00e4m\u00e4\u00e4, vastata seurakunnan hallinnosta ja taloudenhoidosta sek\u00e4 seurakunnanvaltuuston p\u00e4\u00e4t\u00f6sten valmistelusta, laillisuuden valvonnasta ja t\u00e4yt\u00e4nt\u00f6\u00f6npanosta. Lis\u00e4ksi seurakunnanneuvosto valvoo seurakunnan etua, edustaa seurakuntaa ja k\u00e4ytt\u00e4\u00e4 sen puhevaltaa, jollei laissa tai kirkkoj\u00e4rjestyksess\u00e4 toisin s\u00e4\u00e4det\u00e4.<\/p>\n\n\n\n<p>Seurakunnanvaltuusto valitsee lis\u00e4ksi j\u00e4senet seurakunnan lautakuntiin \u2013 joista lakis\u00e4\u00e4teisi\u00e4 ovat kiinteist\u00f6- ja vaalilautakunta \u2013 koko nelivuotisen toimikauden ajaksi. Mik\u00e4li seurakunnassa on kappeliseurakunta, valtuusto valitsee my\u00f6s kappelineuvoston j\u00e4senet.<\/p>\n\n\n\n<p>Edelleen seurakunnanvaltuusto valitsee seurakunnan tilintarkastajat, pyh\u00e4k\u00f6iden is\u00e4nn\u00f6itsij\u00e4t ja edustajat hiippakuntaneuvostoon. <\/p>\n\n\n\n<p>Turun ortodoksisen seurakunnan seurakunnanvaltuuston j\u00e4senet kaudelle 2024-2027 ovat: Florea Maria, Harikkala-Laihinen Riikka, (varapuheenjohtaja), Kaari Tapio, Koponen Riitta, Kulmala Kalle, Kuusela Maisa (varapuheenjohtaja), Lampropoulos Ioannis (kirkkoherra), Lehtinen Leena, Nikolaev Kirill, Ojanen Tarja, Oksa Valtteri, Rantanen Veera, Ratilainen Niina, Sigfridsson Lenni, Viitaniemi Vesa (puheenjohtaja), Ylinen Mikko.<\/p>\n\n\n\n<p>Turun ortodoksisen seurakunnanneuvoston j\u00e4senet kaudelle 2024-2027 ovat: Raija Kivim\u00e4ki, Mauno S\u00e4rkk\u00e4, Hannele Kontsas-V\u00e4h\u00e4silta, Anna-Leena Maunila, Lenni Sigfridsson (varapuheenjohtaja), Kalle Kulmala ja Jyri Luonila. Lis\u00e4ksi seurakunnan neuvoston j\u00e4senin\u00e4 ovat kirkkoherra Ioannis Lampropoulos (puheenjohtaja) ja p\u00e4\u00e4kirkon is\u00e4nn\u00f6itsij\u00e4 Kaisa Ivaska-Papaioannou.<\/p>\n\n\n\n<p>Turun ortodoksisen seurakunnan kiinteist\u00f6lautakunnan j\u00e4senet kaudelle 2024-2027 ovat: Jorma Oksman, Tapio Kaari, Veera Rantanen, Kirill Nikolaev<\/p>\n\n\n\n<p>Turun ortodoksisen seurakunnan kirkkojen ja rukoushuoneiden is\u00e4nn\u00f6itsij\u00e4t ovat Turun Pyh\u00e4n Aleksandran kirkko Kaisa Ivaska-Papaioannou, Salon tsasouna Valtteri Oksa ja Rauman rukoushuone Jani Varjo<\/p>\n\n\n\n<p>Turun ortodoksisen seurakunnan vaalilautakunnan j\u00e4senet kaudelle 2024-2027 ovat: Marianna L\u00e4nne, Maria Florea ja Otto P\u00e4rssinen. Kirkkoherra itseoikeutettuna j\u00e4senen\u00e4 vaalilautakunnassa.<\/p>\n\n\n\n<p>Luottamushenkil\u00f6iden edustaja hiippakuntaneuvostoon kaudelle 2024-2027 on Vesa Viitaniemi<\/p>\n\n\n\n<p>Turun ortodoksisen seurakunnan varsinaiset tilintarkastajat kaudelle 2024-2027 ovat tilintarkastajat BDO Audiatorilta JHT, HT Vesa Keso ja JHT HT Mark Lassfolk. Varatilintarkastajat ovat BDO Audiatorin tilintarkastusyhteis\u00f6 ja Jorma Kilpel\u00e4inen (ort. srk).<\/p>\n\n\n\n<p>L\u00e4hde: osittain ort.fi <\/p>\n","protected":false},"excerpt":{"rendered":"<p>Suomen ortodoksisen kirkon seurakunnissa ylint\u00e4 p\u00e4\u00e4t\u00f6svaltaa k\u00e4ytt\u00e4\u00e4 vaaleilla nelivuotiselle toimikaudelle valittu seurakunnanvaltuusto. Seurakunnanvaltuuston kokoukset ovat julkisia. Seurakunnanvaltuusto valitsee seurakunnalle oman toimikautensa ajaksi seurakunnanneuvoston, jonka teht\u00e4v\u00e4n\u00e4 on edist\u00e4\u00e4 seurakunnan hengellist\u00e4 el\u00e4m\u00e4\u00e4, vastata seurakunnan hallinnosta ja taloudenhoidosta sek\u00e4 seurakunnanvaltuuston p\u00e4\u00e4t\u00f6sten valmistelusta, laillisuuden valvonnasta ja t\u00e4yt\u00e4nt\u00f6\u00f6npanosta. Lis\u00e4ksi seurakunnanneuvosto valvoo seurakunnan etua, edustaa seurakuntaa ja k\u00e4ytt\u00e4\u00e4 sen puhevaltaa, jollei&hellip; <a class=\"continue\" href=\"https:\/\/ort.fi\/turku\/yleista-seurakunnan-hallinnosta\/\">Continue Reading<span> Yleist\u00e4 seurakunnan hallinnosta<\/span><\/a><\/p>\n","protected":false},"author":3,"featured_media":0,"parent":0,"menu_order":0,"comment_status":"closed","ping_status":"closed","template":"","meta":{"slim_seo":{"title":"Yleist\u00e4 seurakunnan hallinnosta - Turun ortodoksinen seurakunta","description":"Suomen ortodoksisen kirkon seurakunnissa ylint\u00e4 p\u00e4\u00e4t\u00f6svaltaa k\u00e4ytt\u00e4\u00e4 vaaleilla nelivuotiselle toimikaudelle valittu seurakunnanvaltuusto. Seurakunnanvaltuuston"},"footnotes":""},"class_list":["post-377","page","type-page","status-publish"],"_links":{"self":[{"href":"https:\/\/ort.fi\/turku\/wp-json\/wp\/v2\/pages\/377","targetHints":{"allow":["GET"]}}],"collection":[{"href":"https:\/\/ort.fi\/turku\/wp-json\/wp\/v2\/pages"}],"about":[{"href":"https:\/\/ort.fi\/turku\/wp-json\/wp\/v2\/types\/page"}],"author":[{"embeddable":true,"href":"https:\/\/ort.fi\/turku\/wp-json\/wp\/v2\/users\/3"}],"replies":[{"embeddable":true,"href":"https:\/\/ort.fi\/turku\/wp-json\/wp\/v2\/comments?post=377"}],"version-history":[{"count":0,"href":"https:\/\/ort.fi\/turku\/wp-json\/wp\/v2\/pages\/377\/revisions"}],"wp:attachment":[{"href":"https:\/\/ort.fi\/turku\/wp-json\/wp\/v2\/media?parent=377"}],"curies":[{"name":"wp","href":"https:\/\/api.w.org\/{rel}","templated":true}]}}