{"id":3361,"date":"2024-12-07T19:39:05","date_gmt":"2024-12-07T17:39:05","guid":{"rendered":"https:\/\/ort.fi\/ortturkusrk\/?page_id=3361"},"modified":"2025-01-15T10:16:44","modified_gmt":"2025-01-15T08:16:44","slug":"parohia-ortodoxa-turku","status":"publish","type":"page","link":"https:\/\/ort.fi\/turku\/parohia-ortodoxa-turku\/","title":{"rendered":"Parohia ortodox\u0103 Turku"},"content":{"rendered":"\n<p>Biserica Ortodox\u0103 Finlandez\u0103 sluje\u0219te to\u021bi membrii Bisericii Ortodoxe care locuiesc \u00een Finlanda, indiferent de limba matern\u0103 \u0219i na\u021bionalitatea lor. Biserica Ortodox\u0103 Finlandez\u0103 func\u021bioneaz\u0103 din 1923 in leg\u0103tur\u0103 cu Patriarhia Ecumenica a Constantinopolului.\u00a0<\/p>\n\n\n\n<p>Parohia func\u021bioneaz\u0103 \u00een sud-vestul Finlandei, Satakunta \u0219i \u00c5land. <\/p>\n\n\n\n<p>Locui\u021bi \u00een zona parohial\u0103 dac\u0103 municipiul dumneavoastr\u0103 de re\u0219edin\u021b\u0103 este Aura, Br\u00e4nd\u00f6, Ecker\u00f6, Eura, Finstr\u00f6m, F\u00f6gl\u00f6, Geta, Hammarland, Harjavalta, Huittinen, Jomala, Kaarina, Kimito, Kokem\u00e4ki, Koski, Kumlinge, Kustavi, K\u00f6kar, Laitila, Lemland, Lieto, Loimaa, Lumparland, Mariehamn, Marttilil a, Masku, Myn\u00e4m\u00e4ki, Naantali, Nousiainen, Orip\u00e4\u00e4, Paimio, Pargas, Punkalaidun, Pyh\u00e4ranta, P\u00f6yty\u00e4, Raisio, Rauma, Rusko, Salo, Saltvik, Sauvo, Sottunga, Sund, S\u00e4kyl\u00e4, Taivassalo, Turku, Uusikaupunki, V\u00e5rd\u00f6 sau Vehmaa.&nbsp;<\/p>\n\n\n\n<p><\/p>\n","protected":false},"excerpt":{"rendered":"<p>Biserica Ortodox\u0103 Finlandez\u0103 sluje\u0219te to\u021bi membrii Bisericii Ortodoxe care locuiesc \u00een Finlanda, indiferent de limba matern\u0103 \u0219i na\u021bionalitatea lor. Biserica Ortodox\u0103 Finlandez\u0103 func\u021bioneaz\u0103 din 1923 in leg\u0103tur\u0103 cu Patriarhia Ecumenica a Constantinopolului.\u00a0 Parohia func\u021bioneaz\u0103 \u00een sud-vestul Finlandei, Satakunta \u0219i \u00c5land. Locui\u021bi \u00een zona parohial\u0103 dac\u0103 municipiul dumneavoastr\u0103 de re\u0219edin\u021b\u0103 este Aura, Br\u00e4nd\u00f6, Ecker\u00f6, Eura, Finstr\u00f6m,&hellip; <a class=\"continue\" href=\"https:\/\/ort.fi\/turku\/parohia-ortodoxa-turku\/\">Continue Reading<span> Parohia ortodox\u0103 Turku<\/span><\/a><\/p>\n","protected":false},"author":13,"featured_media":0,"parent":0,"menu_order":0,"comment_status":"closed","ping_status":"closed","template":"","meta":{"slim_seo":{"title":"Parohia ortodox\u0103 Turku - Turun ortodoksinen seurakunta","description":"Biserica Ortodox\u0103 Finlandez\u0103 sluje\u0219te to\u021bi membrii Bisericii Ortodoxe care locuiesc \u00een Finlanda, indiferent de limba matern\u0103 \u0219i na\u021bionalitatea lor. Biserica Ort"},"footnotes":""},"class_list":["post-3361","page","type-page","status-publish"],"_links":{"self":[{"href":"https:\/\/ort.fi\/turku\/wp-json\/wp\/v2\/pages\/3361","targetHints":{"allow":["GET"]}}],"collection":[{"href":"https:\/\/ort.fi\/turku\/wp-json\/wp\/v2\/pages"}],"about":[{"href":"https:\/\/ort.fi\/turku\/wp-json\/wp\/v2\/types\/page"}],"author":[{"embeddable":true,"href":"https:\/\/ort.fi\/turku\/wp-json\/wp\/v2\/users\/13"}],"replies":[{"embeddable":true,"href":"https:\/\/ort.fi\/turku\/wp-json\/wp\/v2\/comments?post=3361"}],"version-history":[{"count":0,"href":"https:\/\/ort.fi\/turku\/wp-json\/wp\/v2\/pages\/3361\/revisions"}],"wp:attachment":[{"href":"https:\/\/ort.fi\/turku\/wp-json\/wp\/v2\/media?parent=3361"}],"curies":[{"name":"wp","href":"https:\/\/api.w.org\/{rel}","templated":true}]}}