{"id":3105,"date":"2024-12-01T15:14:24","date_gmt":"2024-12-01T13:14:24","guid":{"rendered":"https:\/\/ort.fi\/ortturkusrk\/?page_id=3105"},"modified":"2025-11-10T17:01:39","modified_gmt":"2025-11-10T15:01:39","slug":"%d0%bd%d0%be%d0%b2%d0%b8%d0%bd%d0%b8-%d1%82%d0%b0-%d1%81%d0%be%d1%86%d1%96%d0%b0%d0%bb%d1%8c%d0%bd%d1%96-%d0%bc%d0%b5%d1%80%d0%b5%d0%b6%d1%96","status":"publish","type":"page","link":"https:\/\/ort.fi\/turku\/%d0%bd%d0%be%d0%b2%d0%b8%d0%bd%d0%b8-%d1%82%d0%b0-%d1%81%d0%be%d1%86%d1%96%d0%b0%d0%bb%d1%8c%d0%bd%d1%96-%d0%bc%d0%b5%d1%80%d0%b5%d0%b6%d1%96\/","title":{"rendered":"\u041d\u043e\u0432\u0438\u043d\u0438"},"content":{"rendered":"\n<h5 class=\"wp-block-heading\"><strong><em>\u041d\u043e\u0432\u0438\u043d\u0438 <\/em><\/strong><\/h5>\n\n\n<ul class=\"wp-block-latest-posts__list has-dates wp-block-latest-posts\"><li><div class=\"wp-block-latest-posts__featured-image alignleft\"><img loading=\"lazy\" decoding=\"async\" width=\"225\" height=\"300\" src=\"https:\/\/ort.fi\/turku\/wp-content\/uploads\/2026\/04\/WhatsApp-Image-2026-04-09-at-21.13.42-225x300.jpeg\" class=\"attachment-medium size-medium wp-post-image\" alt=\"WhatsApp Image 2026 04 09 at 21.13.42\" style=\"\" srcset=\"https:\/\/ort.fi\/turku\/wp-content\/uploads\/2026\/04\/WhatsApp-Image-2026-04-09-at-21.13.42-225x300.jpeg 225w, https:\/\/ort.fi\/turku\/wp-content\/uploads\/2026\/04\/WhatsApp-Image-2026-04-09-at-21.13.42-768x1024.jpeg 768w, https:\/\/ort.fi\/turku\/wp-content\/uploads\/2026\/04\/WhatsApp-Image-2026-04-09-at-21.13.42-1152x1536.jpeg 1152w, https:\/\/ort.fi\/turku\/wp-content\/uploads\/2026\/04\/WhatsApp-Image-2026-04-09-at-21.13.42-e1775798223548.jpeg 400w\" sizes=\"auto, (max-width: 225px) 100vw, 225px\" \/><\/div><a class=\"wp-block-latest-posts__post-title\" href=\"https:\/\/ort.fi\/turku\/2026\/04\/10\/%d1%81%d0%b2%d1%8f%d1%89%d0%b5%d0%bd%d0%bd%d0%b8%d0%ba-%d0%b7-%d1%83%d0%ba%d1%80%d0%b0%d1%97%d0%bd%d0%b8-%d0%b2-%d0%bf%d1%80%d0%b0%d0%b2%d0%be%d1%81%d0%bb%d0%b0%d0%b2%d0%bd%d1%96%d0%b9-%d0%bf%d0%b0\/\">\u0421\u0432\u044f\u0449\u0435\u043d\u043d\u0438\u043a \u0437 \u0423\u043a\u0440\u0430\u0457\u043d\u0438 \u0432 \u041f\u0440\u0430\u0432\u043e\u0441\u043b\u0430\u0432\u043d\u0456\u0439 \u043f\u0430\u0440\u0430\u0444\u0456\u0457 \u043c\u0456\u0441\u0442\u0430 \u0422\u0443\u0440\u043a\u0443<\/a><time datetime=\"2026-04-10T08:17:35+03:00\" class=\"wp-block-latest-posts__post-date\">10.4.2026<\/time><div class=\"wp-block-latest-posts__post-excerpt\">\u0423 \u0434\u043d\u0456 \u0412\u0435\u043b\u0438\u043a\u043e\u0433\u043e \u043f\u043e\u0441\u0442\u0443, \u0430 \u043e\u0441\u043e\u0431\u043b\u0438\u0432\u043e \u0421\u0442\u0440\u0430\u0441\u043d\u043e\u0433\u043e \u0442\u0438\u0436\u043d\u044f, \u043b\u044e\u0434\u0438\u043d\u0430 \u043e\u0441\u043e\u0431\u043b\u0438\u0432\u043e \u043f\u043e\u0442\u0440\u0435\u0431\u0443\u0454 \u0442\u0438\u0448\u0456, \u043c\u043e\u043b\u0438\u0442\u0432\u0438 \u0442\u0430 \u0433\u043b\u0438\u0431\u0448\u043e\u0433\u043e \u043f\u0435\u0440\u0435\u043e\u0441\u043c\u0438\u0441\u043b\u0435\u043d\u043d\u044f \u0441\u0432\u043e\u0433\u043e \u0436\u0438\u0442\u0442\u044f. \u0421\u0430\u043c\u0435 \u0432 \u0446\u0435\u0439 \u0447\u0430\u0441 \u0432\u0430\u0436\u043b\u0438\u0432\u043e \u043c\u0430\u0442\u0438 \u043c\u043e\u0436\u043b\u0438\u0432\u0456\u0441\u0442\u044c \u043f\u0440\u0438\u0441\u0442\u0443\u043f\u0438\u0442\u0438 \u0434\u043e \u0422\u0430\u0457\u043d\u0441\u0442\u0432\u0430 \u0421\u043f\u043e\u0432\u0456\u0434\u0456 \u0442\u0430 \u0443\u043a\u0440\u0456\u043f\u0438\u0442\u0438\u0441\u044f \u0434\u0443\u0445\u043e\u0432\u043d\u043e.1\u20132 \u043a\u0432\u0456\u0442\u043d\u044f \u0443 \u0422\u0443\u0440\u043a\u0443 \u0456 \u0421\u0430\u043b\u043e \u0437\u0430 \u0443\u0447\u0430\u0441\u0442\u0456 \u0441\u0432\u044f\u0449\u0435\u043d\u043d\u0438\u043a\u0430 \u0437 \u0423\u043a\u0440\u0430\u0457\u043d\u0438 \u2014 \u043e\u0442\u0446\u044f \u041c\u0438\u0445\u0430\u0439\u043b\u0430 \u2014 \u0431\u0443\u043b\u0438 \u0437\u0432\u0435\u0440\u0448\u0435\u043d\u0456 \u0431\u043e\u0433\u043e\u0441\u043b\u0443\u0436\u0456\u043d\u043d\u044f, \u0449\u043e \u043e\u0431\u2019\u0454\u0434\u043d\u0430\u043b\u0438 \u0432\u0456\u0440\u044f\u043d \u0443 \u0441\u043f\u0456\u043b\u044c\u043d\u0456\u0439 \u043c\u043e\u043b\u0438\u0442\u0432\u0456.\u0426\u0456&hellip; <a class=\"continue\" href=\"https:\/\/ort.fi\/turku\/%d0%bd%d0%be%d0%b2%d0%b8%d0%bd%d0%b8-%d1%82%d0%b0-%d1%81%d0%be%d1%86%d1%96%d0%b0%d0%bb%d1%8c%d0%bd%d1%96-%d0%bc%d0%b5%d1%80%d0%b5%d0%b6%d1%96\/\">Continue Reading<span> \u041d\u043e\u0432\u0438\u043d\u0438<\/span><\/a><\/div><\/li>\n<li><div class=\"wp-block-latest-posts__featured-image alignleft\"><img loading=\"lazy\" decoding=\"async\" width=\"300\" height=\"202\" src=\"https:\/\/ort.fi\/turku\/wp-content\/uploads\/2026\/04\/1000051820-300x202.jpg\" class=\"attachment-medium size-medium wp-post-image\" alt=\"1000051820\" style=\"\" srcset=\"https:\/\/ort.fi\/turku\/wp-content\/uploads\/2026\/04\/1000051820-300x202.jpg 300w, https:\/\/ort.fi\/turku\/wp-content\/uploads\/2026\/04\/1000051820-1024x690.jpg 1024w, https:\/\/ort.fi\/turku\/wp-content\/uploads\/2026\/04\/1000051820-768x517.jpg 768w, https:\/\/ort.fi\/turku\/wp-content\/uploads\/2026\/04\/1000051820-1536x1034.jpg 1536w, https:\/\/ort.fi\/turku\/wp-content\/uploads\/2026\/04\/1000051820.jpg 2027w\" sizes=\"auto, (max-width: 300px) 100vw, 300px\" \/><\/div><a class=\"wp-block-latest-posts__post-title\" href=\"https:\/\/ort.fi\/turku\/2026\/04\/03\/live-youtube-lahetys-suuren-perjantain-ehtoopalvelus-klo-14\/\">Live Youtube-l\u00e4hetys;  Suuren perjantain ehtoopalvelus klo 14<\/a><time datetime=\"2026-04-03T13:08:52+03:00\" class=\"wp-block-latest-posts__post-date\">3.4.2026<\/time><div class=\"wp-block-latest-posts__post-excerpt\"><\/div><\/li>\n<li><div class=\"wp-block-latest-posts__featured-image alignleft\"><img loading=\"lazy\" decoding=\"async\" width=\"300\" height=\"202\" src=\"https:\/\/ort.fi\/turku\/wp-content\/uploads\/2026\/04\/1000051819-300x202.jpg\" class=\"attachment-medium size-medium wp-post-image\" alt=\"1000051819\" style=\"\" srcset=\"https:\/\/ort.fi\/turku\/wp-content\/uploads\/2026\/04\/1000051819-300x202.jpg 300w, https:\/\/ort.fi\/turku\/wp-content\/uploads\/2026\/04\/1000051819-1024x688.jpg 1024w, https:\/\/ort.fi\/turku\/wp-content\/uploads\/2026\/04\/1000051819-768x516.jpg 768w, https:\/\/ort.fi\/turku\/wp-content\/uploads\/2026\/04\/1000051819-1536x1033.jpg 1536w, https:\/\/ort.fi\/turku\/wp-content\/uploads\/2026\/04\/1000051819-2048x1377.jpg 2048w\" sizes=\"auto, (max-width: 300px) 100vw, 300px\" \/><\/div><a class=\"wp-block-latest-posts__post-title\" href=\"https:\/\/ort.fi\/turku\/2026\/04\/03\/live-kristuksen-hautauspalvelus-klo-17\/\">Live Youtube-l\u00e4hetys; Kristuksen hautauspalvelus, klo 17<\/a><time datetime=\"2026-04-03T12:44:53+03:00\" class=\"wp-block-latest-posts__post-date\">3.4.2026<\/time><div class=\"wp-block-latest-posts__post-excerpt\"><\/div><\/li>\n<li><div class=\"wp-block-latest-posts__featured-image alignleft\"><img loading=\"lazy\" decoding=\"async\" width=\"225\" height=\"300\" src=\"https:\/\/ort.fi\/turku\/wp-content\/uploads\/2026\/03\/20250419_214746-225x300.jpg\" class=\"attachment-medium size-medium wp-post-image\" alt=\"Turun pyh\u00e4n Aleksandran kirkko p\u00e4\u00e4si\u00e4isy\u00f6n\u00e4 2025.\" style=\"\" srcset=\"https:\/\/ort.fi\/turku\/wp-content\/uploads\/2026\/03\/20250419_214746-225x300.jpg 225w, https:\/\/ort.fi\/turku\/wp-content\/uploads\/2026\/03\/20250419_214746-768x1024.jpg 768w, https:\/\/ort.fi\/turku\/wp-content\/uploads\/2026\/03\/20250419_214746-1152x1536.jpg 1152w, https:\/\/ort.fi\/turku\/wp-content\/uploads\/2026\/03\/20250419_214746-1536x2048.jpg 1536w, https:\/\/ort.fi\/turku\/wp-content\/uploads\/2026\/03\/20250419_214746-scaled.jpg 1920w\" sizes=\"auto, (max-width: 225px) 100vw, 225px\" \/><\/div><a class=\"wp-block-latest-posts__post-title\" href=\"https:\/\/ort.fi\/turku\/2026\/03\/27\/%d0%b2%d0%b5%d0%bb%d0%b8%d0%ba%d0%be%d0%b4%d0%bd%d1%8f-%d0%bd%d1%96%d1%87-%d1%83-%d0%bf%d1%80%d0%b0%d0%b2%d0%be%d1%81%d0%bb%d0%b0%d0%b2%d0%bd%d1%96%d0%b9-%d0%bf%d0%b0%d1%80%d0%b0%d1%84%d1%96%d1%97\/\">\u0412\u0435\u043b\u0438\u043a\u043e\u0434\u043d\u044f \u043d\u0456\u0447 \u0443 \u041f\u0440\u0430\u0432\u043e\u0441\u043b\u0430\u0432\u043d\u0456\u0439 \u043f\u0430\u0440\u0430\u0444\u0456\u0457 \u0422\u0443\u0440\u043a\u0443 \u041f\u0440\u0430\u043a\u0442\u0438\u0447\u043d\u0430 \u0456\u043d\u0444\u043e\u0440\u043c\u0430\u0446\u0456\u044f \u0434\u043b\u044f \u0432\u0456\u0440\u044f\u043d<\/a><time datetime=\"2026-03-27T20:07:35+02:00\" class=\"wp-block-latest-posts__post-date\">27.3.2026<\/time><div class=\"wp-block-latest-posts__post-excerpt\">\u0426\u044c\u043e\u0433\u043e\u0440\u0456\u0447 \u0432\u0435\u043b\u0438\u043a\u043e\u0434\u043d\u0456 \u043d\u0456\u0447\u043d\u0456 \u0431\u043e\u0433\u043e\u0441\u043b\u0443\u0436\u0456\u043d\u043d\u044f \u0443 \u041f\u0440\u0430\u0432\u043e\u0441\u043b\u0430\u0432\u043d\u0456\u0439 \u043f\u0430\u0440\u0430\u0444\u0456\u0457 \u0422\u0443\u0440\u043a\u0443 \u043c\u0430\u0442\u0438\u043c\u0443\u0442\u044c \u043e\u0441\u043e\u0431\u043b\u0438\u0432\u043e \u0443\u0440\u043e\u0447\u0438\u0441\u0442\u0438\u0439 \u0445\u0430\u0440\u0430\u043a\u0442\u0435\u0440, \u0430\u0434\u0436\u0435 \u0457\u0445 \u043e\u0447\u043e\u043b\u0438\u0442\u044c \u0411\u043b\u0430\u0436\u0435\u043d\u043d\u0456\u0448\u0438\u0439 \u0406\u043b\u0456\u044f, \u0410\u0440\u0445\u0456\u0454\u043f\u0438\u0441\u043a\u043e\u043f \u0413\u0435\u043b\u044c\u0441\u0456\u043d\u0441\u044c\u043a\u0438\u0439 \u0456 \u0432\u0441\u0456\u0454\u0457 \u0424\u0456\u043d\u043b\u044f\u043d\u0434\u0456\u0457. \u0425\u0440\u0435\u0441\u043d\u0430 \u0445\u043e\u0434\u0430, \u0443\u0442\u0440\u0435\u043d\u044f \u0442\u0430 \u0411\u043e\u0436\u0435\u0441\u0442\u0432\u0435\u043d\u043d\u0430 \u043b\u0456\u0442\u0443\u0440\u0433\u0456\u044f \u0442\u0430\u043a\u043e\u0436 \u0442\u0440\u0430\u043d\u0441\u043b\u044e\u0432\u0430\u0442\u0438\u043c\u0443\u0442\u044c\u0441\u044f \u043f\u043e \u0442\u0435\u043b\u0435\u0431\u0430\u0447\u0435\u043d\u043d\u044e. \u0411\u043e\u0433\u043e\u0441\u043b\u0443\u0436\u0456\u043d\u043d\u044f \u0440\u043e\u0437\u043f\u043e\u0447\u043d\u0435\u0442\u044c\u0441\u044f \u043f\u043e\u043b\u0443\u043d\u043e\u0448\u043d\u0438\u0446\u0435\u044e \u043e 23:15. \u0422\u0435\u043b\u0435\u0442\u0440\u0430\u043d\u0441\u043b\u044f\u0446\u0456\u044f \u0441\u0442\u0430\u0440\u0442\u0443\u0454 \u043e 23:55. \u0412\u0435\u043b\u0438\u043a\u043e\u0434\u043d\u044f \u043d\u0456\u0447 \u2014 \u0446\u0435 \u043d\u0430\u0439\u0431\u0456\u043b\u044c\u0448\u0435 \u0439 \u043d\u0430\u0439\u0441\u0432\u0456\u0442\u043b\u0456\u0448\u0435 \u0441\u0432\u044f\u0442\u043e \u0446\u0435\u0440\u043a\u043e\u0432\u043d\u043e\u0433\u043e \u0440\u043e\u043a\u0443. \u041e\u0447\u0456\u043a\u0443\u0454\u043c\u043e, \u0449\u043e \u0434\u043e \u0445\u0440\u0430\u043c\u0443&hellip; <a class=\"continue\" href=\"https:\/\/ort.fi\/turku\/%d0%bd%d0%be%d0%b2%d0%b8%d0%bd%d0%b8-%d1%82%d0%b0-%d1%81%d0%be%d1%86%d1%96%d0%b0%d0%bb%d1%8c%d0%bd%d1%96-%d0%bc%d0%b5%d1%80%d0%b5%d0%b6%d1%96\/\">Continue Reading<span> \u041d\u043e\u0432\u0438\u043d\u0438<\/span><\/a><\/div><\/li>\n<li><div class=\"wp-block-latest-posts__featured-image alignleft\"><img loading=\"lazy\" decoding=\"async\" width=\"300\" height=\"224\" src=\"https:\/\/ort.fi\/turku\/wp-content\/uploads\/2026\/03\/\u0412\u0435\u043b\u0438\u043a\u043e\u0434\u043d\u0456-\u0431\u043e\u0433\u043e\u0441\u043b\u0443\u0436\u0456\u043d\u043d\u044f-e1774098019229-300x224.png\" class=\"attachment-medium size-medium wp-post-image\" alt=\"\u0412\u0435\u043b\u0438\u043a\u043e\u0434\u043d\u0456 \u0431\u043e\u0433\u043e\u0441\u043b\u0443\u0436\u0456\u043d\u043d\u044f\" style=\"\" srcset=\"https:\/\/ort.fi\/turku\/wp-content\/uploads\/2026\/03\/\u0412\u0435\u043b\u0438\u043a\u043e\u0434\u043d\u0456-\u0431\u043e\u0433\u043e\u0441\u043b\u0443\u0436\u0456\u043d\u043d\u044f-e1774098019229-300x224.png 300w, https:\/\/ort.fi\/turku\/wp-content\/uploads\/2026\/03\/\u0412\u0435\u043b\u0438\u043a\u043e\u0434\u043d\u0456-\u0431\u043e\u0433\u043e\u0441\u043b\u0443\u0436\u0456\u043d\u043d\u044f-e1774098019229.png 400w\" sizes=\"auto, (max-width: 300px) 100vw, 300px\" \/><\/div><a class=\"wp-block-latest-posts__post-title\" href=\"https:\/\/ort.fi\/turku\/2026\/03\/21\/%d0%b2%d0%b5%d0%bb%d0%b8%d0%ba%d0%be%d0%b4%d0%bd%d1%96-%d0%b1%d0%be%d0%b3%d0%be%d1%81%d0%bb%d1%83%d0%b6%d1%96%d0%bd%d0%bd%d1%8f-%d1%82%d0%b0-%d0%be%d1%81%d0%b2%d1%8f%d1%87%d0%b5%d0%bd%d0%bd%d1%8f\/\">\u0412\u0435\u043b\u0438\u043a\u043e\u0434\u043d\u0456 \u0431\u043e\u0433\u043e\u0441\u043b\u0443\u0436\u0456\u043d\u043d\u044f \u0442\u0430 \u043e\u0441\u0432\u044f\u0447\u0435\u043d\u043d\u044f \u0432\u0435\u043b\u0438\u043a\u043e\u0434\u043d\u0456\u0445 \u043a\u043e\u0448\u0438\u043a\u0456\u0432<\/a><time datetime=\"2026-03-21T14:37:06+02:00\" class=\"wp-block-latest-posts__post-date\">21.3.2026<\/time><div class=\"wp-block-latest-posts__post-excerpt\"><\/div><\/li>\n<\/ul>","protected":false},"excerpt":{"rendered":"<p>\u041d\u043e\u0432\u0438\u043d\u0438<\/p>\n","protected":false},"author":5,"featured_media":0,"parent":0,"menu_order":0,"comment_status":"closed","ping_status":"closed","template":"","meta":{"slim_seo":{"title":"\u041d\u043e\u0432\u0438\u043d\u0438 - Turun ortodoksinen seurakunta","description":"\u041d\u043e\u0432\u0438\u043d\u0438"},"footnotes":""},"class_list":["post-3105","page","type-page","status-publish"],"_links":{"self":[{"href":"https:\/\/ort.fi\/turku\/wp-json\/wp\/v2\/pages\/3105","targetHints":{"allow":["GET"]}}],"collection":[{"href":"https:\/\/ort.fi\/turku\/wp-json\/wp\/v2\/pages"}],"about":[{"href":"https:\/\/ort.fi\/turku\/wp-json\/wp\/v2\/types\/page"}],"author":[{"embeddable":true,"href":"https:\/\/ort.fi\/turku\/wp-json\/wp\/v2\/users\/5"}],"replies":[{"embeddable":true,"href":"https:\/\/ort.fi\/turku\/wp-json\/wp\/v2\/comments?post=3105"}],"version-history":[{"count":2,"href":"https:\/\/ort.fi\/turku\/wp-json\/wp\/v2\/pages\/3105\/revisions"}],"predecessor-version":[{"id":8815,"href":"https:\/\/ort.fi\/turku\/wp-json\/wp\/v2\/pages\/3105\/revisions\/8815"}],"wp:attachment":[{"href":"https:\/\/ort.fi\/turku\/wp-json\/wp\/v2\/media?parent=3105"}],"curies":[{"name":"wp","href":"https:\/\/api.w.org\/{rel}","templated":true}]}}