{"id":2769,"date":"2024-11-19T12:23:36","date_gmt":"2024-11-19T10:23:36","guid":{"rendered":"https:\/\/ort.fi\/ortturkusrk\/?page_id=2769"},"modified":"2025-01-29T13:11:04","modified_gmt":"2025-01-29T11:11:04","slug":"nyheter-och-sociala-medier","status":"publish","type":"page","link":"https:\/\/ort.fi\/turku\/nyheter-och-sociala-medier\/","title":{"rendered":"Nyheter och sociala medier"},"content":{"rendered":"\n<h5 class=\"wp-block-heading\"><strong><em>Sociala medier<\/em><\/strong><\/h5>\n\n\n\n<p class=\"wp-block-paragraph\">\u00c5bo ortodoxa f\u00f6rsamling finns p\u00e5 <a href=\"https:\/\/www.facebook.com\/turunortodoksinen\" data-type=\"link\" data-id=\"https:\/\/www.facebook.com\/turunortodoksinen\" target=\"_blank\" rel=\"noreferrer noopener\">Facebook<\/a>. I en n\u00e4r framtid blir det ocks\u00e5 m\u00f6jligt att se f\u00f6rsamlingens Facebook-inl\u00e4gg direkt p\u00e5 den h\u00e4r webbsidan (utvecklingen av sidan p\u00e5g\u00e5r). Vi kommer ocks\u00e5 att publicera nyheter om aktuella h\u00e4ndelser p\u00e5 den h\u00e4r sidan. Tack f\u00f6r ditt t\u00e5lamod!<\/p>\n\n\n\n<hr class=\"wp-block-separator has-alpha-channel-opacity\"\/>\n\n\n\n<h5 class=\"wp-block-heading\"><strong><em>Nyheter<\/em><\/strong><\/h5>\n\n\n<ul class=\"wp-block-latest-posts__list has-dates wp-block-latest-posts is-layout-flow wp-block-latest-posts-is-layout-flow\"><li><div class=\"wp-block-latest-posts__featured-image alignleft\"><img loading=\"lazy\" decoding=\"async\" width=\"300\" height=\"169\" src=\"https:\/\/ort.fi\/turku\/wp-content\/uploads\/2025\/03\/Elian_kirkko_Tiedote-300x169.jpg\" class=\"attachment-medium size-medium wp-post-image\" alt=\"Pyh\u00e4 Aleksandran kirkko\" style=\"\" srcset=\"https:\/\/ort.fi\/turku\/wp-content\/uploads\/2025\/03\/Elian_kirkko_Tiedote-300x169.jpg 300w, https:\/\/ort.fi\/turku\/wp-content\/uploads\/2025\/03\/Elian_kirkko_Tiedote-1024x576.jpg 1024w, https:\/\/ort.fi\/turku\/wp-content\/uploads\/2025\/03\/Elian_kirkko_Tiedote-768x432.jpg 768w, https:\/\/ort.fi\/turku\/wp-content\/uploads\/2025\/03\/Elian_kirkko_Tiedote-1536x864.jpg 1536w, https:\/\/ort.fi\/turku\/wp-content\/uploads\/2025\/03\/Elian_kirkko_Tiedote-2048x1152.jpg 2048w\" sizes=\"auto, (max-width: 300px) 100vw, 300px\" \/><\/div><a class=\"wp-block-latest-posts__post-title\" href=\"https:\/\/ort.fi\/turku\/2026\/09\/02\/folkkyrkan-tillhor-alla\/\">Folkkyrkan tillh\u00f6r alla<\/a><time datetime=\"2026-09-02T09:00:00+03:00\" class=\"wp-block-latest-posts__post-date\">2.9.2026<\/time><div class=\"wp-block-latest-posts__post-excerpt\">H\u00e4romdagen bes\u00f6kte jag Simsk\u00e4la, Stormsk\u00e4rs Majas hemtrakter. H\u00e4rifr\u00e5n flyttade Maja med sin Janne fyra sj\u00f6mil norrut till ett \u00f6de sk\u00e4r. Kyrkan p\u00e5 V\u00e5rd\u00f6 ligger d\u00e4remot n\u00e4stan lika l\u00e5ngt s\u00f6derut. Inte undra p\u00e5 att torparhustrun bes\u00f6kte kyrkan s\u00e4llan. F\u00e4rden tog n\u00e4rmare tre dagar i bra v\u00e4der. Men \u00e4nd\u00e5 var anknytningen till kyrkan viktig och meningsfull. N\u00e4r&hellip; <a class=\"continue\" href=\"https:\/\/ort.fi\/turku\/2026\/09\/02\/folkkyrkan-tillhor-alla\/\">Continue Reading<span> Folkkyrkan tillh\u00f6r alla<\/span><\/a><\/div><\/li>\n<li><div class=\"wp-block-latest-posts__featured-image alignleft\"><img loading=\"lazy\" decoding=\"async\" width=\"225\" height=\"300\" src=\"https:\/\/ort.fi\/turku\/wp-content\/uploads\/2026\/06\/WhatsApp-Image-2026-06-09-at-13.18.24-225x300.jpeg\" class=\"attachment-medium size-medium wp-post-image\" alt=\"WhatsApp Image 2026 06 09 at 13.18.24\" style=\"\" srcset=\"https:\/\/ort.fi\/turku\/wp-content\/uploads\/2026\/06\/WhatsApp-Image-2026-06-09-at-13.18.24-225x300.jpeg 225w, https:\/\/ort.fi\/turku\/wp-content\/uploads\/2026\/06\/WhatsApp-Image-2026-06-09-at-13.18.24-768x1024.jpeg 768w, https:\/\/ort.fi\/turku\/wp-content\/uploads\/2026\/06\/WhatsApp-Image-2026-06-09-at-13.18.24-1152x1536.jpeg 1152w, https:\/\/ort.fi\/turku\/wp-content\/uploads\/2026\/06\/WhatsApp-Image-2026-06-09-at-13.18.24-e1781000352410.jpeg 500w\" sizes=\"auto, (max-width: 225px) 100vw, 225px\" \/><\/div><a class=\"wp-block-latest-posts__post-title\" href=\"https:\/\/ort.fi\/turku\/2026\/06\/09\/meddelande-angaende-genomforandet-av-sondagsliturgiernas-sprakreform-i-abo-ortodoxa-forsamling-med-borjan-1-9-2026\/\">Meddelande ang\u00e5ende genomf\u00f6randet av s\u00f6ndagsliturgiernas spr\u00e5kreform i \u00c5bo ortodoxa f\u00f6rsamling med b\u00f6rjan 1.9.2026<\/a><time datetime=\"2026-06-09T13:20:45+03:00\" class=\"wp-block-latest-posts__post-date\">9.6.2026<\/time><div class=\"wp-block-latest-posts__post-excerpt\">F\u00f6rsamlingsr\u00e5det i \u00c5bo ortodoxa f\u00f6rsamling tog den 23 mars ett beslut om en reform som tas i bruk p\u00e5 h\u00f6sten 2026 ang\u00e5ende de spr\u00e5k som skall anv\u00e4ndas vid s\u00f6ndagens liturgi i den heliga Alexandras kyrka. F\u00f6rsamlingens huvudspr\u00e5k \u00e4r finska, men varje s\u00f6ndag beaktas \u00e4ven f\u00f6rsamlingens \u00f6vriga huvudspr\u00e5kgrupper enligt f\u00f6ljande veckorytm: Den f\u00f6rsta s\u00f6ndagen i m\u00e5naden&hellip; <a class=\"continue\" href=\"https:\/\/ort.fi\/turku\/2026\/06\/09\/meddelande-angaende-genomforandet-av-sondagsliturgiernas-sprakreform-i-abo-ortodoxa-forsamling-med-borjan-1-9-2026\/\">Continue Reading<span> Meddelande ang\u00e5ende genomf\u00f6randet av s\u00f6ndagsliturgiernas spr\u00e5kreform i \u00c5bo ortodoxa f\u00f6rsamling med b\u00f6rjan 1.9.2026<\/span><\/a><\/div><\/li>\n<li><a class=\"wp-block-latest-posts__post-title\" href=\"https:\/\/ort.fi\/turku\/2026\/06\/06\/gudstjanster-pa-aland-sommaren-2026\/\">Gudstj\u00e4nster p\u00e5 \u00c5land sommaren 2026<\/a><time datetime=\"2026-06-06T11:58:46+03:00\" class=\"wp-block-latest-posts__post-date\">6.6.2026<\/time><div class=\"wp-block-latest-posts__post-excerpt\">2026-06-27 l\u00f6rdag Moleben (b\u00f6nestund) f\u00f6r fred Plats: vid Bomarsunds f\u00e4stningsruiner, Bomarsund Tid: 18:00 __________________ 2026-06-28 s\u00f6ndag Gudomlig liturgi Heliga Sergej och Herman av Valamo Plats: Margaretag\u00e5rden, M\u00e5sv\u00e4gen 4, Mariehamn Tid: 10:00 __________________ 2026-08-13 torsdag Allm\u00e4n panichida (minnesgudstj\u00e4nst) Plats: vid minnesm\u00e4rket \u201dMannen vid ratten\u201d, Hamngatan 2, Mariehamn Tid: 18:00 _________________ 2026-08-14 fredag Tacksamhetens akathist \u201d\u00c4ra vare&hellip; <a class=\"continue\" href=\"https:\/\/ort.fi\/turku\/2026\/06\/06\/gudstjanster-pa-aland-sommaren-2026\/\">Continue Reading<span> Gudstj\u00e4nster p\u00e5 \u00c5land sommaren 2026<\/span><\/a><\/div><\/li>\n<li><div class=\"wp-block-latest-posts__featured-image alignleft\"><img loading=\"lazy\" decoding=\"async\" width=\"300\" height=\"202\" src=\"https:\/\/ort.fi\/turku\/wp-content\/uploads\/2026\/04\/1000051820-300x202.jpg\" class=\"attachment-medium size-medium wp-post-image\" alt=\"1000051820\" style=\"\" srcset=\"https:\/\/ort.fi\/turku\/wp-content\/uploads\/2026\/04\/1000051820-300x202.jpg 300w, https:\/\/ort.fi\/turku\/wp-content\/uploads\/2026\/04\/1000051820-1024x690.jpg 1024w, https:\/\/ort.fi\/turku\/wp-content\/uploads\/2026\/04\/1000051820-768x517.jpg 768w, https:\/\/ort.fi\/turku\/wp-content\/uploads\/2026\/04\/1000051820-1536x1034.jpg 1536w, https:\/\/ort.fi\/turku\/wp-content\/uploads\/2026\/04\/1000051820.jpg 2027w\" sizes=\"auto, (max-width: 300px) 100vw, 300px\" \/><\/div><a class=\"wp-block-latest-posts__post-title\" href=\"https:\/\/ort.fi\/turku\/2026\/04\/03\/live-youtube-lahetys-suuren-perjantain-ehtoopalvelus-klo-14\/\">Live Youtube-l\u00e4hetys;  Suuren perjantain ehtoopalvelus klo 14<\/a><time datetime=\"2026-04-03T13:08:52+03:00\" class=\"wp-block-latest-posts__post-date\">3.4.2026<\/time><div class=\"wp-block-latest-posts__post-excerpt\"><\/div><\/li>\n<li><div class=\"wp-block-latest-posts__featured-image alignleft\"><img loading=\"lazy\" decoding=\"async\" width=\"300\" height=\"202\" src=\"https:\/\/ort.fi\/turku\/wp-content\/uploads\/2026\/04\/1000051819-300x202.jpg\" class=\"attachment-medium size-medium wp-post-image\" alt=\"1000051819\" style=\"\" srcset=\"https:\/\/ort.fi\/turku\/wp-content\/uploads\/2026\/04\/1000051819-300x202.jpg 300w, https:\/\/ort.fi\/turku\/wp-content\/uploads\/2026\/04\/1000051819-1024x688.jpg 1024w, https:\/\/ort.fi\/turku\/wp-content\/uploads\/2026\/04\/1000051819-768x516.jpg 768w, https:\/\/ort.fi\/turku\/wp-content\/uploads\/2026\/04\/1000051819-1536x1033.jpg 1536w, https:\/\/ort.fi\/turku\/wp-content\/uploads\/2026\/04\/1000051819-2048x1377.jpg 2048w\" sizes=\"auto, (max-width: 300px) 100vw, 300px\" \/><\/div><a class=\"wp-block-latest-posts__post-title\" href=\"https:\/\/ort.fi\/turku\/2026\/04\/03\/live-kristuksen-hautauspalvelus-klo-17\/\">Live Youtube-l\u00e4hetys; Kristuksen hautauspalvelus, klo 17<\/a><time datetime=\"2026-04-03T12:44:53+03:00\" class=\"wp-block-latest-posts__post-date\">3.4.2026<\/time><div class=\"wp-block-latest-posts__post-excerpt\"><\/div><\/li>\n<\/ul>","protected":false},"excerpt":{"rendered":"<p>Sociala medier \u00c5bo ortodoxa f\u00f6rsamling finns p\u00e5 Facebook. I en n\u00e4r framtid blir det ocks\u00e5 m\u00f6jligt att se f\u00f6rsamlingens Facebook-inl\u00e4gg direkt p\u00e5 den h\u00e4r webbsidan (utvecklingen av sidan p\u00e5g\u00e5r). Vi kommer ocks\u00e5 att publicera nyheter om aktuella h\u00e4ndelser p\u00e5 den h\u00e4r sidan. Tack f\u00f6r ditt t\u00e5lamod! Nyheter<\/p>\n","protected":false},"author":13,"featured_media":0,"parent":0,"menu_order":0,"comment_status":"closed","ping_status":"closed","template":"","meta":{"slim_seo":{"title":"Nyheter och sociala medier - Turun ortodoksinen seurakunta","description":"Sociala medier \u00c5bo ortodoxa f\u00f6rsamling finns p\u00e5 Facebook . I en n\u00e4r framtid blir det ocks\u00e5 m\u00f6jligt att se f\u00f6rsamlingens Facebook-inl\u00e4gg direkt p\u00e5 den h\u00e4r webbsi"},"footnotes":""},"class_list":["post-2769","page","type-page","status-publish"],"_links":{"self":[{"href":"https:\/\/ort.fi\/turku\/wp-json\/wp\/v2\/pages\/2769","targetHints":{"allow":["GET"]}}],"collection":[{"href":"https:\/\/ort.fi\/turku\/wp-json\/wp\/v2\/pages"}],"about":[{"href":"https:\/\/ort.fi\/turku\/wp-json\/wp\/v2\/types\/page"}],"author":[{"embeddable":true,"href":"https:\/\/ort.fi\/turku\/wp-json\/wp\/v2\/users\/13"}],"replies":[{"embeddable":true,"href":"https:\/\/ort.fi\/turku\/wp-json\/wp\/v2\/comments?post=2769"}],"version-history":[{"count":0,"href":"https:\/\/ort.fi\/turku\/wp-json\/wp\/v2\/pages\/2769\/revisions"}],"wp:attachment":[{"href":"https:\/\/ort.fi\/turku\/wp-json\/wp\/v2\/media?parent=2769"}],"curies":[{"name":"wp","href":"https:\/\/api.w.org\/{rel}","templated":true}]}}

<h5 class="wp-block-heading"><strong><em>Sociala medier</em></strong></h5>



<p class="wp-block-paragraph">Åbo ortodoxa församling finns på <a href="https://www.facebook.com/turunortodoksinen" data-type="link" data-id="https://www.facebook.com/turunortodoksinen" target="_blank" rel="noreferrer noopener">Facebook</a>. I en när framtid blir det också möjligt att se församlingens Facebook-inlägg direkt på den här webbsidan (utvecklingen av sidan pågår). Vi kommer också att publicera nyheter om aktuella händelser på den här sidan. Tack för ditt tålamod!</p>



<hr class="wp-block-separator has-alpha-channel-opacity"/>



<h5 class="wp-block-heading"><strong><em>Nyheter</em></strong></h5>


<ul class="wp-block-latest-posts__list has-dates wp-block-latest-posts is-layout-flow wp-block-latest-posts-is-layout-flow"><li><div class="wp-block-latest-posts__featured-image alignleft"><img loading="lazy" decoding="async" width="300" height="169" src="https://ort.fi/turku/wp-content/uploads/2025/03/Elian_kirkko_Tiedote-300x169.jpg" class="attachment-medium size-medium wp-post-image" alt="Pyhä Aleksandran kirkko" style="" srcset="https://ort.fi/turku/wp-content/uploads/2025/03/Elian_kirkko_Tiedote-300x169.jpg 300w, https://ort.fi/turku/wp-content/uploads/2025/03/Elian_kirkko_Tiedote-1024x576.jpg 1024w, https://ort.fi/turku/wp-content/uploads/2025/03/Elian_kirkko_Tiedote-768x432.jpg 768w, https://ort.fi/turku/wp-content/uploads/2025/03/Elian_kirkko_Tiedote-1536x864.jpg 1536w, https://ort.fi/turku/wp-content/uploads/2025/03/Elian_kirkko_Tiedote-2048x1152.jpg 2048w" sizes="auto, (max-width: 300px) 100vw, 300px" /></div><a class="wp-block-latest-posts__post-title" href="https://ort.fi/turku/2026/09/02/folkkyrkan-tillhor-alla/">Folkkyrkan tillhör alla</a><time datetime="2026-09-02T09:00:00+03:00" class="wp-block-latest-posts__post-date">2.9.2026</time><div class="wp-block-latest-posts__post-excerpt">Häromdagen besökte jag Simskäla, Stormskärs Majas hemtrakter. Härifrån flyttade Maja med sin Janne fyra sjömil norrut till ett öde skär. Kyrkan på Vårdö ligger däremot nästan lika långt söderut. Inte undra på att torparhustrun besökte kyrkan sällan. Färden tog närmare tre dagar i bra väder. Men ändå var anknytningen till kyrkan viktig och meningsfull. När&hellip; <a class="continue" href="https://ort.fi/turku/2026/09/02/folkkyrkan-tillhor-alla/">Continue Reading<span> Folkkyrkan tillhör alla</span></a></div></li>
<li><div class="wp-block-latest-posts__featured-image alignleft"><img loading="lazy" decoding="async" width="225" height="300" src="https://ort.fi/turku/wp-content/uploads/2026/06/WhatsApp-Image-2026-06-09-at-13.18.24-225x300.jpeg" class="attachment-medium size-medium wp-post-image" alt="WhatsApp Image 2026 06 09 at 13.18.24" style="" srcset="https://ort.fi/turku/wp-content/uploads/2026/06/WhatsApp-Image-2026-06-09-at-13.18.24-225x300.jpeg 225w, https://ort.fi/turku/wp-content/uploads/2026/06/WhatsApp-Image-2026-06-09-at-13.18.24-768x1024.jpeg 768w, https://ort.fi/turku/wp-content/uploads/2026/06/WhatsApp-Image-2026-06-09-at-13.18.24-1152x1536.jpeg 1152w, https://ort.fi/turku/wp-content/uploads/2026/06/WhatsApp-Image-2026-06-09-at-13.18.24-e1781000352410.jpeg 500w" sizes="auto, (max-width: 225px) 100vw, 225px" /></div><a class="wp-block-latest-posts__post-title" href="https://ort.fi/turku/2026/06/09/meddelande-angaende-genomforandet-av-sondagsliturgiernas-sprakreform-i-abo-ortodoxa-forsamling-med-borjan-1-9-2026/">Meddelande angående genomförandet av söndagsliturgiernas språkreform i Åbo ortodoxa församling med början 1.9.2026</a><time datetime="2026-06-09T13:20:45+03:00" class="wp-block-latest-posts__post-date">9.6.2026</time><div class="wp-block-latest-posts__post-excerpt">Församlingsrådet i Åbo ortodoxa församling tog den 23 mars ett beslut om en reform som tas i bruk på hösten 2026 angående de språk som skall användas vid söndagens liturgi i den heliga Alexandras kyrka. Församlingens huvudspråk är finska, men varje söndag beaktas även församlingens övriga huvudspråkgrupper enligt följande veckorytm: Den första söndagen i månaden&hellip; <a class="continue" href="https://ort.fi/turku/2026/06/09/meddelande-angaende-genomforandet-av-sondagsliturgiernas-sprakreform-i-abo-ortodoxa-forsamling-med-borjan-1-9-2026/">Continue Reading<span> Meddelande angående genomförandet av söndagsliturgiernas språkreform i Åbo ortodoxa församling med början 1.9.2026</span></a></div></li>
<li><a class="wp-block-latest-posts__post-title" href="https://ort.fi/turku/2026/06/06/gudstjanster-pa-aland-sommaren-2026/">Gudstjänster på Åland sommaren 2026</a><time datetime="2026-06-06T11:58:46+03:00" class="wp-block-latest-posts__post-date">6.6.2026</time><div class="wp-block-latest-posts__post-excerpt">2026-06-27 lördag Moleben (bönestund) för fred Plats: vid Bomarsunds fästningsruiner, Bomarsund Tid: 18:00 __________________ 2026-06-28 söndag Gudomlig liturgi Heliga Sergej och Herman av Valamo Plats: Margaretagården, Måsvägen 4, Mariehamn Tid: 10:00 __________________ 2026-08-13 torsdag Allmän panichida (minnesgudstjänst) Plats: vid minnesmärket ”Mannen vid ratten”, Hamngatan 2, Mariehamn Tid: 18:00 _________________ 2026-08-14 fredag Tacksamhetens akathist ”Ära vare&hellip; <a class="continue" href="https://ort.fi/turku/2026/06/06/gudstjanster-pa-aland-sommaren-2026/">Continue Reading<span> Gudstjänster på Åland sommaren 2026</span></a></div></li>
<li><div class="wp-block-latest-posts__featured-image alignleft"><img loading="lazy" decoding="async" width="300" height="202" src="https://ort.fi/turku/wp-content/uploads/2026/04/1000051820-300x202.jpg" class="attachment-medium size-medium wp-post-image" alt="1000051820" style="" srcset="https://ort.fi/turku/wp-content/uploads/2026/04/1000051820-300x202.jpg 300w, https://ort.fi/turku/wp-content/uploads/2026/04/1000051820-1024x690.jpg 1024w, https://ort.fi/turku/wp-content/uploads/2026/04/1000051820-768x517.jpg 768w, https://ort.fi/turku/wp-content/uploads/2026/04/1000051820-1536x1034.jpg 1536w, https://ort.fi/turku/wp-content/uploads/2026/04/1000051820.jpg 2027w" sizes="auto, (max-width: 300px) 100vw, 300px" /></div><a class="wp-block-latest-posts__post-title" href="https://ort.fi/turku/2026/04/03/live-youtube-lahetys-suuren-perjantain-ehtoopalvelus-klo-14/">Live Youtube-lähetys;  Suuren perjantain ehtoopalvelus klo 14</a><time datetime="2026-04-03T13:08:52+03:00" class="wp-block-latest-posts__post-date">3.4.2026</time><div class="wp-block-latest-posts__post-excerpt"></div></li>
<li><div class="wp-block-latest-posts__featured-image alignleft"><img loading="lazy" decoding="async" width="300" height="202" src="https://ort.fi/turku/wp-content/uploads/2026/04/1000051819-300x202.jpg" class="attachment-medium size-medium wp-post-image" alt="1000051819" style="" srcset="https://ort.fi/turku/wp-content/uploads/2026/04/1000051819-300x202.jpg 300w, https://ort.fi/turku/wp-content/uploads/2026/04/1000051819-1024x688.jpg 1024w, https://ort.fi/turku/wp-content/uploads/2026/04/1000051819-768x516.jpg 768w, https://ort.fi/turku/wp-content/uploads/2026/04/1000051819-1536x1033.jpg 1536w, https://ort.fi/turku/wp-content/uploads/2026/04/1000051819-2048x1377.jpg 2048w" sizes="auto, (max-width: 300px) 100vw, 300px" /></div><a class="wp-block-latest-posts__post-title" href="https://ort.fi/turku/2026/04/03/live-kristuksen-hautauspalvelus-klo-17/">Live Youtube-lähetys; Kristuksen hautauspalvelus, klo 17</a><time datetime="2026-04-03T12:44:53+03:00" class="wp-block-latest-posts__post-date">3.4.2026</time><div class="wp-block-latest-posts__post-excerpt"></div></li>
</ul>

<p>Sociala medier Åbo ortodoxa församling finns på Facebook. I en när framtid blir det också möjligt att se församlingens Facebook-inlägg direkt på den här webbsidan (utvecklingen av sidan pågår). Vi kommer också att publicera nyheter om aktuella händelser på den här sidan. Tack för ditt tålamod! Nyheter</p>

Sociala medier Åbo ortodoxa församling finns på Facebook . I en när framtid blir det också möjligt att se församlingens Facebook-inlägg direkt på den här webbsi
