{"id":1903,"date":"2024-10-26T15:17:25","date_gmt":"2024-10-26T12:17:25","guid":{"rendered":"https:\/\/ort.fi\/ortturkusrk\/?page_id=1903"},"modified":"2024-12-16T18:29:52","modified_gmt":"2024-12-16T16:29:52","slug":"salon-pyhan-ristin-tsasouna","status":"publish","type":"page","link":"https:\/\/ort.fi\/turku\/salon-pyhan-ristin-tsasouna\/","title":{"rendered":"Salon Pyh\u00e4n Ristin tsasouna"},"content":{"rendered":"<div class=\"wp-block-image is-style-default\">\n<figure class=\"alignright size-large is-resized\"><img loading=\"lazy\" decoding=\"async\" width=\"721\" height=\"1024\" src=\"https:\/\/ort.fi\/ortturkusrk\/wp-content\/uploads\/2024\/03\/Salon-tsasouna-2-721x1024.jpg\" alt=\"Salon tsasouna\" class=\"wp-image-259\" style=\"width:263px;height:auto\" srcset=\"https:\/\/ort.fi\/turku\/wp-content\/uploads\/2024\/03\/Salon-tsasouna-2-721x1024.jpg 721w, https:\/\/ort.fi\/turku\/wp-content\/uploads\/2024\/03\/Salon-tsasouna-2-211x300.jpg 211w, https:\/\/ort.fi\/turku\/wp-content\/uploads\/2024\/03\/Salon-tsasouna-2-768x1091.jpg 768w, https:\/\/ort.fi\/turku\/wp-content\/uploads\/2024\/03\/Salon-tsasouna-2-1082x1536.jpg 1082w, https:\/\/ort.fi\/turku\/wp-content\/uploads\/2024\/03\/Salon-tsasouna-2-1442x2048.jpg 1442w, https:\/\/ort.fi\/turku\/wp-content\/uploads\/2024\/03\/Salon-tsasouna-2.jpg 1716w\" sizes=\"auto, (max-width: 721px) 100vw, 721px\" \/><\/figure>\n<\/div>\n\n\n<p>Rukoushuone on vuonna 1989 rakennettu karjalaistyylinen py\u00f6r\u00f6hirsitsasouna. Se vihittiin Pyh\u00e4n Ristin muistolle 9.9.1990. Rukoushuoneen suunnitteli vanhan perinteen pohjalta salolainen seurakuntalainen Arvo Happo, joka valmisti my\u00f6s puuleikkauskoristeet. Ikonit on maalannut Margit Lintu.<\/p>\n\n\n\n<p>Pyh\u00e4n Ristin praasniekkaa vietet\u00e4\u00e4n 14.9. <\/p>\n\n\n\n<p>Mik\u00e4li olet kiinnostunut opastuksesta pyh\u00e4k\u00f6ss\u00e4, otathan yhteytt\u00e4 is\u00e4nn\u00f6itsij\u00e4\u00e4n.<\/p>\n\n\n\n<p><strong>Is\u00e4nn\u00f6itsij\u00e4<\/strong>: Valtteri Oksa p. 050 562 3796<\/p>\n\n\n\n<p><strong>Osoite<\/strong>: Uskelankirkkotie 23, Salo<\/p>\n\n\n\n<p><\/p>\n\n\n\n<p><\/p>\n\n\n\n<h5 class=\"wp-block-heading has-text-align-center\"><strong><em>Salon tsanounan jumalanpalvelukset ja tapahtumat<\/em><\/strong><\/h5>\n\n\n\n<iframe width='800' height='1000' frameborder='0' scrolling='auto'\nmarginheight='0' marginwidth='0' style=\".otsikko {font-size: large;}\"\nsrc='https:\/\/www.mvsoy.fi\/data\/ort\/turku\/lehteen\/tapahtumat.phtml?tila=7'><\/iframe>\n","protected":false},"excerpt":{"rendered":"<p>Rukoushuone on vuonna 1989 rakennettu karjalaistyylinen py\u00f6r\u00f6hirsitsasouna. Se vihittiin Pyh\u00e4n Ristin muistolle 9.9.1990. Rukoushuoneen suunnitteli vanhan perinteen pohjalta salolainen seurakuntalainen Arvo Happo, joka valmisti my\u00f6s puuleikkauskoristeet. Ikonit on maalannut Margit Lintu. Pyh\u00e4n Ristin praasniekkaa vietet\u00e4\u00e4n 14.9. Mik\u00e4li olet kiinnostunut opastuksesta pyh\u00e4k\u00f6ss\u00e4, otathan yhteytt\u00e4 is\u00e4nn\u00f6itsij\u00e4\u00e4n. Is\u00e4nn\u00f6itsij\u00e4: Valtteri Oksa p. 050 562 3796 Osoite: Uskelankirkkotie 23, Salo&hellip; <a class=\"continue\" href=\"https:\/\/ort.fi\/turku\/salon-pyhan-ristin-tsasouna\/\">Continue Reading<span> Salon Pyh\u00e4n Ristin tsasouna<\/span><\/a><\/p>\n","protected":false},"author":17,"featured_media":0,"parent":0,"menu_order":0,"comment_status":"closed","ping_status":"closed","template":"","meta":{"slim_seo":{"title":"Salon Pyh\u00e4n Ristin tsasouna - Turun ortodoksinen seurakunta","description":"Rukoushuone on vuonna 1989 rakennettu karjalaistyylinen py\u00f6r\u00f6hirsitsasouna. Se vihittiin Pyh\u00e4n Ristin muistolle 9.9.1990. Rukoushuoneen suunnitteli vanhan perin"},"footnotes":""},"class_list":["post-1903","page","type-page","status-publish"],"_links":{"self":[{"href":"https:\/\/ort.fi\/turku\/wp-json\/wp\/v2\/pages\/1903","targetHints":{"allow":["GET"]}}],"collection":[{"href":"https:\/\/ort.fi\/turku\/wp-json\/wp\/v2\/pages"}],"about":[{"href":"https:\/\/ort.fi\/turku\/wp-json\/wp\/v2\/types\/page"}],"author":[{"embeddable":true,"href":"https:\/\/ort.fi\/turku\/wp-json\/wp\/v2\/users\/17"}],"replies":[{"embeddable":true,"href":"https:\/\/ort.fi\/turku\/wp-json\/wp\/v2\/comments?post=1903"}],"version-history":[{"count":0,"href":"https:\/\/ort.fi\/turku\/wp-json\/wp\/v2\/pages\/1903\/revisions"}],"wp:attachment":[{"href":"https:\/\/ort.fi\/turku\/wp-json\/wp\/v2\/media?parent=1903"}],"curies":[{"name":"wp","href":"https:\/\/api.w.org\/{rel}","templated":true}]}}