{"id":1357,"date":"2024-09-09T18:53:33","date_gmt":"2024-09-09T15:53:33","guid":{"rendered":"https:\/\/ort.fi\/ortturkusrk\/?page_id=1357"},"modified":"2025-11-18T16:27:10","modified_gmt":"2025-11-18T14:27:10","slug":"toimintasuunnitelmat-ja-tilinpaatokset","status":"publish","type":"page","link":"https:\/\/ort.fi\/turku\/toimintasuunnitelmat-ja-tilinpaatokset\/","title":{"rendered":"Toimintasuunnitelmat ja tilinp\u00e4\u00e4t\u00f6kset"},"content":{"rendered":"\n<h5 class=\"wp-block-heading has-text-align-center has-medium-font-size\"><strong><em>Toiminta- ja taloussuunnitelmat<\/em><\/strong><\/h5>\n\n\n\n<p class=\"has-medium-font-size\">Seurakunnanvaltuuston on hyv\u00e4ksytt\u00e4v\u00e4 talousarvion hyv\u00e4ksymisen yhteydess\u00e4 v\u00e4hint\u00e4\u00e4n kolmea vuotta koskeva toiminta- ja taloussuunnitelma. Talousarviovuosi on toiminta- ja taloussuunnitelmassa ensimm\u00e4inen vuosi. Toiminta- ja taloussuunnitelmassa hyv\u00e4ksyt\u00e4\u00e4n seurakunnan toiminnalliset ja taloudelliset tavoitteet. Toiminta- ja taloussuunnitelma on laadittava siten, ett\u00e4 edellytykset seurakunnan teht\u00e4vien hoitamiseen turvataan. <\/p>\n\n\n\n<p class=\"has-medium-font-size\">Seurakunnan on toimitettava talousarvio sek\u00e4 toiminta- ja taloussuunnitelma ennen vahvistamista hiippakunnan piispalle lausuntoa varten. <\/p>\n\n\n\n<p class=\"has-medium-font-size\">Seurakunnanvaltuusto vahvistaa seurakunnan talousarvio, tuloveroprosentti ja seurakunnan toiminta- ja taloussuunnitelma vuoden toisessa s\u00e4\u00e4nt\u00f6m\u00e4\u00e4r\u00e4isess\u00e4 kokouksessa.<\/p>\n\n\n\n<p class=\"has-medium-font-size\"><a href=\"https:\/\/ort.fi\/turku\/wp-content\/uploads\/2025\/11\/Turku_talous_toimintasuunnitelma_2026_2028_kevyt.pdf\">Turun ortodoksisen seurakunnan toiminta- ja taloussuunnitelma 2026\u20132028 (linkki)<\/a><\/p>\n\n\n\n<h5 class=\"wp-block-heading has-text-align-center has-medium-font-size\"><strong>Tilinp\u00e4\u00e4t\u00f6kset ja vuosikertomukset<\/strong><\/h5>\n\n\n\n<p class=\"has-text-align-left has-medium-font-size\">Seurakunnanneuvoston on laadittava seurakunnanvaltuustolle tilinp\u00e4\u00e4t\u00f6s seurakunnan talouden hoidosta kunkin kalenterivuoden p\u00e4\u00e4tytty\u00e4. Tilinp\u00e4\u00e4t\u00f6kseen kuuluvat tuloslaskelma, tase ja niiden liitetiedot sek\u00e4 talousarvion toteutumisvertailu ja toimintakertomus. Tilinp\u00e4\u00e4t\u00f6ksen vahvistamisesta sek\u00e4 vastuuvapauden my\u00f6nt\u00e4misest\u00e4 p\u00e4\u00e4tt\u00e4\u00e4 seurakunnanvaltuusto vuoden ensimm\u00e4isess\u00e4 s\u00e4\u00e4nt\u00f6m\u00e4\u00e4r\u00e4isess\u00e4 kokouksessa. Seurakunnan on toimitettava tilinp\u00e4\u00e4t\u00f6s tiedoksi hiippakunnan piispalle ja kirkollishallitukselle.<\/p>\n\n\n\n<p class=\"has-text-align-left has-medium-font-size\"><a href=\"https:\/\/ort.fi\/turku\/wp-content\/uploads\/2025\/11\/Tilipaatos2024_Netti_kevyt.pdf\">Vuoden 2024 vahvistettu tilinp\u00e4\u00e4t\u00f6s<\/a><\/p>\n\n\n\n<p class=\"has-medium-font-size\"><a href=\"https:\/\/ort.fi\/turku\/wp-content\/uploads\/2025\/11\/Vuosikertomus_2024_Netti.pdf\">Vuoden 2024 vahvistettu vuosikertomus<\/a><\/p>\n\n\n\n<p><\/p>\n","protected":false},"excerpt":{"rendered":"<p>Toiminta- ja taloussuunnitelmat Seurakunnanvaltuuston on hyv\u00e4ksytt\u00e4v\u00e4 talousarvion hyv\u00e4ksymisen yhteydess\u00e4 v\u00e4hint\u00e4\u00e4n kolmea vuotta koskeva toiminta- ja taloussuunnitelma. Talousarviovuosi on toiminta- ja taloussuunnitelmassa ensimm\u00e4inen vuosi. Toiminta- ja taloussuunnitelmassa hyv\u00e4ksyt\u00e4\u00e4n seurakunnan toiminnalliset ja taloudelliset tavoitteet. Toiminta- ja taloussuunnitelma on laadittava siten, ett\u00e4 edellytykset seurakunnan teht\u00e4vien hoitamiseen turvataan. Seurakunnan on toimitettava talousarvio sek\u00e4 toiminta- ja taloussuunnitelma ennen vahvistamista hiippakunnan&hellip; <a class=\"continue\" href=\"https:\/\/ort.fi\/turku\/toimintasuunnitelmat-ja-tilinpaatokset\/\">Continue Reading<span> Toimintasuunnitelmat ja tilinp\u00e4\u00e4t\u00f6kset<\/span><\/a><\/p>\n","protected":false},"author":5,"featured_media":0,"parent":0,"menu_order":0,"comment_status":"closed","ping_status":"closed","template":"","meta":{"slim_seo":{"title":"Toimintasuunnitelmat ja tilinp\u00e4\u00e4t\u00f6kset - Turun ortodoksinen seurakunta","description":"Toiminta- ja taloussuunnitelmat Seurakunnanvaltuuston on hyv\u00e4ksytt\u00e4v\u00e4 talousarvion hyv\u00e4ksymisen yhteydess\u00e4 v\u00e4hint\u00e4\u00e4n kolmea vuotta koskeva toiminta- ja taloussu"},"footnotes":""},"class_list":["post-1357","page","type-page","status-publish"],"_links":{"self":[{"href":"https:\/\/ort.fi\/turku\/wp-json\/wp\/v2\/pages\/1357","targetHints":{"allow":["GET"]}}],"collection":[{"href":"https:\/\/ort.fi\/turku\/wp-json\/wp\/v2\/pages"}],"about":[{"href":"https:\/\/ort.fi\/turku\/wp-json\/wp\/v2\/types\/page"}],"author":[{"embeddable":true,"href":"https:\/\/ort.fi\/turku\/wp-json\/wp\/v2\/users\/5"}],"replies":[{"embeddable":true,"href":"https:\/\/ort.fi\/turku\/wp-json\/wp\/v2\/comments?post=1357"}],"version-history":[{"count":1,"href":"https:\/\/ort.fi\/turku\/wp-json\/wp\/v2\/pages\/1357\/revisions"}],"predecessor-version":[{"id":8623,"href":"https:\/\/ort.fi\/turku\/wp-json\/wp\/v2\/pages\/1357\/revisions\/8623"}],"wp:attachment":[{"href":"https:\/\/ort.fi\/turku\/wp-json\/wp\/v2\/media?parent=1357"}],"curies":[{"name":"wp","href":"https:\/\/api.w.org\/{rel}","templated":true}]}}