{"id":1353,"date":"2024-09-09T18:53:13","date_gmt":"2024-09-09T15:53:13","guid":{"rendered":"https:\/\/ort.fi\/ortturkusrk\/?page_id=1353"},"modified":"2026-03-18T14:12:46","modified_gmt":"2026-03-18T12:12:46","slug":"lautakunnat-ja-muut-luottamuselimet","status":"publish","type":"page","link":"https:\/\/ort.fi\/turku\/lautakunnat-ja-muut-luottamuselimet\/","title":{"rendered":"Lautakunnat ja muut luottamuselimet"},"content":{"rendered":"\n<h5 class=\"wp-block-heading has-text-align-center\"><strong>Kiinteist\u00f6lautakunta<\/strong><\/h5>\n\n\n\n<p class=\"has-medium-font-size\">Kirkkoj\u00e4rjestyksen 87 pyk\u00e4l\u00e4n mukaan kiinteist\u00f6lautakunnan teht\u00e4v\u00e4n\u00e4 on seurakunnan kiinte\u00e4n ja siihen verrattavan omaisuuden hoito ja kunnossapito. Kiinteist\u00f6lautakunta toimii seurakunnanneuvoston alaisuudessa.&nbsp;<\/p>\n\n\n\n<p class=\"has-medium-font-size\">Turun ortodoksisen seurakunnan kiinteist\u00f6lautakunnan j\u00e4senet kaudelle 2024-2027 ovat: Jorma Oksman, Tapio Kaari, Veera Rantanen, Kirill Nikolaev<\/p>\n\n\n\n<p class=\"has-medium-font-size\"><a href=\"https:\/\/ort.fi\/turku\/vuoden-2026-kiinteistolautakunnan-poytakirjat-linkki\/\" title=\"\">Vuoden 2026 kiinteist\u00f6lautakunnan p\u00f6yt\u00e4kirjat (linkki)<\/a><\/p>\n\n\n\n<p class=\"has-medium-font-size\"><a href=\"https:\/\/ort.fi\/turku\/vuoden-2025-kiinteistolautakunnan-poytakirjat\/\">Vuoden 2025 kiinteist\u00f6lautakunnan p\u00f6yt\u00e4kirjat (linkki)<\/a><\/p>\n\n\n\n<p class=\"has-medium-font-size\"><a href=\"https:\/\/ort.fi\/turku\/vuoden-2024-kiinteistolautakunnan-poytakirjat\/\">Vuoden 2024 kiinteist\u00f6lautakunnan p\u00f6yt\u00e4kirjat<\/a> (linkki)<\/p>\n\n\n\n<h5 class=\"wp-block-heading has-text-align-center\"><strong>Vaalilautakunta<\/strong><\/h5>\n\n\n\n<p class=\"has-medium-font-size\">Vaalilautakunta j\u00e4rjest\u00e4\u00e4 joka nelj\u00e4s vuosi valtuuston j\u00e4senten vaalit sek\u00e4 tarvittaessa kirkkoherran vaali.<\/p>\n\n\n\n<p class=\"has-medium-font-size\">Turun ortodoksisen seurakunnan vaalilautakunnan j\u00e4senet kaudelle 2024-2027 ovat: Marianna L\u00e4nne, Maria Florea, Otto P\u00e4rssinen ja kirkkoherra Ioannis Lampropoulos<\/p>\n\n\n\n<p class=\"has-medium-font-size\"><a href=\"https:\/\/ort.fi\/turku\/seurakunnanvaltuuston-vaalit\/\">Vuoden 2023 seurakunnanvaltuuston vaalit<\/a> (linkki)<\/p>\n\n\n\n<h5 class=\"wp-block-heading has-text-align-center\"><strong>Toimikunnat<\/strong><\/h5>\n\n\n\n<p class=\"has-medium-font-size\">Turun ortodoksisen seurakunnassa toimii kaksi toimikuntaa: <strong>kasvatustoiminta <\/strong>ja <strong>diakoniatoimikunta<\/strong>.&nbsp;<\/p>\n\n\n\n<p class=\"has-medium-font-size\"><strong>Kasvatustoiminnan <\/strong>teht\u00e4viin kuuluu seurakunnan perhe-, lapsi- ja nuorisoty\u00f6n, katekumeenity\u00f6n suunnittelu ja toteutus yhdess\u00e4 seurakunnan ty\u00f6ntekij\u00f6iden kanssa. Lis\u00e4ksi kasvatustoimikunta tekee yhteisty\u00f6t\u00e4 Turun seurakunnan alueeseen ty\u00f6skentelevien uskonopettajien kanssa.&nbsp;<\/p>\n\n\n\n<p class=\"has-medium-font-size\">Kasvatustoimikunta: Vera Nazimova, Outi Haapakoski, Nikolaos Lampropoulos, Henri Hane, Aino Rantanen, Elisa Alitupa ja Oksana Forsberg<\/p>\n\n\n\n<p class=\"has-medium-font-size\"><strong>Diakoniatoimikunnan <\/strong>teht\u00e4viin kuuluu seurakunnan l\u00e4himm\u00e4ispalveluty\u00f6n suunnittelu ja arviointi. Diakoniatoimikunta osallistuu my\u00f6s aikuistoiminnan suunnitteluun ja arviointiin.&nbsp;<\/p>\n\n\n\n<p class=\"has-medium-font-size\">Diakoniatoimikunta: Otto P\u00e4rssinen, Wiljam Tschernij, Sanna Suomi, Fatena Farah, Aila Lahtinen ja Valtteri Alitupa<\/p>\n","protected":false},"excerpt":{"rendered":"<p>Kiinteist\u00f6lautakunta Kirkkoj\u00e4rjestyksen 87 pyk\u00e4l\u00e4n mukaan kiinteist\u00f6lautakunnan teht\u00e4v\u00e4n\u00e4 on seurakunnan kiinte\u00e4n ja siihen verrattavan omaisuuden hoito ja kunnossapito. Kiinteist\u00f6lautakunta toimii seurakunnanneuvoston alaisuudessa.&nbsp; Turun ortodoksisen seurakunnan kiinteist\u00f6lautakunnan j\u00e4senet kaudelle 2024-2027 ovat: Jorma Oksman, Tapio Kaari, Veera Rantanen, Kirill Nikolaev Vuoden 2026 kiinteist\u00f6lautakunnan p\u00f6yt\u00e4kirjat (linkki) Vuoden 2025 kiinteist\u00f6lautakunnan p\u00f6yt\u00e4kirjat (linkki) Vuoden 2024 kiinteist\u00f6lautakunnan p\u00f6yt\u00e4kirjat (linkki) Vaalilautakunta Vaalilautakunta j\u00e4rjest\u00e4\u00e4&hellip; <a class=\"continue\" href=\"https:\/\/ort.fi\/turku\/lautakunnat-ja-muut-luottamuselimet\/\">Continue Reading<span> Lautakunnat ja muut luottamuselimet<\/span><\/a><\/p>\n","protected":false},"author":5,"featured_media":0,"parent":0,"menu_order":0,"comment_status":"closed","ping_status":"closed","template":"","meta":{"slim_seo":{"title":"Lautakunnat ja muut luottamuselimet - Turun ortodoksinen seurakunta","description":"Kiinteist\u00f6lautakunta Kirkkoj\u00e4rjestyksen 87 pyk\u00e4l\u00e4n mukaan kiinteist\u00f6lautakunnan teht\u00e4v\u00e4n\u00e4 on seurakunnan kiinte\u00e4n ja siihen verrattavan omaisuuden hoito ja kunn"},"footnotes":""},"class_list":["post-1353","page","type-page","status-publish"],"_links":{"self":[{"href":"https:\/\/ort.fi\/turku\/wp-json\/wp\/v2\/pages\/1353","targetHints":{"allow":["GET"]}}],"collection":[{"href":"https:\/\/ort.fi\/turku\/wp-json\/wp\/v2\/pages"}],"about":[{"href":"https:\/\/ort.fi\/turku\/wp-json\/wp\/v2\/types\/page"}],"author":[{"embeddable":true,"href":"https:\/\/ort.fi\/turku\/wp-json\/wp\/v2\/users\/5"}],"replies":[{"embeddable":true,"href":"https:\/\/ort.fi\/turku\/wp-json\/wp\/v2\/comments?post=1353"}],"version-history":[{"count":3,"href":"https:\/\/ort.fi\/turku\/wp-json\/wp\/v2\/pages\/1353\/revisions"}],"predecessor-version":[{"id":9771,"href":"https:\/\/ort.fi\/turku\/wp-json\/wp\/v2\/pages\/1353\/revisions\/9771"}],"wp:attachment":[{"href":"https:\/\/ort.fi\/turku\/wp-json\/wp\/v2\/media?parent=1353"}],"curies":[{"name":"wp","href":"https:\/\/api.w.org\/{rel}","templated":true}]}}