{"id":1293,"date":"2024-09-09T18:35:14","date_gmt":"2024-09-09T15:35:14","guid":{"rendered":"https:\/\/ort.fi\/ortturkusrk\/?page_id=1293"},"modified":"2025-01-28T20:03:51","modified_gmt":"2025-01-28T18:03:51","slug":"katumuksen-sakramentti-2","status":"publish","type":"page","link":"https:\/\/ort.fi\/turku\/katumuksen-sakramentti-2\/","title":{"rendered":"Katumuksen sakramentti"},"content":{"rendered":"<div class=\"wp-block-image\">\n<figure class=\"alignleft size-full is-resized\"><img loading=\"lazy\" decoding=\"async\" width=\"800\" height=\"527\" src=\"https:\/\/ort.fi\/ortturkusrk\/wp-content\/uploads\/2024\/11\/IMG_20241107_0002-scaled-e1731405679666.jpg\" alt=\"\" class=\"wp-image-2229\" style=\"width:629px;height:auto\"\/><\/figure>\n<\/div>\n\n\n<p>Katumuksen sakramentin tarkoituksena on tukea ihmisen hengellisen ja sielullisen el\u00e4m\u00e4n eheytymist\u00e4. Sakramentti korostaa syntien tunnustamisen ja katumisen merkityst\u00e4. Katumus tarkoittaa ennen kaikkea mielen, k\u00e4ytt\u00e4ytymisen ja ajattelutavan muutosta. Se osoittaa ihmisen halua vaihtaa suuntaa: palata Jumalan yhteyteen, johon meid\u00e4t on kasteen ja mirhavoitelun kautta liitetty, mutta josta olemme erkaantuneet v\u00e4\u00e4rien valintojemme vuoksi.&nbsp;<\/p>\n\n\n\n<p>Sakramenttiin osallistutaan tarpeen mukaan, erityisesti paaston aikoina. Aikuisi\u00e4ll\u00e4 ortodoksiseen kirkkoon liittyv\u00e4 osallistuu my\u00f6s aina katumuksen sakramenttiin ennen mirhavoitelua.<\/p>\n\n\n\n<p>Sakramenttiin valmistautuessa tulee ajatella, mit\u00e4 synti\u00e4 on tehnyt. Synti on kaikkea sit\u00e4, mik\u00e4 erottaa meit\u00e4 Jumalasta ja toisista ihmisist\u00e4: v\u00e4\u00e4r\u00e4t teot tai ajatukset, ylpeys, kateus, pahan puhuminen ja niin edelleen. Lista on pitk\u00e4, eik\u00e4 ole tarkoituksenmukaista luetella papille yksityiskohtaisesti kaikkia synnintekoja. Voit peilata omaa el\u00e4m\u00e4\u00e4si esimerkiksi kymmeneen k\u00e4skyyn.<\/p>\n\n\n\n<p>Sakramentin toimittaminen tapahtuu kirkossa tai muussa sopivassa tilassa. Paikalla ovat pappi (useimmiten sakramenttiin osallistuvan pidempiaikainen rippi-is\u00e4), katuva itse, sek\u00e4 Jumala, joka vastaanottaa sakramentin ja antaa syntimme anteeksi. Pappia sitoo ehdoton vaitiolovelvollisuus. Toimituksessa k\u00e4ytet\u00e4\u00e4n risti\u00e4, evankeliumikirjaa sek\u00e4 papin tai piispan liturgista vaatetta, epitrakiilia. T\u00e4m\u00e4n pappi laittaa synnintunnustuksen tehneen ja polvistuneen tai p\u00e4\u00e4ns\u00e4 kumartaneen katuvan p\u00e4\u00e4lle lausuessaan synninp\u00e4\u00e4st\u00f6rukouksen. Kerran kadutut synnit palavat pois, lakkaavat vaikuttamasta katuvan el\u00e4m\u00e4\u00e4n: niit\u00e4 ei pid\u00e4 muistella, eik\u00e4 niiss\u00e4 en\u00e4\u00e4 piehtaroida.&nbsp;<\/p>\n\n\n\n<p><em>Voit lukea lis\u00e4\u00e4 katumuksen sakramentista <\/em><a href=\"https:\/\/ort.fi\/sakramentit\/katumuksen-sakramentti-2\/\"><em>Suomen ortodoksisen kirkon sivuilta<\/em><\/a><em>.<\/em><\/p>\n\n\n","protected":false},"excerpt":{"rendered":"<p>Katumuksen sakramentin tarkoituksena on tukea ihmisen hengellisen ja sielullisen el\u00e4m\u00e4n eheytymist\u00e4. Sakramentti korostaa syntien tunnustamisen ja katumisen merkityst\u00e4. Katumus tarkoittaa ennen kaikkea mielen, k\u00e4ytt\u00e4ytymisen ja ajattelutavan muutosta. Se osoittaa ihmisen halua vaihtaa suuntaa: palata Jumalan yhteyteen, johon meid\u00e4t on kasteen ja mirhavoitelun kautta liitetty, mutta josta olemme erkaantuneet v\u00e4\u00e4rien valintojemme vuoksi.&nbsp; Sakramenttiin osallistutaan tarpeen mukaan,&hellip; <a class=\"continue\" href=\"https:\/\/ort.fi\/turku\/katumuksen-sakramentti-2\/\">Continue Reading<span> Katumuksen sakramentti<\/span><\/a><\/p>\n","protected":false},"author":5,"featured_media":4877,"parent":0,"menu_order":0,"comment_status":"closed","ping_status":"closed","template":"","meta":{"slim_seo":{"title":"Katumuksen sakramentti - Turun ortodoksinen seurakunta","description":"Katumuksen sakramentin tarkoituksena on tukea ihmisen hengellisen ja sielullisen el\u00e4m\u00e4n eheytymist\u00e4. Sakramentti korostaa syntien tunnustamisen ja katumisen mer"},"footnotes":""},"class_list":["post-1293","page","type-page","status-publish","has-post-thumbnail"],"_links":{"self":[{"href":"https:\/\/ort.fi\/turku\/wp-json\/wp\/v2\/pages\/1293","targetHints":{"allow":["GET"]}}],"collection":[{"href":"https:\/\/ort.fi\/turku\/wp-json\/wp\/v2\/pages"}],"about":[{"href":"https:\/\/ort.fi\/turku\/wp-json\/wp\/v2\/types\/page"}],"author":[{"embeddable":true,"href":"https:\/\/ort.fi\/turku\/wp-json\/wp\/v2\/users\/5"}],"replies":[{"embeddable":true,"href":"https:\/\/ort.fi\/turku\/wp-json\/wp\/v2\/comments?post=1293"}],"version-history":[{"count":0,"href":"https:\/\/ort.fi\/turku\/wp-json\/wp\/v2\/pages\/1293\/revisions"}],"wp:featuredmedia":[{"embeddable":true,"href":"https:\/\/ort.fi\/turku\/wp-json\/wp\/v2\/media\/4877"}],"wp:attachment":[{"href":"https:\/\/ort.fi\/turku\/wp-json\/wp\/v2\/media?parent=1293"}],"curies":[{"name":"wp","href":"https:\/\/api.w.org\/{rel}","templated":true}]}}