{"id":1275,"date":"2024-09-09T18:33:45","date_gmt":"2024-09-09T15:33:45","guid":{"rendered":"https:\/\/ort.fi\/ortturkusrk\/?page_id=1275"},"modified":"2024-11-29T14:56:50","modified_gmt":"2024-11-29T12:56:50","slug":"talkoo-ja-vapaaehtoistoiminta","status":"publish","type":"page","link":"https:\/\/ort.fi\/turku\/talkoo-ja-vapaaehtoistoiminta\/","title":{"rendered":"Talkoo- ja vapaaehtoistoiminta"},"content":{"rendered":"\n<p>Kirkon j\u00e4senyys ymm\u00e4rret\u00e4\u00e4n ortodoksisessa perinteess\u00e4 hyvin konkreettisesti Kristuksen ruumiin j\u00e4senyyten\u00e4. Jokaista kirkon j\u00e4sent\u00e4 kutsutaankin mukaan kehitt\u00e4m\u00e4\u00e4n, ideoimaan, toteuttamaan ja yll\u00e4pit\u00e4m\u00e4\u00e4n oman seurakuntayhteis\u00f6n ja koko kirkon toimintaa.&nbsp;<\/p>\n\n\n\n<p>Turun ortodoksisessa seurakunnassa esimerkiksi tiistaiseurat ja monenlaiset toimintapiirit ovat rikastuttaneet seurakuntamme el\u00e4m\u00e4\u00e4 sek\u00e4 koonneet omalla ty\u00f6ll\u00e4\u00e4n varoja muun muassa pyh\u00e4kk\u00f6jen yll\u00e4pitoon ja kaunistamiseen. Turun seurakunnan pyh\u00e4k\u00f6iss\u00e4 toimivat luottamusteht\u00e4v\u00e4ss\u00e4 is\u00e4nn\u00f6itsij\u00e4t, joka huolehtivat pyh\u00e4k\u00f6n arjesta lumenluonnista tuohusten myyntiin. My\u00f6s Turun ortodoksisen kirkon kuoro ja paikallispyh\u00e4kk\u00f6jen kuorot toimivat vapaaehtoisvoimin.&nbsp;<\/p>\n\n\n\n<p>Turun ortodoksisessa kirkossa tarvitaankin monenlaista osaamista. Uudet apuk\u00e4det ovat aina tervetulleita vaikkapa kirkkokahvien keittoon tai myyj\u00e4isten j\u00e4rjestelyyn. Lis\u00e4ksi vapaaehtoisvoimin py\u00f6ritet\u00e4\u00e4n useita toimintapiirej\u00e4 ja erilaisia asiantuntijateht\u00e4vi\u00e4. Toimia voi vaikkapa verkkosivujen kielenk\u00e4\u00e4nt\u00e4j\u00e4n\u00e4, kirkko-oppaana, valokuvaajana ja niin edelleen.<\/p>\n\n\n\n<p>Vapaaehtoisty\u00f6t\u00e4 voi tehd\u00e4 oman aikataulun mukaan, s\u00e4\u00e4nn\u00f6llisesti tai kerran pari vuodessa. Kerrothan siis seurakunnalle omasta osaamisestasi \u2013 sit\u00e4 tarvitaan varmasti! Voit my\u00f6s kysy\u00e4, mink\u00e4laiset teht\u00e4v\u00e4t seurakunnassa t\u00e4ll\u00e4 hetkell\u00e4 kaipaavat tekij\u00e4\u00e4, ja kertoa samalla, millaista vapaaehtoisty\u00f6t\u00e4 juuri sin\u00e4 haluaisit seurakunnassa tehd\u00e4. Vapaaehtoisty\u00f6 monissa muodoissaan on ratkaisevassa asemassa seurakunnan toiminnassa ja sen organisointi kehittyy koko ajan. Mik\u00e4li olet kiinnostunut tekem\u00e4\u00e4n vapaaehtoisty\u00f6t\u00e4 Turun ortodoksisessa seurakunnassa, otathan yhteytt\u00e4 kirkkoherraan: Is\u00e4 Ioannis Lampropoulos, 050 357 3675, ioannis.lampropoulos@ort.fi.<\/p>\n\n\n\n<p><em>T\u00e4ll\u00e4 sivulla on k\u00e4ytetty l\u00e4hteen\u00e4 <\/em><a href=\"https:\/\/ort.fi\/seurakuntaelama\/talkoo-ja-vapaaehtoistyo\/\"><em>Suomen ortodoksisen kirkon Talkoo- ja vapaaehtoisty\u00f6 -sivua<\/em><\/a><em>.<\/em><\/p>\n","protected":false},"excerpt":{"rendered":"<p>Kirkon j\u00e4senyys ymm\u00e4rret\u00e4\u00e4n ortodoksisessa perinteess\u00e4 hyvin konkreettisesti Kristuksen ruumiin j\u00e4senyyten\u00e4. Jokaista kirkon j\u00e4sent\u00e4 kutsutaankin mukaan kehitt\u00e4m\u00e4\u00e4n, ideoimaan, toteuttamaan ja yll\u00e4pit\u00e4m\u00e4\u00e4n oman seurakuntayhteis\u00f6n ja koko kirkon toimintaa.&nbsp; Turun ortodoksisessa seurakunnassa esimerkiksi tiistaiseurat ja monenlaiset toimintapiirit ovat rikastuttaneet seurakuntamme el\u00e4m\u00e4\u00e4 sek\u00e4 koonneet omalla ty\u00f6ll\u00e4\u00e4n varoja muun muassa pyh\u00e4kk\u00f6jen yll\u00e4pitoon ja kaunistamiseen. Turun seurakunnan pyh\u00e4k\u00f6iss\u00e4 toimivat luottamusteht\u00e4v\u00e4ss\u00e4 is\u00e4nn\u00f6itsij\u00e4t,&hellip; <a class=\"continue\" href=\"https:\/\/ort.fi\/turku\/talkoo-ja-vapaaehtoistoiminta\/\">Continue Reading<span> Talkoo- ja vapaaehtoistoiminta<\/span><\/a><\/p>\n","protected":false},"author":5,"featured_media":0,"parent":0,"menu_order":0,"comment_status":"closed","ping_status":"closed","template":"","meta":{"slim_seo":{"title":"Talkoo- ja vapaaehtoistoiminta - Turun ortodoksinen seurakunta","description":"Kirkon j\u00e4senyys ymm\u00e4rret\u00e4\u00e4n ortodoksisessa perinteess\u00e4 hyvin konkreettisesti Kristuksen ruumiin j\u00e4senyyten\u00e4. Jokaista kirkon j\u00e4sent\u00e4 kutsutaankin mukaan kehitt\u00e4"},"footnotes":""},"class_list":["post-1275","page","type-page","status-publish"],"_links":{"self":[{"href":"https:\/\/ort.fi\/turku\/wp-json\/wp\/v2\/pages\/1275","targetHints":{"allow":["GET"]}}],"collection":[{"href":"https:\/\/ort.fi\/turku\/wp-json\/wp\/v2\/pages"}],"about":[{"href":"https:\/\/ort.fi\/turku\/wp-json\/wp\/v2\/types\/page"}],"author":[{"embeddable":true,"href":"https:\/\/ort.fi\/turku\/wp-json\/wp\/v2\/users\/5"}],"replies":[{"embeddable":true,"href":"https:\/\/ort.fi\/turku\/wp-json\/wp\/v2\/comments?post=1275"}],"version-history":[{"count":0,"href":"https:\/\/ort.fi\/turku\/wp-json\/wp\/v2\/pages\/1275\/revisions"}],"wp:attachment":[{"href":"https:\/\/ort.fi\/turku\/wp-json\/wp\/v2\/media?parent=1275"}],"curies":[{"name":"wp","href":"https:\/\/api.w.org\/{rel}","templated":true}]}}