{"id":10835,"date":"2026-05-04T13:11:37","date_gmt":"2026-05-04T10:11:37","guid":{"rendered":"https:\/\/ort.fi\/turku\/?page_id=10835"},"modified":"2026-05-04T13:16:32","modified_gmt":"2026-05-04T10:16:32","slug":"vuoden-2026-seurakunnanvaltuuston-poytakirjat","status":"publish","type":"page","link":"https:\/\/ort.fi\/turku\/vuoden-2026-seurakunnanvaltuuston-poytakirjat\/","title":{"rendered":"Vuoden 2026 seurakunnanvaltuuston p\u00f6yt\u00e4kirjat\u00a0"},"content":{"rendered":"\n<p class=\"has-medium-font-size\">Ke 20.5.2026, <a href=\"https:\/\/ort.fi\/turku\/wp-content\/uploads\/2026\/05\/Valtuusto_1_2026_kutsu_ja_esityslista_allekirjoitettu.pdf\">Ensimm\u00e4isen s\u00e4\u00e4nt\u00f6m\u00e4\u00e4r\u00e4isen kokouksen kokouskutsu, asialista ja esityslista<\/a><\/p>\n","protected":false},"excerpt":{"rendered":"<p>Ke 20.5.2026, Ensimm\u00e4isen s\u00e4\u00e4nt\u00f6m\u00e4\u00e4r\u00e4isen kokouksen kokouskutsu, asialista ja esityslista<\/p>\n","protected":false},"author":3,"featured_media":0,"parent":0,"menu_order":0,"comment_status":"closed","ping_status":"closed","template":"","meta":{"slim_seo":{"title":"Vuoden 2026 seurakunnanvaltuuston p\u00f6yt\u00e4kirjat\u00a0 - Turun ortodoksinen seurakunta","description":"Ke 20.5.2026, Ensimm\u00e4isen s\u00e4\u00e4nt\u00f6m\u00e4\u00e4r\u00e4isen kokouksen kokouskutsu, asialista ja esityslista"},"footnotes":""},"class_list":["post-10835","page","type-page","status-publish"],"_links":{"self":[{"href":"https:\/\/ort.fi\/turku\/wp-json\/wp\/v2\/pages\/10835","targetHints":{"allow":["GET"]}}],"collection":[{"href":"https:\/\/ort.fi\/turku\/wp-json\/wp\/v2\/pages"}],"about":[{"href":"https:\/\/ort.fi\/turku\/wp-json\/wp\/v2\/types\/page"}],"author":[{"embeddable":true,"href":"https:\/\/ort.fi\/turku\/wp-json\/wp\/v2\/users\/3"}],"replies":[{"embeddable":true,"href":"https:\/\/ort.fi\/turku\/wp-json\/wp\/v2\/comments?post=10835"}],"version-history":[{"count":3,"href":"https:\/\/ort.fi\/turku\/wp-json\/wp\/v2\/pages\/10835\/revisions"}],"predecessor-version":[{"id":10855,"href":"https:\/\/ort.fi\/turku\/wp-json\/wp\/v2\/pages\/10835\/revisions\/10855"}],"wp:attachment":[{"href":"https:\/\/ort.fi\/turku\/wp-json\/wp\/v2\/media?parent=10835"}],"curies":[{"name":"wp","href":"https:\/\/api.w.org\/{rel}","templated":true}]}}