{"id":10125,"date":"2026-03-03T21:09:39","date_gmt":"2026-03-03T19:09:39","guid":{"rendered":"https:\/\/ort.fi\/turku\/?page_id=10125"},"modified":"2026-03-04T11:46:26","modified_gmt":"2026-03-04T09:46:26","slug":"bine-ati-venit-la-cafeaua-de-dupa-slujba","status":"publish","type":"page","link":"https:\/\/ort.fi\/turku\/bine-ati-venit-la-cafeaua-de-dupa-slujba\/","title":{"rendered":"Bine a\u021bi venit la cafeaua de dup\u0103 slujb\u0103!"},"content":{"rendered":"\n<p><strong>Bine a\u021bi venit la cafeaua de dup\u0103 slujb\u0103!<\/strong><\/p>\n\n\n\n<p>\u00cen parohia noastr\u0103, este o tradi\u021bie s\u0103 ne adun\u0103m pentru un moment de comuniune dup\u0103 slujb\u0103. Duminicile \u0219i dup\u0103 marile s\u0103rb\u0103tori, oferim cafeaua de dup\u0103 slujb\u0103\u2013 o ocazie cald\u0103 \u0219i primitoare de a \u00eent\u00e2lni fe\u021be cunoscute \u0219i noi, de a face schimb de ve\u0219ti \u0219i de a petrece timp \u00eempreun\u0103. Cafeaua de dup\u0103 slujb\u0103 bisericii este o parte important\u0103 a spiritului comunitar al parohiei noastre \u0219i este deschis\u0103 tuturor.<\/p>\n\n\n\n<p>Cafeaua de dup\u0103 slujb\u0103 este organizat\u0103 \u00een principal de voluntari. O contribu\u021bie voluntar\u0103 pentru cafeaua de dup\u0103 slujb\u0103&nbsp;este important\u0103, deoarece ajut\u0103 grupurile de activit\u0103\u021bi s\u0103 str\u00e2ng\u0103 fonduri pentru munca lor. Contribu\u021bia face posibil\u0103 \u0219i continuarea \u00eent\u00e2lnirilor de cafea ale bisericii. Caracterul voluntar al pl\u0103\u021bii asigur\u0103 faptul c\u0103 toat\u0103 lumea, indiferent de situa\u021bia financiar\u0103, poate participa la acest moment comunitar al cafelei bisericii.<\/p>\n\n\n\n<p>\u00cen Turku, Salo \u0219i Rauma, contribu\u021bia voluntar\u0103 poate fi pl\u0103tit\u0103 \u0219i cu cardul bancar. Instruc\u021biuni mai detaliate pentru organizatorii cafelei de dup\u0103 slujb\u0103&nbsp;pot fi g\u0103site \u00een partea de jos a paginii.<\/p>\n\n\n\n<p>Dac\u0103 nu a\u021bi organizat anterior&nbsp; cafeaua de dup\u0103 slujb\u0103 , dar a\u021bi fi interesat(\u0103) s\u0103 lua\u021bi parte la organizare, v\u0103 rug\u0103m s\u0103 contacta\u021bi parohia la&nbsp;<a href=\"mailto:turku@ort.fi\"><strong>turku@ort.fi<\/strong><\/a><strong>&nbsp;<\/strong>\/<strong>&nbsp;puh. 044 751 4423<\/strong>.<\/p>\n\n\n\n<p><strong>INSTRUC\u021aIUNI PENTRU VOLUNTARII CARE PREG\u0102TESC CAFEAUA BISERICII<\/strong><\/p>\n\n\n\n<ol start=\"1\" class=\"wp-block-list\">\n<li>Rezerva\u021bi-v\u0103 r\u00e2ndul pe lista (rota) pentru cafeaua bisericii.<\/li>\n\n\n\n<li>Cafeaua bisericii este finan\u021bat\u0103 prin dona\u021bii voluntare, care pot fi pl\u0103tite fie \u00een numerar, fie cu cardul (ulterior \u0219i prin MobilePay).<\/li>\n\n\n\n<li>Parohia pune la dispozi\u021bie terminalul de plat\u0103.<\/li>\n\n\n\n<li>Produsele pentru cafeaua bisericii trebuie s\u0103 aib\u0103 un pre\u021b rezonabil: maximum aproximativ 60 de euro.<\/li>\n\n\n\n<li>Parohia acoper\u0103 costurile produselor pentru cafeaua bisericii p\u00e2n\u0103 la suma maxim\u0103 de 60 de euro.<br>Pe baza bonului fiscal, parohia va rambursa suma persoanei care a pl\u0103tit sau asocia\u021biei.<br>\u00cempreun\u0103 cu bonul fiscal, v\u0103 rug\u0103m s\u0103 furniza\u021bi num\u0103rul de cont bancar \u0219i numele titularului contului pentru efectuarea ramburs\u0103rii.<br>Bonurile fiscale trebuie predate \u00eempreun\u0103 cu formularul de plat\u0103 fie preotului paroh, fie la biroul parohial.<br>Formularele de plat\u0103 se g\u0103sesc \u00een buc\u0103t\u0103rie, \u00een st\u00e2nga cuptorului cu microunde, \u00een al doilea dosar de plastic. Formularul poate fi solicitat \u0219i prin e-mail la:\u00a0<a href=\"mailto:turku@ort.fi\">turku@ort.fi<\/a>.<\/li>\n\n\n\n<li>Voluntarii pot folosi cafeaua, ceaiul, zah\u0103rul \u0219i \u0219erve\u021belele achizi\u021bionate de parohie.<\/li>\n\n\n\n<li>Parohia nu dispune de numerar m\u0103runt (fond de cas\u0103) pentru cafeaua bisericii.<\/li>\n\n\n\n<li>Veniturile din cafeaua bisericii\u00a0TREBUIE S\u0102 FIE VIRATE FIE PAROHIEI, FIE UNEIA DINTRE ASOCIA\u021aII<br>(Friends of Valamo, Turku Tuesday Society sau Corul Bisericii din Turku).<\/li>\n\n\n\n<li>Dac\u0103 dori\u021bi s\u0103 dona\u021bi sau s\u0103 direc\u021biona\u021bi veniturile virate parohiei c\u0103tre o cauz\u0103 specific\u0103<br>(de exemplu Filantropia, M\u0103n\u0103stirea Lintula, activit\u0103\u021bi pentru tineret, diaconie), acest lucru trebuie men\u021bionat la predarea veniturilor.<\/li>\n\n\n\n<li>Parohia are propriul formular de virament pentru \u00eenregistrarea veniturilor din cafeaua bisericii.<br>Banii \u0219i formularul trebuie predate la biroul parohial sau preotului paroh.<br>Formularele de virament se g\u0103sesc \u00een buc\u0103t\u0103rie, \u00een st\u00e2nga cuptorului cu microunde, \u00een al doilea dosar de plastic, sau pot fi solicitate prin e-mail la:\u00a0<a href=\"mailto:turku@ort.fi\">turku@ort.fi<\/a>.<\/li>\n\n\n\n<li>PLICUL CU BANI TREBUIE S\u0102 CON\u021aIN\u0102 \u00ceNTOTDEAUNA INFORMA\u021aII DESPRE SUMA \u00ceNCASAT\u0102, NUMELE EVENIMENTULUI \u0218I DATA.<\/li>\n<\/ol>\n","protected":false},"excerpt":{"rendered":"<p>Bine a\u021bi venit la cafeaua de dup\u0103 slujb\u0103! \u00cen parohia noastr\u0103, este o tradi\u021bie s\u0103 ne adun\u0103m pentru un moment de comuniune dup\u0103 slujb\u0103. Duminicile \u0219i dup\u0103 marile s\u0103rb\u0103tori, oferim cafeaua de dup\u0103 slujb\u0103\u2013 o ocazie cald\u0103 \u0219i primitoare de a \u00eent\u00e2lni fe\u021be cunoscute \u0219i noi, de a face schimb de ve\u0219ti \u0219i de a&hellip; <a class=\"continue\" href=\"https:\/\/ort.fi\/turku\/bine-ati-venit-la-cafeaua-de-dupa-slujba\/\">Continue Reading<span> Bine a\u021bi venit la cafeaua de dup\u0103 slujb\u0103!<\/span><\/a><\/p>\n","protected":false},"author":3,"featured_media":0,"parent":0,"menu_order":0,"comment_status":"closed","ping_status":"closed","template":"","meta":{"slim_seo":{"title":"Bine a\u021bi venit la cafeaua de dup\u0103 slujb\u0103! - Turun ortodoksinen seurakunta","description":"Bine a\u021bi venit la cafeaua de dup\u0103 slujb\u0103! \u00cen parohia noastr\u0103, este o tradi\u021bie s\u0103 ne adun\u0103m pentru un moment de comuniune dup\u0103 slujb\u0103. Duminicile \u0219i dup\u0103 marile"},"footnotes":""},"class_list":["post-10125","page","type-page","status-publish"],"_links":{"self":[{"href":"https:\/\/ort.fi\/turku\/wp-json\/wp\/v2\/pages\/10125","targetHints":{"allow":["GET"]}}],"collection":[{"href":"https:\/\/ort.fi\/turku\/wp-json\/wp\/v2\/pages"}],"about":[{"href":"https:\/\/ort.fi\/turku\/wp-json\/wp\/v2\/types\/page"}],"author":[{"embeddable":true,"href":"https:\/\/ort.fi\/turku\/wp-json\/wp\/v2\/users\/3"}],"replies":[{"embeddable":true,"href":"https:\/\/ort.fi\/turku\/wp-json\/wp\/v2\/comments?post=10125"}],"version-history":[{"count":2,"href":"https:\/\/ort.fi\/turku\/wp-json\/wp\/v2\/pages\/10125\/revisions"}],"predecessor-version":[{"id":10145,"href":"https:\/\/ort.fi\/turku\/wp-json\/wp\/v2\/pages\/10125\/revisions\/10145"}],"wp:attachment":[{"href":"https:\/\/ort.fi\/turku\/wp-json\/wp\/v2\/media?parent=10125"}],"curies":[{"name":"wp","href":"https:\/\/api.w.org\/{rel}","templated":true}]}}