{"id":9259,"date":"2020-06-26T20:32:01","date_gmt":"2020-06-26T17:32:01","guid":{"rendered":"https:\/\/ort.fi\/taipale\/?page_id=9259"},"modified":"2020-06-26T20:32:01","modified_gmt":"2020-06-26T17:32:01","slug":"viinijarven-kirkon-praasniekka-26-6-2020","status":"publish","type":"page","link":"https:\/\/ort.fi\/taipale\/kuvagalleriat\/viinijarven-kirkon-praasniekka-26-6-2020\/","title":{"rendered":"Viinij\u00e4rven kirkon praasniekka 26.6.2020"},"content":{"rendered":"<p>Jumalan\u00e4idin Tihvin\u00e4l\u00e4isen ikonin juhlana, 26.6., toimitettiin Viinij\u00e4rven kirkossa juhlava praasniekkaliturgia, johon kuului my\u00f6s perinteinen ristisaatto Taipaleenjoen rannalle vedenpyhitykseen.<\/p>\n<p>Kuvat: Elisa Hyv\u00e4rinen<\/p>\n<p>ngg_shortcode_0_placeholder&nbsp; &nbsp;<div class=\"addtoany_shortcode\"><div class=\"a2a_kit a2a_kit_size_32 addtoany_list\" data-a2a-url=\"https:\/\/ort.fi\/taipale\/kuvagalleriat\/viinijarven-kirkon-praasniekka-26-6-2020\/\" data-a2a-title=\"Viinij\u00e4rven kirkon praasniekka 26.6.2020\"><a class=\"a2a_button_facebook\" href=\"https:\/\/www.addtoany.com\/add_to\/facebook?linkurl=https%3A%2F%2Fort.fi%2Ftaipale%2Fkuvagalleriat%2Fviinijarven-kirkon-praasniekka-26-6-2020%2F&amp;linkname=Viinij%C3%A4rven%20kirkon%20praasniekka%2026.6.2020\" title=\"Facebook\" rel=\"nofollow noopener\" target=\"_blank\"><\/a><a class=\"a2a_button_twitter\" href=\"https:\/\/www.addtoany.com\/add_to\/twitter?linkurl=https%3A%2F%2Fort.fi%2Ftaipale%2Fkuvagalleriat%2Fviinijarven-kirkon-praasniekka-26-6-2020%2F&amp;linkname=Viinij%C3%A4rven%20kirkon%20praasniekka%2026.6.2020\" title=\"Twitter\" rel=\"nofollow noopener\" target=\"_blank\"><\/a><a class=\"a2a_button_whatsapp\" href=\"https:\/\/www.addtoany.com\/add_to\/whatsapp?linkurl=https%3A%2F%2Fort.fi%2Ftaipale%2Fkuvagalleriat%2Fviinijarven-kirkon-praasniekka-26-6-2020%2F&amp;linkname=Viinij%C3%A4rven%20kirkon%20praasniekka%2026.6.2020\" title=\"WhatsApp\" rel=\"nofollow noopener\" target=\"_blank\"><\/a><a class=\"a2a_button_email\" href=\"https:\/\/www.addtoany.com\/add_to\/email?linkurl=https%3A%2F%2Fort.fi%2Ftaipale%2Fkuvagalleriat%2Fviinijarven-kirkon-praasniekka-26-6-2020%2F&amp;linkname=Viinij%C3%A4rven%20kirkon%20praasniekka%2026.6.2020\" title=\"Email\" rel=\"nofollow noopener\" target=\"_blank\"><\/a><a class=\"a2a_dd addtoany_share_save addtoany_share\" href=\"https:\/\/www.addtoany.com\/share\"><\/a><\/div><\/div><br \/>\n&nbsp; &nbsp;<\/p>\n","protected":false},"excerpt":{"rendered":"<p>Jumalan\u00e4idin Tihvin\u00e4l\u00e4isen ikonin juhlana, 26.6., toimitettiin Viinij\u00e4rven kirkossa juhlava praasniekkaliturgia, johon kuului my\u00f6s perinteinen ristisaatto Taipaleenjoen rannalle vedenpyhitykseen. Kuvat: Elisa Hyv\u00e4rinen &nbsp; &nbsp; &nbsp; &nbsp;<\/p>\n","protected":false},"author":6,"featured_media":0,"parent":604,"menu_order":-15,"comment_status":"closed","ping_status":"closed","template":"","meta":{"ngg_post_thumbnail":0,"footnotes":""},"class_list":["post-9259","page","type-page","status-publish"],"_links":{"self":[{"href":"https:\/\/ort.fi\/taipale\/wp-json\/wp\/v2\/pages\/9259","targetHints":{"allow":["GET"]}}],"collection":[{"href":"https:\/\/ort.fi\/taipale\/wp-json\/wp\/v2\/pages"}],"about":[{"href":"https:\/\/ort.fi\/taipale\/wp-json\/wp\/v2\/types\/page"}],"author":[{"embeddable":true,"href":"https:\/\/ort.fi\/taipale\/wp-json\/wp\/v2\/users\/6"}],"replies":[{"embeddable":true,"href":"https:\/\/ort.fi\/taipale\/wp-json\/wp\/v2\/comments?post=9259"}],"version-history":[{"count":2,"href":"https:\/\/ort.fi\/taipale\/wp-json\/wp\/v2\/pages\/9259\/revisions"}],"predecessor-version":[{"id":9263,"href":"https:\/\/ort.fi\/taipale\/wp-json\/wp\/v2\/pages\/9259\/revisions\/9263"}],"up":[{"embeddable":true,"href":"https:\/\/ort.fi\/taipale\/wp-json\/wp\/v2\/pages\/604"}],"wp:attachment":[{"href":"https:\/\/ort.fi\/taipale\/wp-json\/wp\/v2\/media?parent=9259"}],"curies":[{"name":"wp","href":"https:\/\/api.w.org\/{rel}","templated":true}]}}