{"id":9045,"date":"2020-06-03T17:27:44","date_gmt":"2020-06-03T14:27:44","guid":{"rendered":"https:\/\/ort.fi\/taipale\/?page_id=9045"},"modified":"2020-06-03T17:27:44","modified_gmt":"2020-06-03T14:27:44","slug":"outokummun-kirkon-praasniekka-1-6-2020","status":"publish","type":"page","link":"https:\/\/ort.fi\/taipale\/kuvagalleriat\/outokummun-kirkon-praasniekka-1-6-2020\/","title":{"rendered":"Outokummun kirkon praasniekka 1.6.2020"},"content":{"rendered":"<h4>Outokummussa riemullinen Pyh\u00e4n Hengen praasniekka<\/h4>\n<p>1.6. toimitettu Pyh\u00e4n Hengen p\u00e4iv\u00e4n praasniekkaliturgia oli monellakin tavalla ikimuistettava. Ensimm\u00e4ist\u00e4 kertaa liki kolmeen kuukauteen kirkkokansan oli mahdollista nyt osallistua jumalanpalvelukseen paikan p\u00e4\u00e4ll\u00e4, turvav\u00e4lej\u00e4 noudattaen. Seurakuntalaisten loistavilta kasvoilta v\u00e4littyi riemu pitk\u00e4n odotuksen t\u00e4yttymyksest\u00e4.<\/p>\n<p>Liturgian toimitti yhdess\u00e4 seurakunnan papiston kanssa KP Kuopion ja Karjalan metropoliitta Arseni, joka samalla luovutti kaksi my\u00f6nt\u00e4m\u00e4\u00e4ns\u00e4 tunnustusta. Pastori Tuomas Kallonen sai kultaristin kanto-oikeuden. Outokummun kirkon is\u00e4nt\u00e4 Arvo Naumanen, pitk\u00e4aikainen luottamushenkil\u00f6 neuvostossa ja valtuustossa sek\u00e4 seurakunnan nettisivujen yll\u00e4pit\u00e4j\u00e4, sai piispallisen siunauskirjan.<\/p>\n<p>Liturgian lopuksi toimitettiin kirkon pihamaalla vedenpyhitys ja ristisaatto, jota seuraamaan saapui viel\u00e4 lis\u00e4\u00e4 seurakuntalaisia. Outokummun tiistaiseura oli j\u00e4rjest\u00e4nyt hienosti kirkkokahvit kirkon alakertaan. Epidemia-ajan turvallisuusk\u00e4yt\u00e4nn\u00f6t oli huomioitu, ja my\u00f6s ulkona penkeill\u00e4 oli halutessaan mahdollisuus kahvitella.<\/p>\n<p>Samoja k\u00e4yt\u00e4nt\u00f6j\u00e4 seuraten tullaan toimittamaan muutkin kes\u00e4n praasniekat. Voimassa olevien rajoitusten mukaan jumalanpalveluksiin saa kokoontua enint\u00e4\u00e4n 50hl\u00f6 ja turvav\u00e4lej\u00e4 on noudatettava niin sis\u00e4ll\u00e4 kirkossa kuin pihamaalla. Samanaikaisesti huomioidaan riskiryhmiin kuuluvia, jotka varovat kokoontumisiin osallistumista: Jumalanpalvelusten striimaamista jatketaan ja my\u00f6s jumalanpalvelusten j\u00e4lkeen voi k\u00e4yd\u00e4 pieniss\u00e4 ryhmiss\u00e4 ehtoollisella.<\/p>\n<p>Kuvat: Pentti Potkonen ja Pekka Sinkkonen<\/p>\n<p>ngg_shortcode_0_placeholder<div class=\"addtoany_shortcode\"><div class=\"a2a_kit a2a_kit_size_32 addtoany_list\" data-a2a-url=\"https:\/\/ort.fi\/taipale\/kuvagalleriat\/outokummun-kirkon-praasniekka-1-6-2020\/\" data-a2a-title=\"Outokummun kirkon praasniekka 1.6.2020\"><a class=\"a2a_button_facebook\" href=\"https:\/\/www.addtoany.com\/add_to\/facebook?linkurl=https%3A%2F%2Fort.fi%2Ftaipale%2Fkuvagalleriat%2Foutokummun-kirkon-praasniekka-1-6-2020%2F&amp;linkname=Outokummun%20kirkon%20praasniekka%201.6.2020\" title=\"Facebook\" rel=\"nofollow noopener\" target=\"_blank\"><\/a><a class=\"a2a_button_twitter\" href=\"https:\/\/www.addtoany.com\/add_to\/twitter?linkurl=https%3A%2F%2Fort.fi%2Ftaipale%2Fkuvagalleriat%2Foutokummun-kirkon-praasniekka-1-6-2020%2F&amp;linkname=Outokummun%20kirkon%20praasniekka%201.6.2020\" title=\"Twitter\" rel=\"nofollow noopener\" target=\"_blank\"><\/a><a class=\"a2a_button_whatsapp\" href=\"https:\/\/www.addtoany.com\/add_to\/whatsapp?linkurl=https%3A%2F%2Fort.fi%2Ftaipale%2Fkuvagalleriat%2Foutokummun-kirkon-praasniekka-1-6-2020%2F&amp;linkname=Outokummun%20kirkon%20praasniekka%201.6.2020\" title=\"WhatsApp\" rel=\"nofollow noopener\" target=\"_blank\"><\/a><a class=\"a2a_button_email\" href=\"https:\/\/www.addtoany.com\/add_to\/email?linkurl=https%3A%2F%2Fort.fi%2Ftaipale%2Fkuvagalleriat%2Foutokummun-kirkon-praasniekka-1-6-2020%2F&amp;linkname=Outokummun%20kirkon%20praasniekka%201.6.2020\" title=\"Email\" rel=\"nofollow noopener\" target=\"_blank\"><\/a><a class=\"a2a_dd addtoany_share_save addtoany_share\" href=\"https:\/\/www.addtoany.com\/share\"><\/a><\/div><\/div><\/p>\n","protected":false},"excerpt":{"rendered":"<p>Outokummussa riemullinen Pyh\u00e4n Hengen praasniekka 1.6. toimitettu Pyh\u00e4n Hengen p\u00e4iv\u00e4n praasniekkaliturgia oli monellakin tavalla ikimuistettava. Ensimm\u00e4ist\u00e4 kertaa liki kolmeen kuukauteen kirkkokansan oli mahdollista nyt osallistua jumalanpalvelukseen paikan p\u00e4\u00e4ll\u00e4, turvav\u00e4lej\u00e4 noudattaen. &#8230; <a title=\"Outokummun kirkon praasniekka 1.6.2020\" class=\"read-more\" href=\"https:\/\/ort.fi\/taipale\/kuvagalleriat\/outokummun-kirkon-praasniekka-1-6-2020\/\" aria-label=\"Lue lis\u00e4\u00e4 aiheesta Outokummun kirkon praasniekka 1.6.2020\">Lue lis\u00e4\u00e4<\/a><\/p>\n","protected":false},"author":6,"featured_media":0,"parent":604,"menu_order":-14,"comment_status":"closed","ping_status":"closed","template":"","meta":{"ngg_post_thumbnail":0,"footnotes":""},"class_list":["post-9045","page","type-page","status-publish"],"_links":{"self":[{"href":"https:\/\/ort.fi\/taipale\/wp-json\/wp\/v2\/pages\/9045","targetHints":{"allow":["GET"]}}],"collection":[{"href":"https:\/\/ort.fi\/taipale\/wp-json\/wp\/v2\/pages"}],"about":[{"href":"https:\/\/ort.fi\/taipale\/wp-json\/wp\/v2\/types\/page"}],"author":[{"embeddable":true,"href":"https:\/\/ort.fi\/taipale\/wp-json\/wp\/v2\/users\/6"}],"replies":[{"embeddable":true,"href":"https:\/\/ort.fi\/taipale\/wp-json\/wp\/v2\/comments?post=9045"}],"version-history":[{"count":5,"href":"https:\/\/ort.fi\/taipale\/wp-json\/wp\/v2\/pages\/9045\/revisions"}],"predecessor-version":[{"id":9055,"href":"https:\/\/ort.fi\/taipale\/wp-json\/wp\/v2\/pages\/9045\/revisions\/9055"}],"up":[{"embeddable":true,"href":"https:\/\/ort.fi\/taipale\/wp-json\/wp\/v2\/pages\/604"}],"wp:attachment":[{"href":"https:\/\/ort.fi\/taipale\/wp-json\/wp\/v2\/media?parent=9045"}],"curies":[{"name":"wp","href":"https:\/\/api.w.org\/{rel}","templated":true}]}}