{"id":7231,"date":"2020-01-08T16:13:32","date_gmt":"2020-01-08T14:13:32","guid":{"rendered":"https:\/\/ort.fi\/taipale\/?page_id=7231"},"modified":"2020-01-08T16:21:18","modified_gmt":"2020-01-08T14:21:18","slug":"salokylan-kinkerit-7-1-2020","status":"publish","type":"page","link":"https:\/\/ort.fi\/taipale\/kuvagalleriat\/salokylan-kinkerit-7-1-2020\/","title":{"rendered":"Salokyl\u00e4n kinkerit 7.1.2020"},"content":{"rendered":"<p>Taipaleen vuoden 2020 kinkerit aloitettiin tuttuun tapaan Liperin Salokyl\u00e4lt\u00e4. Kinkereiden pitopaikka oli Hannu Mutasen kotona ja paikalla oli 20 henkil\u00f6\u00e4.<\/p>\n<p>Vuoden 2020 kinkereill\u00e4 syvennyt\u00e4\u00e4n ortodoksiseen nimiperinteeseen ja pyhien ihmisten kunnioittamiseen. Lis\u00e4\u00e4 aiheesta sivulla <a href=\"https:\/\/ort.fi\/taipale\/2019\/12\/27\/taipaleen-kinkerit-2020\/\">Taipaleen kinkerit 2020<\/a>.<\/p>\n<p>Kuvat: Hannu Mutanen<\/p>\n<p>ngg_shortcode_0_placeholder<div class=\"addtoany_shortcode\"><div class=\"a2a_kit a2a_kit_size_32 addtoany_list\" data-a2a-url=\"https:\/\/ort.fi\/taipale\/kuvagalleriat\/salokylan-kinkerit-7-1-2020\/\" data-a2a-title=\"Salokyl\u00e4n kinkerit 7.1.2020\"><a class=\"a2a_button_facebook\" href=\"https:\/\/www.addtoany.com\/add_to\/facebook?linkurl=https%3A%2F%2Fort.fi%2Ftaipale%2Fkuvagalleriat%2Fsalokylan-kinkerit-7-1-2020%2F&amp;linkname=Salokyl%C3%A4n%20kinkerit%207.1.2020\" title=\"Facebook\" rel=\"nofollow noopener\" target=\"_blank\"><\/a><a class=\"a2a_button_twitter\" href=\"https:\/\/www.addtoany.com\/add_to\/twitter?linkurl=https%3A%2F%2Fort.fi%2Ftaipale%2Fkuvagalleriat%2Fsalokylan-kinkerit-7-1-2020%2F&amp;linkname=Salokyl%C3%A4n%20kinkerit%207.1.2020\" title=\"Twitter\" rel=\"nofollow noopener\" target=\"_blank\"><\/a><a class=\"a2a_button_whatsapp\" href=\"https:\/\/www.addtoany.com\/add_to\/whatsapp?linkurl=https%3A%2F%2Fort.fi%2Ftaipale%2Fkuvagalleriat%2Fsalokylan-kinkerit-7-1-2020%2F&amp;linkname=Salokyl%C3%A4n%20kinkerit%207.1.2020\" title=\"WhatsApp\" rel=\"nofollow noopener\" target=\"_blank\"><\/a><a class=\"a2a_button_email\" href=\"https:\/\/www.addtoany.com\/add_to\/email?linkurl=https%3A%2F%2Fort.fi%2Ftaipale%2Fkuvagalleriat%2Fsalokylan-kinkerit-7-1-2020%2F&amp;linkname=Salokyl%C3%A4n%20kinkerit%207.1.2020\" title=\"Email\" rel=\"nofollow noopener\" target=\"_blank\"><\/a><a class=\"a2a_dd addtoany_share_save addtoany_share\" href=\"https:\/\/www.addtoany.com\/share\"><\/a><\/div><\/div><\/p>\n","protected":false},"excerpt":{"rendered":"<p>Taipaleen vuoden 2020 kinkerit aloitettiin tuttuun tapaan Liperin Salokyl\u00e4lt\u00e4. Kinkereiden pitopaikka oli Hannu Mutasen kotona ja paikalla oli 20 henkil\u00f6\u00e4. Vuoden 2020 kinkereill\u00e4 syvennyt\u00e4\u00e4n ortodoksiseen nimiperinteeseen ja pyhien ihmisten kunnioittamiseen. &#8230; <a title=\"Salokyl\u00e4n kinkerit 7.1.2020\" class=\"read-more\" href=\"https:\/\/ort.fi\/taipale\/kuvagalleriat\/salokylan-kinkerit-7-1-2020\/\" aria-label=\"Lue lis\u00e4\u00e4 aiheesta Salokyl\u00e4n kinkerit 7.1.2020\">Lue lis\u00e4\u00e4<\/a><\/p>\n","protected":false},"author":6,"featured_media":0,"parent":604,"menu_order":-8,"comment_status":"closed","ping_status":"closed","template":"","meta":{"ngg_post_thumbnail":0,"footnotes":""},"class_list":["post-7231","page","type-page","status-publish"],"_links":{"self":[{"href":"https:\/\/ort.fi\/taipale\/wp-json\/wp\/v2\/pages\/7231","targetHints":{"allow":["GET"]}}],"collection":[{"href":"https:\/\/ort.fi\/taipale\/wp-json\/wp\/v2\/pages"}],"about":[{"href":"https:\/\/ort.fi\/taipale\/wp-json\/wp\/v2\/types\/page"}],"author":[{"embeddable":true,"href":"https:\/\/ort.fi\/taipale\/wp-json\/wp\/v2\/users\/6"}],"replies":[{"embeddable":true,"href":"https:\/\/ort.fi\/taipale\/wp-json\/wp\/v2\/comments?post=7231"}],"version-history":[{"count":3,"href":"https:\/\/ort.fi\/taipale\/wp-json\/wp\/v2\/pages\/7231\/revisions"}],"predecessor-version":[{"id":7243,"href":"https:\/\/ort.fi\/taipale\/wp-json\/wp\/v2\/pages\/7231\/revisions\/7243"}],"up":[{"embeddable":true,"href":"https:\/\/ort.fi\/taipale\/wp-json\/wp\/v2\/pages\/604"}],"wp:attachment":[{"href":"https:\/\/ort.fi\/taipale\/wp-json\/wp\/v2\/media?parent=7231"}],"curies":[{"name":"wp","href":"https:\/\/api.w.org\/{rel}","templated":true}]}}