{"id":702,"date":"2018-12-05T19:41:01","date_gmt":"2018-12-05T17:41:01","guid":{"rendered":"https:\/\/ort.fi\/taipale\/?page_id=702"},"modified":"2018-12-05T19:41:01","modified_gmt":"2018-12-05T17:41:01","slug":"voiko-ihminen-muuttua","status":"publish","type":"page","link":"https:\/\/ort.fi\/taipale\/opetuskirjoituksia\/voiko-ihminen-muuttua\/","title":{"rendered":"Voiko ihminen muuttua?"},"content":{"rendered":"<p>Siin\u00e4 oikea kysymys, joka oitis t\u00e4yttyy tunteella ja merkityksell\u00e4. Kuka ei olisi joskus kysynyt t\u00e4t\u00e4 mieless\u00e4\u00e4n, kysymyksen v\u00e4reilless\u00e4 uskoa, toivoa, ep\u00e4ilyst\u00e4 ja ehk\u00e4 suruakin. Kuka ei olisi kysynyt t\u00e4t\u00e4 ajatellen itse\u00e4\u00e4n tai jotakin l\u00e4heist\u00e4 ihmist\u00e4.<\/p>\n<p>Vuoden alkuun tiivistyy monella toivo muutoksesta. Edess\u00e4mme on kokonainen vuodenkierto t\u00e4ynn\u00e4 tyhji\u00e4 sivuja, t\u00e4ynn\u00e4 mahdollisuuksia. Kuin puhdas valkoinen hanki uusi vuosi odottaa, ett\u00e4 painamme siihen j\u00e4lkemme, tallaamme siihen uudet polut.<\/p>\n<p>Moni antaa itselleen ja ehk\u00e4 jollekulle toiselle lupauksia muutoksesta. Joku lupaa aloittaa terveemm\u00e4n el\u00e4m\u00e4ntavan, liikkua enemm\u00e4n ja luopua jostakin sitke\u00e4st\u00e4 paheesta. Joku lupaa antaa enemm\u00e4n aikaansa kaikkein t\u00e4rkeimmille asioille ja karsia turhasta. Joku lupaa kohdella paremmin rakkaitaan, ajatella asioita enemm\u00e4n heid\u00e4n kannaltaan.<\/p>\n<p>Mutta mik\u00e4 takaa, ett\u00e4 mik\u00e4\u00e4n muuttuu? Eik\u00f6 ihmiselle ole usein helpompaa jatkaa vanhoilla poluilla, sovittaa askelensa vanhoihin jalanj\u00e4lkiin sen sijaan ett\u00e4 tarpoisi kohti uutta koskematonta hankea? Eik\u00f6 ihminen valitse mieluummin vanhan itsens\u00e4, koska se on niin tuttu kaikissa puutteissaan ja vahva heikkouksissaan?<\/p>\n<p>Ehk\u00e4 merkitt\u00e4vin este muutokselle on se, ett\u00e4 kuvittelemme meill\u00e4 olevan aikaa. Aina vain lis\u00e4\u00e4, loputtomasti aikaa. Kuitenkin joku p\u00e4iv\u00e4 on viimeinen, ja silloin aika meid\u00e4n kohdallamme loppuu. Emme voi ajatella, ett\u00e4 huomenna aloitamme muutoksen, koska emme voi tiet\u00e4\u00e4, onko huomista olemassa! Onko olemassa sit\u00e4 tulevaisuutta, johon jatkuvasti siirr\u00e4mme hyvien p\u00e4\u00e4t\u00f6stemme toteuttamisen?<\/p>\n<p>Siksi apostoli Paavali kirjoittaa: \u201dJuuri nyt on oikea hetki, juuri nyt on pelastuksen p\u00e4iv\u00e4.\u201d Meid\u00e4n on tartuttava t\u00e4h\u00e4n kallisarvoiseen Nyt-hetkeen, t\u00e4h\u00e4n p\u00e4iv\u00e4\u00e4n jonka nimi on T\u00e4n\u00e4\u00e4n, koska se todellisuudessa on ainoa aika, joka meille on olemassa. Menneisyydelle emme voi en\u00e4\u00e4 mit\u00e4\u00e4n, tulevaisuutta meill\u00e4 ei viel\u00e4 ole. Vain t\u00e4n\u00e4\u00e4n on.<\/p>\n<p>Vuoden vaihteen tuntumaan sijoittuu loppiainen, joka ortodoksisessa kirkossa tunnetaan teofaniana, Kristuksen kasteen juhlana. Samalla se kantaa jokaisen kristityn oman kasteen muistoa. Kaste merkitsee radikaalia muutosta. Siihen sis\u00e4ltyy ajatus uudestisyntymisest\u00e4, vanhan ihmisen pois riisumisesta, Kristukseen ja uuteen ihmisyyteen pukeutumisesta, astumisesta liittoon Jumalan kanssa, liittymisest\u00e4 Jumalan kansaan.<\/p>\n<p>Kaste ei siis ole vain ihmisen muuttumista ominaisuuksiltaan, pintapuolisesti, vaan koko ihmisluonnon ja -olemuksen uudistumista. Ihminen joka on luonnollisessa syntym\u00e4ss\u00e4\u00e4n kiinnittynyt lujasti maahan, lujasti luontoon, yhteis\u00f6\u00f6n ja niiden lainalaisuuksiin, saa kasteessa synty\u00e4 uudelleen ylh\u00e4\u00e4lt\u00e4. Kasteessa ihminen saa toiset juuret, jotka kiinnitt\u00e4v\u00e4t h\u00e4net Taivaaseen.<\/p>\n<p>Juuri t\u00e4m\u00e4 on todellisen muutoksen mahdollisuus ihmisess\u00e4. Jos ihminen seuraa kasteessa saamaansa suurta kutsumusta, h\u00e4nell\u00e4 on mahdollisuus kasvaa kohti Kristuksen ja Jumalan kaltaisuutta. Jos ihminen vahvistaa omassa el\u00e4m\u00e4ss\u00e4\u00e4n juuria Taivaaseen, h\u00e4n ei ole en\u00e4\u00e4 vain maan ja ihmisluonnon vanki, ei yhteis\u00f6n tapojen ja tottumusten vanki, vaan h\u00e4n avautuu Jumalan lapsen vapauteen.<\/p>\n<p>Siis voiko ihminen muuttua? Kyll\u00e4 ja ei. Ihminen voi oppia eroon joistakin huonoista tavoista ja omaksua uusia, parempia. Ihminen voi menn\u00e4 itseens\u00e4 ja l\u00f6yt\u00e4\u00e4 perustukset el\u00e4m\u00e4n uudelle suunnalle, rakennusaineksia ehjemm\u00e4lle persoonalle. Mutta ihmeit\u00e4 ihminen ei tee. T\u00e4m\u00e4n on jokainen muutosta janoava saanut karvaasti oppia itsest\u00e4\u00e4n ja l\u00e4heisist\u00e4\u00e4n.<\/p>\n<p>Jumala puolestaan tekee ihmeit\u00e4. Tai pikemminkin Jumalan tavallinen toiminta on ihmeellist\u00e4 meid\u00e4n ahtaasta maailmastamme n\u00e4hden. Todelliseen muutokseen saa ja pit\u00e4\u00e4 uskoa. Sen ainoa aika on nyt ja siihen v\u00e4ltt\u00e4m\u00e4tt\u00e4 vaaditaan kaksi toimijaa: min\u00e4 ja Jumala.<\/p>\n<p>Tuomas Kallonen, tammikuu 2018<\/p>\n","protected":false},"excerpt":{"rendered":"<p>Siin\u00e4 oikea kysymys, joka oitis t\u00e4yttyy tunteella ja merkityksell\u00e4. Kuka ei olisi joskus kysynyt t\u00e4t\u00e4 mieless\u00e4\u00e4n, kysymyksen v\u00e4reilless\u00e4 uskoa, toivoa, ep\u00e4ilyst\u00e4 ja ehk\u00e4 suruakin. Kuka ei olisi kysynyt t\u00e4t\u00e4 ajatellen &#8230; <a title=\"Voiko ihminen muuttua?\" class=\"read-more\" href=\"https:\/\/ort.fi\/taipale\/opetuskirjoituksia\/voiko-ihminen-muuttua\/\" aria-label=\"Lue lis\u00e4\u00e4 aiheesta Voiko ihminen muuttua?\">Lue lis\u00e4\u00e4<\/a><\/p>\n","protected":false},"author":6,"featured_media":0,"parent":630,"menu_order":0,"comment_status":"closed","ping_status":"closed","template":"","meta":{"ngg_post_thumbnail":0,"footnotes":""},"class_list":["post-702","page","type-page","status-publish"],"_links":{"self":[{"href":"https:\/\/ort.fi\/taipale\/wp-json\/wp\/v2\/pages\/702","targetHints":{"allow":["GET"]}}],"collection":[{"href":"https:\/\/ort.fi\/taipale\/wp-json\/wp\/v2\/pages"}],"about":[{"href":"https:\/\/ort.fi\/taipale\/wp-json\/wp\/v2\/types\/page"}],"author":[{"embeddable":true,"href":"https:\/\/ort.fi\/taipale\/wp-json\/wp\/v2\/users\/6"}],"replies":[{"embeddable":true,"href":"https:\/\/ort.fi\/taipale\/wp-json\/wp\/v2\/comments?post=702"}],"version-history":[{"count":1,"href":"https:\/\/ort.fi\/taipale\/wp-json\/wp\/v2\/pages\/702\/revisions"}],"predecessor-version":[{"id":704,"href":"https:\/\/ort.fi\/taipale\/wp-json\/wp\/v2\/pages\/702\/revisions\/704"}],"up":[{"embeddable":true,"href":"https:\/\/ort.fi\/taipale\/wp-json\/wp\/v2\/pages\/630"}],"wp:attachment":[{"href":"https:\/\/ort.fi\/taipale\/wp-json\/wp\/v2\/media?parent=702"}],"curies":[{"name":"wp","href":"https:\/\/api.w.org\/{rel}","templated":true}]}}