{"id":624,"date":"2018-12-01T21:49:57","date_gmt":"2018-12-01T19:49:57","guid":{"rendered":"https:\/\/ort.fi\/taipale\/?page_id=624"},"modified":"2024-11-13T18:38:18","modified_gmt":"2024-11-13T16:38:18","slug":"paatoksenteko","status":"publish","type":"page","link":"https:\/\/ort.fi\/taipale\/paatoksenteko\/","title":{"rendered":"P\u00e4\u00e4t\u00f6ksenteko"},"content":{"rendered":"<ul class=\"ccchildpages_list ccclearfix\">\n<li class=\"page_item page-item-354\"><a href=\"https:\/\/ort.fi\/taipale\/paatoksenteko\/luottamushenkilot\/\">Luottamushenkil\u00f6t<\/a><\/li>\n<li class=\"page_item page-item-370\"><a href=\"https:\/\/ort.fi\/taipale\/paatoksenteko\/poytakirjat\/\">P\u00f6yt\u00e4kirjat<\/a><\/li>\n<li><a href=\"https:\/\/ort.fi\/taipale\/tietosuojaselosteet\/\">Tietosuoja<\/a>&nbsp;<\/li>\n<\/ul>\n","protected":false},"excerpt":{"rendered":"<p>Luottamushenkil\u00f6t P\u00f6yt\u00e4kirjat Tietosuoja&nbsp;<\/p>\n","protected":false},"author":2,"featured_media":0,"parent":0,"menu_order":0,"comment_status":"closed","ping_status":"closed","template":"","meta":{"ngg_post_thumbnail":0,"footnotes":""},"class_list":["post-624","page","type-page","status-publish"],"_links":{"self":[{"href":"https:\/\/ort.fi\/taipale\/wp-json\/wp\/v2\/pages\/624","targetHints":{"allow":["GET"]}}],"collection":[{"href":"https:\/\/ort.fi\/taipale\/wp-json\/wp\/v2\/pages"}],"about":[{"href":"https:\/\/ort.fi\/taipale\/wp-json\/wp\/v2\/types\/page"}],"author":[{"embeddable":true,"href":"https:\/\/ort.fi\/taipale\/wp-json\/wp\/v2\/users\/2"}],"replies":[{"embeddable":true,"href":"https:\/\/ort.fi\/taipale\/wp-json\/wp\/v2\/comments?post=624"}],"version-history":[{"count":3,"href":"https:\/\/ort.fi\/taipale\/wp-json\/wp\/v2\/pages\/624\/revisions"}],"predecessor-version":[{"id":27305,"href":"https:\/\/ort.fi\/taipale\/wp-json\/wp\/v2\/pages\/624\/revisions\/27305"}],"wp:attachment":[{"href":"https:\/\/ort.fi\/taipale\/wp-json\/wp\/v2\/media?parent=624"}],"curies":[{"name":"wp","href":"https:\/\/api.w.org\/{rel}","templated":true}]}}