{"id":4945,"date":"2019-06-27T18:28:31","date_gmt":"2019-06-27T15:28:31","guid":{"rendered":"https:\/\/ort.fi\/taipale\/?page_id=4945"},"modified":"2019-06-27T18:46:51","modified_gmt":"2019-06-27T15:46:51","slug":"viinijarven-kirkon-praasniekka-26-6-2019","status":"publish","type":"page","link":"https:\/\/ort.fi\/taipale\/kuvagalleriat\/viinijarven-kirkon-praasniekka-26-6-2019\/","title":{"rendered":"Viinij\u00e4rven kirkon praasniekka 26.6.2019"},"content":{"rendered":"<p>Viinij\u00e4rven Tihvin\u00e4l\u00e4isen Jumalan\u00e4idin ikonin kirkon vuoden 2019 praasniekka oli tavallistakin juhlavampi. Perinteisten jumalanpalvelusten ja aterian lis\u00e4ksi Viinij\u00e4rven Vanhassa pappilassa ja ulkoteltassa oli juhlaohjelmaa ja Taipaleen taitajien k\u00e4dentaito- ja paikallisperinteen n\u00e4yttely. Esittelyss\u00e4 oli mm. Taipaleen oma feresi-kansanpuku, seurakuntalaisten ja toimintapiirien k\u00e4dentaitojen n\u00e4ytteit\u00e4 sek\u00e4 yst\u00e4vyysseurakunta Obinitsan setu-kulttuuria. Praasniekoilla oli my\u00f6s paljon vieraita muista seurakunnista. Praasniekkapalvelukset toimitti metropoliitta Arseni.<\/p>\nngg_shortcode_0_placeholder\n","protected":false},"excerpt":{"rendered":"<p>Viinij\u00e4rven Tihvin\u00e4l\u00e4isen Jumalan\u00e4idin ikonin kirkon vuoden 2019 praasniekka oli tavallistakin juhlavampi. Perinteisten jumalanpalvelusten ja aterian lis\u00e4ksi Viinij\u00e4rven Vanhassa pappilassa ja ulkoteltassa oli juhlaohjelmaa ja Taipaleen taitajien k\u00e4dentaito- ja paikallisperinteen n\u00e4yttely. &#8230; <a title=\"Viinij\u00e4rven kirkon praasniekka 26.6.2019\" class=\"read-more\" href=\"https:\/\/ort.fi\/taipale\/kuvagalleriat\/viinijarven-kirkon-praasniekka-26-6-2019\/\" aria-label=\"Lue lis\u00e4\u00e4 aiheesta Viinij\u00e4rven kirkon praasniekka 26.6.2019\">Lue lis\u00e4\u00e4<\/a><\/p>\n","protected":false},"author":6,"featured_media":0,"parent":604,"menu_order":-3,"comment_status":"closed","ping_status":"closed","template":"","meta":{"ngg_post_thumbnail":0,"footnotes":""},"class_list":["post-4945","page","type-page","status-publish"],"_links":{"self":[{"href":"https:\/\/ort.fi\/taipale\/wp-json\/wp\/v2\/pages\/4945","targetHints":{"allow":["GET"]}}],"collection":[{"href":"https:\/\/ort.fi\/taipale\/wp-json\/wp\/v2\/pages"}],"about":[{"href":"https:\/\/ort.fi\/taipale\/wp-json\/wp\/v2\/types\/page"}],"author":[{"embeddable":true,"href":"https:\/\/ort.fi\/taipale\/wp-json\/wp\/v2\/users\/6"}],"replies":[{"embeddable":true,"href":"https:\/\/ort.fi\/taipale\/wp-json\/wp\/v2\/comments?post=4945"}],"version-history":[{"count":4,"href":"https:\/\/ort.fi\/taipale\/wp-json\/wp\/v2\/pages\/4945\/revisions"}],"predecessor-version":[{"id":4959,"href":"https:\/\/ort.fi\/taipale\/wp-json\/wp\/v2\/pages\/4945\/revisions\/4959"}],"up":[{"embeddable":true,"href":"https:\/\/ort.fi\/taipale\/wp-json\/wp\/v2\/pages\/604"}],"wp:attachment":[{"href":"https:\/\/ort.fi\/taipale\/wp-json\/wp\/v2\/media?parent=4945"}],"curies":[{"name":"wp","href":"https:\/\/api.w.org\/{rel}","templated":true}]}}