{"id":3343,"date":"2019-02-17T16:00:29","date_gmt":"2019-02-17T14:00:29","guid":{"rendered":"https:\/\/ort.fi\/taipale\/?page_id=3343"},"modified":"2019-02-23T12:21:13","modified_gmt":"2019-02-23T10:21:13","slug":"juliaanan-kirjaston-avajaiset-outokummun-kirkolla-17-2-2019","status":"publish","type":"page","link":"https:\/\/ort.fi\/taipale\/kuvagalleriat\/juliaanan-kirjaston-avajaiset-outokummun-kirkolla-17-2-2019\/","title":{"rendered":"Juliaanan kirjaston avajaiset Outokummun kirkolla 17.2.2019"},"content":{"rendered":"<p>Sunnuntaina 17.2.2019 Outokummun kirkossa toimitetun tuhlaajapojan sunnuntain liturgian j\u00e4lkeen kirkon alakerran seurakuntasalilla tarjottiin kirkkokahvit ja siunattiin k\u00e4ytt\u00f6\u00f6n Juliaanan kirjasto. Lahjoituksena saadussa, l\u00e4hes 600 nidett\u00e4 sis\u00e4lt\u00e4v\u00e4ss\u00e4 kirjastossa on laadukas ja kattava valimoina ortodoksista kirjallisuutta.&nbsp;Lis\u00e4tietoa kirjastosta sivulla <a href=\"https:\/\/ort.fi\/taipale\/kirjastot\/juliaanan-kirjasto-outokummun-kirkolla\/\" target=\"_blank\" rel=\"noopener\">Juliaanan kirjasto Outokummun kirkolla<\/a>.<\/p>\n<p>Kuvat: Arvo Naumanen<\/p>\nngg_shortcode_0_placeholder\n","protected":false},"excerpt":{"rendered":"<p>Sunnuntaina 17.2.2019 Outokummun kirkossa toimitetun tuhlaajapojan sunnuntain liturgian j\u00e4lkeen kirkon alakerran seurakuntasalilla tarjottiin kirkkokahvit ja siunattiin k\u00e4ytt\u00f6\u00f6n Juliaanan kirjasto. Lahjoituksena saadussa, l\u00e4hes 600 nidett\u00e4 sis\u00e4lt\u00e4v\u00e4ss\u00e4 kirjastossa on laadukas ja kattava &#8230; <a title=\"Juliaanan kirjaston avajaiset Outokummun kirkolla 17.2.2019\" class=\"read-more\" href=\"https:\/\/ort.fi\/taipale\/kuvagalleriat\/juliaanan-kirjaston-avajaiset-outokummun-kirkolla-17-2-2019\/\" aria-label=\"Lue lis\u00e4\u00e4 aiheesta Juliaanan kirjaston avajaiset Outokummun kirkolla 17.2.2019\">Lue lis\u00e4\u00e4<\/a><\/p>\n","protected":false},"author":6,"featured_media":0,"parent":604,"menu_order":-1,"comment_status":"closed","ping_status":"closed","template":"","meta":{"ngg_post_thumbnail":0,"footnotes":""},"class_list":["post-3343","page","type-page","status-publish"],"_links":{"self":[{"href":"https:\/\/ort.fi\/taipale\/wp-json\/wp\/v2\/pages\/3343","targetHints":{"allow":["GET"]}}],"collection":[{"href":"https:\/\/ort.fi\/taipale\/wp-json\/wp\/v2\/pages"}],"about":[{"href":"https:\/\/ort.fi\/taipale\/wp-json\/wp\/v2\/types\/page"}],"author":[{"embeddable":true,"href":"https:\/\/ort.fi\/taipale\/wp-json\/wp\/v2\/users\/6"}],"replies":[{"embeddable":true,"href":"https:\/\/ort.fi\/taipale\/wp-json\/wp\/v2\/comments?post=3343"}],"version-history":[{"count":5,"href":"https:\/\/ort.fi\/taipale\/wp-json\/wp\/v2\/pages\/3343\/revisions"}],"predecessor-version":[{"id":3439,"href":"https:\/\/ort.fi\/taipale\/wp-json\/wp\/v2\/pages\/3343\/revisions\/3439"}],"up":[{"embeddable":true,"href":"https:\/\/ort.fi\/taipale\/wp-json\/wp\/v2\/pages\/604"}],"wp:attachment":[{"href":"https:\/\/ort.fi\/taipale\/wp-json\/wp\/v2\/media?parent=3343"}],"curies":[{"name":"wp","href":"https:\/\/api.w.org\/{rel}","templated":true}]}}