{"id":28521,"date":"2025-03-20T10:11:52","date_gmt":"2025-03-20T08:11:52","guid":{"rendered":"https:\/\/ort.fi\/taipale\/?page_id=28521"},"modified":"2025-03-20T10:11:52","modified_gmt":"2025-03-20T08:11:52","slug":"suomalais-ukrainalainen-keskustelukerho","status":"publish","type":"page","link":"https:\/\/ort.fi\/taipale\/suomalais-ukrainalainen-keskustelukerho\/","title":{"rendered":"Suomalais-ukrainalainen keskustelukerho"},"content":{"rendered":"<p>Kerhossa opiskellaan keskustelun kautta arkiel\u00e4m\u00e4n suomen kielt\u00e4.<\/p>\n<p>Tervetuloa kaikki suomen kielt\u00e4 taitavat ja sit\u00e4 opettelevat!<br \/>\n&nbsp; &nbsp;<\/p>\n","protected":false},"excerpt":{"rendered":"<p>Kerhossa opiskellaan keskustelun kautta arkiel\u00e4m\u00e4n suomen kielt\u00e4. Tervetuloa kaikki suomen kielt\u00e4 taitavat ja sit\u00e4 opettelevat! &nbsp; &nbsp;<\/p>\n","protected":false},"author":6,"featured_media":0,"parent":0,"menu_order":0,"comment_status":"closed","ping_status":"closed","template":"","meta":{"ngg_post_thumbnail":0,"footnotes":""},"class_list":["post-28521","page","type-page","status-publish"],"_links":{"self":[{"href":"https:\/\/ort.fi\/taipale\/wp-json\/wp\/v2\/pages\/28521","targetHints":{"allow":["GET"]}}],"collection":[{"href":"https:\/\/ort.fi\/taipale\/wp-json\/wp\/v2\/pages"}],"about":[{"href":"https:\/\/ort.fi\/taipale\/wp-json\/wp\/v2\/types\/page"}],"author":[{"embeddable":true,"href":"https:\/\/ort.fi\/taipale\/wp-json\/wp\/v2\/users\/6"}],"replies":[{"embeddable":true,"href":"https:\/\/ort.fi\/taipale\/wp-json\/wp\/v2\/comments?post=28521"}],"version-history":[{"count":1,"href":"https:\/\/ort.fi\/taipale\/wp-json\/wp\/v2\/pages\/28521\/revisions"}],"predecessor-version":[{"id":28523,"href":"https:\/\/ort.fi\/taipale\/wp-json\/wp\/v2\/pages\/28521\/revisions\/28523"}],"wp:attachment":[{"href":"https:\/\/ort.fi\/taipale\/wp-json\/wp\/v2\/media?parent=28521"}],"curies":[{"name":"wp","href":"https:\/\/api.w.org\/{rel}","templated":true}]}}