{"id":27245,"date":"2024-11-13T17:30:10","date_gmt":"2024-11-13T15:30:10","guid":{"rendered":"https:\/\/ort.fi\/taipale\/?page_id=27245"},"modified":"2024-11-13T18:51:07","modified_gmt":"2024-11-13T16:51:07","slug":"tietosuoja","status":"publish","type":"page","link":"https:\/\/ort.fi\/taipale\/tietosuoja\/","title":{"rendered":"Tietosuoja"},"content":{"rendered":"<p><strong><a href=\"https:\/\/ort.fi\/taipale\/wp-content\/uploads\/2024\/11\/REKISTERITIETOJEN-TARKASTUSPYYNTO.pdf\" target=\"_blank\" rel=\"noopener\">Rekisteritietojen tarkastuslomake<\/a>&nbsp;<\/strong><\/p>\n<p>Seurakunnan rekister\u00f6idyll\u00e4 j\u00e4senell\u00e4 on mahdollisuus tarkastaa omat tietonsa veloituksetta Taipaleen ortodoksisen seurakunnan ja Suomen ortodoksisen kirkon rekistereist\u00e4 kerran vuodessa. Mik\u00e4li rekister\u00f6ity haluaa tarkastaa tietonsa useammin kuin kerran vuodessa, tietojen luovutuksesta perit\u00e4\u00e4n tuntiveloituksen mukainen korvaus.<\/p>\n<p>Tarkastuspyynt\u00f6\u00e4 ei voi tehd\u00e4 s\u00e4hk\u00f6postin tai puhelimen v\u00e4lityksell\u00e4. Tarkastuspyynt\u00f6 tehd\u00e4\u00e4n rekisteritietojen tarkastuspyynt\u00f6lomakkeella, joka l\u00f6ytyy t\u00e4m\u00e4n sivun yl\u00e4osan painikkeen alta. Pdf-muotoinen lomake tulostetaan ja palautetaan t\u00e4ytettyn\u00e4 ja allekirjoitettuna osoitteeseen:<\/p>\n<p><strong>Taipaleen ortodoksinen seurakunta<br \/>\nViinij\u00e4rventie 7<br \/>\n83400 VIINIJ\u00c4RVI<\/strong><\/p>\n<p>Lis\u00e4tietoa tietosuojaan liittyviss\u00e4 kysymyksiss\u00e4 saa seurakunnan kansliasta, kirkkoherralta tai Suomen ortodoksisen kirkon tietosuojavastaava Annaleea Kemppaiselta, annaleea.kemppainen@ort.fi,&nbsp;puh. 040 865 1937.<\/p>\n<p>Seurakunnan tietosuojaselosteet sijaitsevat&nbsp;P\u00e4\u00e4t\u00f6ksenteko-sivulla&nbsp;(otsikon &#8221;Tietosuoja&#8221; alta, josta l\u00f6ytyy my\u00f6s &#8221;Rekisteritietojen tarkistuslomake&#8221;). P\u00e4\u00e4t\u00f6ksenteko sivulta l\u00f6ytyv\u00e4t EU:n yleisen tietosuoja-asetuksen (GDPR) mukaiset tietosuojaselosteet seuraavista Taipaleen ortodoksisen seurakunnan rekistereist\u00e4:<\/p>\n<ul>\n<li>Seurakunnan hallinnon rekisteri<\/li>\n<li>Leiri- ja matkaosallistujien rekisteri<\/li>\n<li>Eden-tietoj\u00e4rjestelm\u00e4\/Taipaleen seurakunnan j\u00e4sentietojen rekisteri<\/li>\n<li>Diakonian asiakasrekisteri<\/li>\n<li>Hautaustoimen rekisteri<\/li>\n<li>Rekisteri ilmoittautumisesta Taipaleen ortodoksisen seurakunnan toimintaan<\/li>\n<li>Vuokralaisten henkil\u00f6rekisterit<\/li>\n<li>Vapaaehtoistoiminnan ja piirien rekisteri<\/li>\n<li>P\u00e4\u00e4tearkiston tutkijarekisteri<br \/>\n&nbsp; &nbsp;<\/li>\n<\/ul>\n","protected":false},"excerpt":{"rendered":"<p>Rekisteritietojen tarkastuslomake&nbsp; Seurakunnan rekister\u00f6idyll\u00e4 j\u00e4senell\u00e4 on mahdollisuus tarkastaa omat tietonsa veloituksetta Taipaleen ortodoksisen seurakunnan ja Suomen ortodoksisen kirkon rekistereist\u00e4 kerran vuodessa. Mik\u00e4li rekister\u00f6ity haluaa tarkastaa tietonsa useammin kuin kerran vuodessa, &#8230; <a title=\"Tietosuoja\" class=\"read-more\" href=\"https:\/\/ort.fi\/taipale\/tietosuoja\/\" aria-label=\"Lue lis\u00e4\u00e4 aiheesta Tietosuoja\">Lue lis\u00e4\u00e4<\/a><\/p>\n","protected":false},"author":6,"featured_media":0,"parent":0,"menu_order":0,"comment_status":"closed","ping_status":"closed","template":"","meta":{"ngg_post_thumbnail":0,"footnotes":""},"class_list":["post-27245","page","type-page","status-publish"],"_links":{"self":[{"href":"https:\/\/ort.fi\/taipale\/wp-json\/wp\/v2\/pages\/27245","targetHints":{"allow":["GET"]}}],"collection":[{"href":"https:\/\/ort.fi\/taipale\/wp-json\/wp\/v2\/pages"}],"about":[{"href":"https:\/\/ort.fi\/taipale\/wp-json\/wp\/v2\/types\/page"}],"author":[{"embeddable":true,"href":"https:\/\/ort.fi\/taipale\/wp-json\/wp\/v2\/users\/6"}],"replies":[{"embeddable":true,"href":"https:\/\/ort.fi\/taipale\/wp-json\/wp\/v2\/comments?post=27245"}],"version-history":[{"count":3,"href":"https:\/\/ort.fi\/taipale\/wp-json\/wp\/v2\/pages\/27245\/revisions"}],"predecessor-version":[{"id":27311,"href":"https:\/\/ort.fi\/taipale\/wp-json\/wp\/v2\/pages\/27245\/revisions\/27311"}],"wp:attachment":[{"href":"https:\/\/ort.fi\/taipale\/wp-json\/wp\/v2\/media?parent=27245"}],"curies":[{"name":"wp","href":"https:\/\/api.w.org\/{rel}","templated":true}]}}