{"id":2317,"date":"2019-01-08T16:06:22","date_gmt":"2019-01-08T14:06:22","guid":{"rendered":"https:\/\/ort.fi\/taipale\/?page_id=2317"},"modified":"2019-01-08T20:32:26","modified_gmt":"2019-01-08T18:32:26","slug":"seurakunta-kriisissa","status":"publish","type":"page","link":"https:\/\/ort.fi\/taipale\/opetuskirjoituksia\/seurakunta-kriisissa\/","title":{"rendered":"Seurakunta kriisiss\u00e4?"},"content":{"rendered":"<p>Sek\u00e4 ortodoksisessa ett\u00e4 luterilaisessa kirkossa seurakunnat kokevat juuri nyt suurta muutospainetta. Luterilaisessa kirkossa neuvotellaan seurakuntayhtymist\u00e4 ja ortodoksisessa kirkossa valmistellaan perusteellista hallinnonuudistusta, jonka tarkoituksena on muodostaa alueeltaan valtavia hallintoalueita, suurseurakuntia. Molemmissa uudistuksissa on pontimena v\u00e4henev\u00e4 v\u00e4est\u00f6 ja sen mukana heikentyv\u00e4 talous.<\/p>\n<p>Taipaleen seurakunnan kohdalla t\u00e4m\u00e4 tarkoittaa lyhyesti seuraavaa: ortodoksisen kirkollishallituksen suunnitelman mukaan vuoden 2020 alussa Kuopion ja Karjalan hiippakunnassa aloittaisi kaksi uutta seurakuntaa, joista it\u00e4inen seurakunta k\u00e4sitt\u00e4isi nykyiset Joensuun, Taipaleen, Ilomantsin ja Nurmeksen seurakunnat \u2013 toisin sanoen koko Pohjois-Karjalan. T\u00e4m\u00e4n yhten\u00e4isen hallintoalueen keskus olisi Joensuu ja sen sis\u00e4lle perustettaisiin kappeliseurakuntia, jotka todenn\u00e4k\u00f6isesti vastaisivat alueeltaan nykyisi\u00e4 seurakuntia.<\/p>\n<p>Siis Taipaleen seurakunnan pyh\u00e4k\u00f6t, ty\u00f6ntekij\u00e4t, seurakunnan perinne ja el\u00e4m\u00e4 s\u00e4ilyisiv\u00e4t ennallaan, mutta hallinnollisesti oltaisiin riippuvaisia suuremmasta kokonaisuudesta. Suurseurakunnassa olisi yksi kirkkoherra ja alueen kappeliseurakunnista koottaisiin yhteinen valtuusto, joka my\u00f6nt\u00e4isi toimintaan tarvittavat m\u00e4\u00e4r\u00e4rahat kappeliseurakunnille. Kappeliseurakuntiin j\u00e4isi toiminnan suunnittelu ja toteutus.<\/p>\n<p>Kaunis ajatus suunnitelman taustalla on se, ett\u00e4 hallintoa keskitt\u00e4m\u00e4ll\u00e4 vapautettaisiin seurakunnan ty\u00f6ntekij\u00f6iden ja erityisesti pappien aikaa hallinnolta varsinaiseen seurakuntaty\u00f6h\u00f6n: ihmisten kohtaamiseen ja palvelemiseen. Toinen kaunis ajatus on se, ett\u00e4 isommalla hallintoalueella voitaisiin paremmin tukea heikommassa asemassa olevia. Siis taloudellisesti paremmin p\u00e4rj\u00e4\u00e4v\u00e4t alueet osallistuisivat heikompien tukemiseen. Samalla voitaisiin paremmin jakaa osaamista ja hy\u00f6ty\u00e4 my\u00f6s muualla tehdyst\u00e4 ty\u00f6st\u00e4. Nyth\u00e4n suurin osa ty\u00f6yhteis\u00f6ist\u00e4mme on vain muutaman hengen kokoisia.<\/p>\n<p>N\u00e4m\u00e4 siis ovat kauniita ajatuksia. Hallinnon kevenemisest\u00e4 ei kuitenkaan ole mit\u00e4\u00e4n takeita; suuria yksik\u00f6it\u00e4 perustettaessa on p\u00e4invastoin totuttu n\u00e4kem\u00e4\u00e4n kasvavaa byrokratiaa. Samoin heikompien tukemiseen olisi varmasti olemassa muitakin \u2013 ja parempia \u2013 vaihtoehtoja kuin kaikkien k\u00e4pyjen ker\u00e4\u00e4minen samaan k\u00e4tk\u00f6\u00f6n. Jo nyt seurakunnat maksavat suuria keskusrahastomaksuja, joilla varakkaammat seurakunnat k\u00e4yt\u00e4nn\u00f6ss\u00e4 avustavat heikompia.<\/p>\n<p>Taipaleen seurakunnassa ei ole miss\u00e4\u00e4n vaiheessa l\u00e4mmetty uudistukselle. Seurakunnan v\u00e4est\u00f6nkehitys ei ole erityisen huolestuttava ja sen talous on vakaalla pohjalla. Mit\u00e4\u00e4n omaa tarvetta uudistukselle siis ei n\u00e4hd\u00e4. Erityisen\u00e4 kiven\u00e4 seurakunnan keng\u00e4ss\u00e4 puristaa se, ett\u00e4 uudistusta ajetaan l\u00e4pi kirkon johdossa vastoin seurakunnan selke\u00e4\u00e4 tahtoa. Pyydet\u00e4\u00e4n seurakunnalta loputtomasti lausuntoja, joilla sitten ei kuitenkaan ole mit\u00e4\u00e4n vaikutusta.<\/p>\n<p>Tilanteesta voisi esitt\u00e4\u00e4 seuraavan vertauksen: Mies ja nainen ovat rinnakkain alttarilla. Pappi kysyy: \u201dTahdotko?\u201d Nainen vastaa: \u201dEn tahdo.\u201d Pappi kysyy uudelleen: \u201dTahdotko?\u201d Nainen uudelleen: \u201dEn viel\u00e4k\u00e4\u00e4n tahdo.\u201d Mit\u00e4 t\u00e4ss\u00e4 olisi teht\u00e4v\u00e4? Kukaan ei poistu ennenkuin oikea vastaus on saatu? V\u00e4syyk\u00f6 nainen lopulta seisomaan ja murtuu ryhm\u00e4paineessa vastaamaan \u201dTahdon.\u201d Mink\u00e4lainen liitto n\u00e4in on solmittu?<\/p>\n<p>Koko Suomi tiet\u00e4\u00e4 jo, ett\u00e4 Taipale ei tahdo. Silti on mahdollista, ett\u00e4 j\u00e4rjestetty liitto solmitaan vastahakoisten kesken. Seurakunnan kohdalla ei tilanne ole kuitenkaan niin lohduton kuin \u00e4skeisess\u00e4 avioliittovertauksessa. Miksi?<\/p>\n<p>Koska uudistuksessa ei uhata seurakunnan olemassaoloa, vaan \u201dainoastaan\u201d riippumattomuutta ja yksinoikeutta omaisuuteensa. Uudistuksessa puhutaan harhaanjohtavasti uudesta suurseurakunnasta, vaikka kyseess\u00e4 on pelkk\u00e4 hallinnollinen alue. Todellinen seurakunta on edelleen se ihmisen kokoinen, kasvoista kasvoihin koettava yhteis\u00f6, joka kokoontuu omaan temppeliin yhteiseen rukoukseen ja osallistuu Herran pyh\u00e4st\u00e4 ehtoollisesta. Todellinen seurakunta on se, joka on rinnalla lapsen syntyess\u00e4 ja vanhuksen pyyt\u00e4ess\u00e4 viimeist\u00e4 ehtoollista kuolinvuoteellaan. Todellisen seurakunnan tavoittaa l\u00e4helt\u00e4 ja tuntee nimelt\u00e4. Se on kaikki rakkaat sisaret ja veljet Kristuksessa, tuttu pappi ja kanttori, tutut ajassa el\u00e4v\u00e4t pitk\u00e4t perinteet. Yhdess\u00e4 jaettu usko, el\u00e4m\u00e4 ja ponnistus oman seurakunnan hyv\u00e4ksi.<\/p>\n<p>Olemme tottuneet nojaamaan Taipaleen metsiss\u00e4 seisoviin honkiin. Mit\u00e4 jos ne eiv\u00e4t kohta olekaan meid\u00e4n yksinomaisuutta? Onko meid\u00e4n itsemme muututtava Taipaleen hongiksi, jotka kannattavat seurakuntaa?<\/p>\n<p>\u00c4lk\u00e4\u00e4 rakkaat taipalelaiset hyl\u00e4tk\u00f6 todellista seurakuntaa, vaikka meille soisikin kohta j\u00e4rjestetyn liiton kellot! \u00c4\u00e4nest\u00e4k\u00e4\u00e4 jaloillanne: tulkaa kirkkoon! \u00c4\u00e4nest\u00e4k\u00e4\u00e4 k\u00e4sill\u00e4nne: antakaa aikaanne ja taitojanne paikallisen yhteis\u00f6mme vahvistamiseksi! \u00c4\u00e4nest\u00e4k\u00e4\u00e4 syd\u00e4mell\u00e4nne: tahtokaa omaa seurakuntaa ja sit\u00e4 ei mik\u00e4\u00e4n voi meilt\u00e4 riist\u00e4\u00e4!<\/p>\n<p>Tuomas Kallonen<\/p>\n","protected":false},"excerpt":{"rendered":"<p>Sek\u00e4 ortodoksisessa ett\u00e4 luterilaisessa kirkossa seurakunnat kokevat juuri nyt suurta muutospainetta. Luterilaisessa kirkossa neuvotellaan seurakuntayhtymist\u00e4 ja ortodoksisessa kirkossa valmistellaan perusteellista hallinnonuudistusta, jonka tarkoituksena on muodostaa alueeltaan valtavia hallintoalueita, suurseurakuntia. Molemmissa &#8230; <a title=\"Seurakunta kriisiss\u00e4?\" class=\"read-more\" href=\"https:\/\/ort.fi\/taipale\/opetuskirjoituksia\/seurakunta-kriisissa\/\" aria-label=\"Lue lis\u00e4\u00e4 aiheesta Seurakunta kriisiss\u00e4?\">Lue lis\u00e4\u00e4<\/a><\/p>\n","protected":false},"author":6,"featured_media":0,"parent":630,"menu_order":0,"comment_status":"closed","ping_status":"closed","template":"","meta":{"ngg_post_thumbnail":0,"footnotes":""},"class_list":["post-2317","page","type-page","status-publish"],"_links":{"self":[{"href":"https:\/\/ort.fi\/taipale\/wp-json\/wp\/v2\/pages\/2317","targetHints":{"allow":["GET"]}}],"collection":[{"href":"https:\/\/ort.fi\/taipale\/wp-json\/wp\/v2\/pages"}],"about":[{"href":"https:\/\/ort.fi\/taipale\/wp-json\/wp\/v2\/types\/page"}],"author":[{"embeddable":true,"href":"https:\/\/ort.fi\/taipale\/wp-json\/wp\/v2\/users\/6"}],"replies":[{"embeddable":true,"href":"https:\/\/ort.fi\/taipale\/wp-json\/wp\/v2\/comments?post=2317"}],"version-history":[{"count":2,"href":"https:\/\/ort.fi\/taipale\/wp-json\/wp\/v2\/pages\/2317\/revisions"}],"predecessor-version":[{"id":2357,"href":"https:\/\/ort.fi\/taipale\/wp-json\/wp\/v2\/pages\/2317\/revisions\/2357"}],"up":[{"embeddable":true,"href":"https:\/\/ort.fi\/taipale\/wp-json\/wp\/v2\/pages\/630"}],"wp:attachment":[{"href":"https:\/\/ort.fi\/taipale\/wp-json\/wp\/v2\/media?parent=2317"}],"curies":[{"name":"wp","href":"https:\/\/api.w.org\/{rel}","templated":true}]}}