{"id":198,"date":"2018-09-22T22:07:30","date_gmt":"2018-09-22T19:07:30","guid":{"rendered":"https:\/\/ort.fi\/taipale\/?page_id=198"},"modified":"2026-01-09T15:23:38","modified_gmt":"2026-01-09T13:23:38","slug":"karjalankielen-ja-kulttuurin-piiri","status":"publish","type":"page","link":"https:\/\/ort.fi\/taipale\/toimintaa\/toimintapiirit\/karjalankielen-ja-kulttuurin-piiri\/","title":{"rendered":"Karjalankielen ja -kulttuurin piiri"},"content":{"rendered":"<p><strong>\u201dTULE PAGISEMAH!\u201d \u2013 karjalankielen ja -kulttuurin piiri (Paginapiiri)<\/strong><\/p>\n<p>Vieg\u00f6 mustat muamon-kieldy? Kai kel v\u00e4h\u00e4gi haluttua pagista karjalakse dai haluot vai kuunnella tsomua kieldy.<\/p>\n<p>Karjalas tulluot dai karjalakse pagiseva rahvas on j\u00e4ren v\u00e4his. Nyg\u00f6i mej\u00e4n pit\u00e4\u00e4 ruveta putilleh ruatamah kielen s\u00e4ilymisen puoles. Vai pagisemal kieli s\u00e4ilyy dai kielikulttuura matkuapi tulebil polvil. Emm\u00f6h\u00e4i anna kielen m\u00e4nn\u00e4 muanrakoh.<\/p>\n<p>Duumaitsemmo yhes programmii. Otammo mukah murginanruadieta, pajatammo, molimmo, tutustummo karjalaseh kulttuurih monel kantil. Emme viel tiij\u00e4, mit\u00e4b\u00f6 kaikkie duumaitsemmo! Puhallammo yhteh hiileh, vot silleh suammo hyv\u00e4n roihun aigaseks.<\/p>\n<p>Jos on kysytt\u00e4vy\u00e4: Marjatta Ruotsalainen p. 0400 176985, Susanna Nikkanen p. 0500 573585<\/p>\n<p>\u201dTULE PAGISEMAH!\u201d \u2013 karjalankielen ja -kulttuurin piiri kokoontuu yleens\u00e4 Outokummun ortodoksisen kirkon alakerrassa (Kirkkopolku 3). Kokoontumisp\u00e4iv\u00e4t ja -ajankohdat; ks. seurakunnan nettisivut ja paikallislehtien kirkolliset ilmoitukset.&nbsp;<\/p>\n<p><strong>Kev\u00e4tkauden 2026 kokoontumiset:<\/strong><br \/>\nKe 21.1. klo 17.30<br \/>\nKe 18.2. klo 17.30<br \/>\nTo 19.3. klo 17.30 Huom. viikonp\u00e4iv\u00e4!<br \/>\nKe 15.4. klo 17.30<br \/>\nToukokuun kerta viel\u00e4 auki<br \/>\n&nbsp; &nbsp;<\/p>\n","protected":false},"excerpt":{"rendered":"<p>\u201dTULE PAGISEMAH!\u201d \u2013 karjalankielen ja -kulttuurin piiri (Paginapiiri) Vieg\u00f6 mustat muamon-kieldy? Kai kel v\u00e4h\u00e4gi haluttua pagista karjalakse dai haluot vai kuunnella tsomua kieldy. Karjalas tulluot dai karjalakse pagiseva rahvas on &#8230; <a title=\"Karjalankielen ja -kulttuurin piiri\" class=\"read-more\" href=\"https:\/\/ort.fi\/taipale\/toimintaa\/toimintapiirit\/karjalankielen-ja-kulttuurin-piiri\/\" aria-label=\"Lue lis\u00e4\u00e4 aiheesta Karjalankielen ja -kulttuurin piiri\">Lue lis\u00e4\u00e4<\/a><\/p>\n","protected":false},"author":6,"featured_media":0,"parent":224,"menu_order":0,"comment_status":"closed","ping_status":"closed","template":"","meta":{"ngg_post_thumbnail":0,"footnotes":""},"class_list":["post-198","page","type-page","status-publish"],"_links":{"self":[{"href":"https:\/\/ort.fi\/taipale\/wp-json\/wp\/v2\/pages\/198","targetHints":{"allow":["GET"]}}],"collection":[{"href":"https:\/\/ort.fi\/taipale\/wp-json\/wp\/v2\/pages"}],"about":[{"href":"https:\/\/ort.fi\/taipale\/wp-json\/wp\/v2\/types\/page"}],"author":[{"embeddable":true,"href":"https:\/\/ort.fi\/taipale\/wp-json\/wp\/v2\/users\/6"}],"replies":[{"embeddable":true,"href":"https:\/\/ort.fi\/taipale\/wp-json\/wp\/v2\/comments?post=198"}],"version-history":[{"count":35,"href":"https:\/\/ort.fi\/taipale\/wp-json\/wp\/v2\/pages\/198\/revisions"}],"predecessor-version":[{"id":31199,"href":"https:\/\/ort.fi\/taipale\/wp-json\/wp\/v2\/pages\/198\/revisions\/31199"}],"up":[{"embeddable":true,"href":"https:\/\/ort.fi\/taipale\/wp-json\/wp\/v2\/pages\/224"}],"wp:attachment":[{"href":"https:\/\/ort.fi\/taipale\/wp-json\/wp\/v2\/media?parent=198"}],"curies":[{"name":"wp","href":"https:\/\/api.w.org\/{rel}","templated":true}]}}