{"id":19639,"date":"2022-12-09T21:15:54","date_gmt":"2022-12-09T19:15:54","guid":{"rendered":"https:\/\/ort.fi\/taipale\/?page_id=19639"},"modified":"2022-12-09T21:15:54","modified_gmt":"2022-12-09T19:15:54","slug":"pureskeltavaa-joulupaastoon-ajateltavaa-adventin-aikaan","status":"publish","type":"page","link":"https:\/\/ort.fi\/taipale\/opetuskirjoituksia\/pureskeltavaa-joulupaastoon-ajateltavaa-adventin-aikaan\/","title":{"rendered":"Pureskeltavaa joulupaastoon, ajateltavaa adventin aikaan"},"content":{"rendered":"<p>Olemme matkalla kohti talven valoisaa ja kaivattua juhlaa: joulua. Varsinkin lapsille kuluvat viikot ovat suurten odotusten ja kihelm\u00f6iv\u00e4n j\u00e4nnityksen t\u00e4ytt\u00e4mi\u00e4. Kunpa kaikille maailman lapsille Jeesuksen syntym\u00e4juhla voisikin olla iloinen ja turvallinen, ett\u00e4 sen saisi viett\u00e4\u00e4 rakastavien ihmisten kanssa ja edes joku toiveista toteutuisi.<\/p>\n<p>Tuleva joulu koittaa kuitenkin t\u00e4ysin uudenlaisessa tilanteessa, vaikka viikkokausia jatkuva valtava mainosten tulva yritt\u00e4\u00e4 huuhtoa menness\u00e4\u00e4n huolen maailman todellisuudesta. Meit\u00e4h\u00e4n on kehoitettu s\u00e4\u00e4st\u00e4m\u00e4\u00e4n s\u00e4hk\u00f6\u00e4 ja kielt\u00e4ytym\u00e4\u00e4n tarpeettoman kr\u00e4\u00e4s\u00e4n hankkimisesta. Kuitenkin, korona-joulujen j\u00e4lkeen, meille hehkutetaan nyt ihanaa, normaalia tuhlaamista ja rajatonta juhlintaa. Osalle se onkin ylensy\u00f6misen ja -juomisen p\u00e4iv\u00e4, joka ei kuitenkaan t\u00e4yt\u00e4 toiveita, vaan j\u00e4tt\u00e4\u00e4 j\u00e4lkeens\u00e4 tympe\u00e4n pettymyksen ja katkeruuden maun.<\/p>\n<p>Joukossamme on nyt my\u00f6s paljon ihmisi\u00e4, jotka ovat menett\u00e4neet menneiden kuukausien aikana kaiken paitsi oman henkens\u00e4. Monella l\u00e4heisell\u00e4mmekin on nykyisess\u00e4 maailmantilanteessa suuri ep\u00e4varmuus ja pelko tulevaisuudesta.<\/p>\n<p>Voisiko t\u00e4m\u00e4 joulu olla oikeasti l\u00e4himm\u00e4isen rakkauden juhla? Maailmaan jouluy\u00f6n\u00e4 syntyv\u00e4 Kristus uhrasi itsens\u00e4 puolestamme. H\u00e4n odottaa meilt\u00e4 erilaisia tekoja kuin itsek\u00e4st\u00e4 materiamereen sukeltamista ja ruuan tuhlaamista. Itsen\u00e4isyytt\u00e4\u00e4n puolustavassa Ukrainassa ei paisteta kinkkuja, eik\u00e4 ostella r\u00f6ykki\u00f6itt\u00e4in turhia tavaroita. Rukouksissamme voimme pyyt\u00e4\u00e4 heille rauhallista joulua, l\u00e4mp\u00f6\u00e4, valoa ja puhdasta juomavett\u00e4. Sen lis\u00e4ksi meid\u00e4n kaikkien tulisi lahjoittaa edes pieni osa oman joulumme viettoon tarkoittamistamme varoista heille. Meid\u00e4n joulurauhallamme on karmea hinta, jota Ukrainan urhea kansa maksaa.<\/p>\n<p>Kirkot ymp\u00e4ri maailman julistavat sanomaa Valoksi syntyv\u00e4st\u00e4 Vapahtajastamme. Suurta juhlaa edelt\u00e4\u00e4 my\u00f6s paasto, johon eiv\u00e4t kuulu riehakkaat, rahaa nielev\u00e4t pikkujoulut. On aika hiljenty\u00e4 ja k\u00e4\u00e4nt\u00e4\u00e4 katse omaan syd\u00e4meen: onko siell\u00e4 tilaa turvaa etsiv\u00e4lle \u00e4idille ja h\u00e4nen syntyv\u00e4lle pienokaiselleen?<\/p>\n<p>Kristus syntyy-kiitt\u00e4k\u00e4\u00e4.<\/p>\n<p>Kaisu Potkonen<\/p>\n<p><div class=\"addtoany_shortcode\"><div class=\"a2a_kit a2a_kit_size_32 addtoany_list\" data-a2a-url=\"https:\/\/ort.fi\/taipale\/opetuskirjoituksia\/pureskeltavaa-joulupaastoon-ajateltavaa-adventin-aikaan\/\" data-a2a-title=\"Pureskeltavaa joulupaastoon, ajateltavaa adventin aikaan\"><a class=\"a2a_button_facebook\" href=\"https:\/\/www.addtoany.com\/add_to\/facebook?linkurl=https%3A%2F%2Fort.fi%2Ftaipale%2Fopetuskirjoituksia%2Fpureskeltavaa-joulupaastoon-ajateltavaa-adventin-aikaan%2F&amp;linkname=Pureskeltavaa%20joulupaastoon%2C%20ajateltavaa%20adventin%20aikaan\" title=\"Facebook\" rel=\"nofollow noopener\" target=\"_blank\"><\/a><a class=\"a2a_button_twitter\" href=\"https:\/\/www.addtoany.com\/add_to\/twitter?linkurl=https%3A%2F%2Fort.fi%2Ftaipale%2Fopetuskirjoituksia%2Fpureskeltavaa-joulupaastoon-ajateltavaa-adventin-aikaan%2F&amp;linkname=Pureskeltavaa%20joulupaastoon%2C%20ajateltavaa%20adventin%20aikaan\" title=\"Twitter\" rel=\"nofollow noopener\" target=\"_blank\"><\/a><a class=\"a2a_button_whatsapp\" href=\"https:\/\/www.addtoany.com\/add_to\/whatsapp?linkurl=https%3A%2F%2Fort.fi%2Ftaipale%2Fopetuskirjoituksia%2Fpureskeltavaa-joulupaastoon-ajateltavaa-adventin-aikaan%2F&amp;linkname=Pureskeltavaa%20joulupaastoon%2C%20ajateltavaa%20adventin%20aikaan\" title=\"WhatsApp\" rel=\"nofollow noopener\" target=\"_blank\"><\/a><a class=\"a2a_button_email\" href=\"https:\/\/www.addtoany.com\/add_to\/email?linkurl=https%3A%2F%2Fort.fi%2Ftaipale%2Fopetuskirjoituksia%2Fpureskeltavaa-joulupaastoon-ajateltavaa-adventin-aikaan%2F&amp;linkname=Pureskeltavaa%20joulupaastoon%2C%20ajateltavaa%20adventin%20aikaan\" title=\"Email\" rel=\"nofollow noopener\" target=\"_blank\"><\/a><a class=\"a2a_dd addtoany_share_save addtoany_share\" href=\"https:\/\/www.addtoany.com\/share\"><\/a><\/div><\/div><br \/>\n&nbsp; &nbsp;<\/p>\n","protected":false},"excerpt":{"rendered":"<p>Olemme matkalla kohti talven valoisaa ja kaivattua juhlaa: joulua. Varsinkin lapsille kuluvat viikot ovat suurten odotusten ja kihelm\u00f6iv\u00e4n j\u00e4nnityksen t\u00e4ytt\u00e4mi\u00e4. Kunpa kaikille maailman lapsille Jeesuksen syntym\u00e4juhla voisikin olla iloinen ja &#8230; <a title=\"Pureskeltavaa joulupaastoon, ajateltavaa adventin aikaan\" class=\"read-more\" href=\"https:\/\/ort.fi\/taipale\/opetuskirjoituksia\/pureskeltavaa-joulupaastoon-ajateltavaa-adventin-aikaan\/\" aria-label=\"Lue lis\u00e4\u00e4 aiheesta Pureskeltavaa joulupaastoon, ajateltavaa adventin aikaan\">Lue lis\u00e4\u00e4<\/a><\/p>\n","protected":false},"author":6,"featured_media":0,"parent":630,"menu_order":0,"comment_status":"closed","ping_status":"closed","template":"","meta":{"ngg_post_thumbnail":0,"footnotes":""},"class_list":["post-19639","page","type-page","status-publish"],"_links":{"self":[{"href":"https:\/\/ort.fi\/taipale\/wp-json\/wp\/v2\/pages\/19639","targetHints":{"allow":["GET"]}}],"collection":[{"href":"https:\/\/ort.fi\/taipale\/wp-json\/wp\/v2\/pages"}],"about":[{"href":"https:\/\/ort.fi\/taipale\/wp-json\/wp\/v2\/types\/page"}],"author":[{"embeddable":true,"href":"https:\/\/ort.fi\/taipale\/wp-json\/wp\/v2\/users\/6"}],"replies":[{"embeddable":true,"href":"https:\/\/ort.fi\/taipale\/wp-json\/wp\/v2\/comments?post=19639"}],"version-history":[{"count":1,"href":"https:\/\/ort.fi\/taipale\/wp-json\/wp\/v2\/pages\/19639\/revisions"}],"predecessor-version":[{"id":19641,"href":"https:\/\/ort.fi\/taipale\/wp-json\/wp\/v2\/pages\/19639\/revisions\/19641"}],"up":[{"embeddable":true,"href":"https:\/\/ort.fi\/taipale\/wp-json\/wp\/v2\/pages\/630"}],"wp:attachment":[{"href":"https:\/\/ort.fi\/taipale\/wp-json\/wp\/v2\/media?parent=19639"}],"curies":[{"name":"wp","href":"https:\/\/api.w.org\/{rel}","templated":true}]}}