{"id":19611,"date":"2022-12-06T16:28:53","date_gmt":"2022-12-06T14:28:53","guid":{"rendered":"https:\/\/ort.fi\/taipale\/?page_id=19611"},"modified":"2024-01-24T18:58:17","modified_gmt":"2024-01-24T16:58:17","slug":"leivontakerho","status":"publish","type":"page","link":"https:\/\/ort.fi\/taipale\/toimintaa\/toimintapiirit\/leivontakerho\/","title":{"rendered":"Leivontakerho"},"content":{"rendered":"<p>Seurakuntaamme on tullut Ukrainasta uusia j\u00e4seni\u00e4 ja olemme saaneet nauttia useissa tilaisuuksissa heid\u00e4n herkullisista leipomuksistaan. Leivontakerho syntyi ajatuksesta, ett\u00e4 yhteisen tekemisen, leipomisen, avulla voisimme oppia toisiltamme ja samalla oppisimme tuntemaan toisiamme. Kokoonnumme kerran kuukaudessa perjantai-iltap\u00e4iv\u00e4ksi leipomaan Outokummun kirkon alakertaan.<\/p>\n<p>Kerho on avoin uusille j\u00e4senille, mutta koska tarvikkeet t\u00e4ytyy hankkia etuk\u00e4teen ja seurakuntasalin keitti\u00f6\u00f6n mahtuu rajoitettu m\u00e4\u00e4r\u00e4 ihmisi\u00e4 ty\u00f6skentelem\u00e4\u00e4n, toivomme ett\u00e4 toiminnasta kiinnostuneet ottaisivat yhteytt\u00e4 Pirjo P\u00f6ll\u00e4seen, puh 050 518 3806, pppollanen@gmail.com.<\/p>\n<p><strong>Kev\u00e4tkauden 2024 kokoontumiset:<\/strong><br \/>\npe 12.1. klo 14-18 <span style=\"color: #ff0000;\">peruttu<\/span><br \/>\npe 16.2. klo 14-18<br \/>\npe 15.3. klo 14-18<br \/>\npe 12.4. klo 14-18<br \/>\npe 17.5. klo 14-18<\/p>\n<p><a href=\"https:\/\/ort.fi\/taipale\/kuvagalleriat\/ukrainalais-suomalainen-leivontakerho\/\">Valokuvia joulukuun 2022 leivontakerhosta<\/a>&nbsp;<\/p>\n<p><div class=\"addtoany_shortcode\"><div class=\"a2a_kit a2a_kit_size_32 addtoany_list\" data-a2a-url=\"https:\/\/ort.fi\/taipale\/toimintaa\/toimintapiirit\/leivontakerho\/\" data-a2a-title=\"Leivontakerho\"><a class=\"a2a_button_facebook\" href=\"https:\/\/www.addtoany.com\/add_to\/facebook?linkurl=https%3A%2F%2Fort.fi%2Ftaipale%2Ftoimintaa%2Ftoimintapiirit%2Fleivontakerho%2F&amp;linkname=Leivontakerho\" title=\"Facebook\" rel=\"nofollow noopener\" target=\"_blank\"><\/a><a class=\"a2a_button_vk\" href=\"https:\/\/www.addtoany.com\/add_to\/vk?linkurl=https%3A%2F%2Fort.fi%2Ftaipale%2Ftoimintaa%2Ftoimintapiirit%2Fleivontakerho%2F&amp;linkname=Leivontakerho\" title=\"VK\" rel=\"nofollow noopener\" target=\"_blank\"><\/a><a class=\"a2a_button_twitter\" href=\"https:\/\/www.addtoany.com\/add_to\/twitter?linkurl=https%3A%2F%2Fort.fi%2Ftaipale%2Ftoimintaa%2Ftoimintapiirit%2Fleivontakerho%2F&amp;linkname=Leivontakerho\" title=\"Twitter\" rel=\"nofollow noopener\" target=\"_blank\"><\/a><a class=\"a2a_button_whatsapp\" href=\"https:\/\/www.addtoany.com\/add_to\/whatsapp?linkurl=https%3A%2F%2Fort.fi%2Ftaipale%2Ftoimintaa%2Ftoimintapiirit%2Fleivontakerho%2F&amp;linkname=Leivontakerho\" title=\"WhatsApp\" rel=\"nofollow noopener\" target=\"_blank\"><\/a><a class=\"a2a_button_email\" href=\"https:\/\/www.addtoany.com\/add_to\/email?linkurl=https%3A%2F%2Fort.fi%2Ftaipale%2Ftoimintaa%2Ftoimintapiirit%2Fleivontakerho%2F&amp;linkname=Leivontakerho\" title=\"Email\" rel=\"nofollow noopener\" target=\"_blank\"><\/a><a class=\"a2a_dd addtoany_share_save addtoany_share\" href=\"https:\/\/www.addtoany.com\/share\"><\/a><\/div><\/div>&nbsp;<br \/>\n&nbsp; &nbsp;<\/p>\n","protected":false},"excerpt":{"rendered":"<p>Seurakuntaamme on tullut Ukrainasta uusia j\u00e4seni\u00e4 ja olemme saaneet nauttia useissa tilaisuuksissa heid\u00e4n herkullisista leipomuksistaan. Leivontakerho syntyi ajatuksesta, ett\u00e4 yhteisen tekemisen, leipomisen, avulla voisimme oppia toisiltamme ja samalla oppisimme tuntemaan &#8230; <a title=\"Leivontakerho\" class=\"read-more\" href=\"https:\/\/ort.fi\/taipale\/toimintaa\/toimintapiirit\/leivontakerho\/\" aria-label=\"Lue lis\u00e4\u00e4 aiheesta Leivontakerho\">Lue lis\u00e4\u00e4<\/a><\/p>\n","protected":false},"author":6,"featured_media":0,"parent":224,"menu_order":0,"comment_status":"closed","ping_status":"closed","template":"","meta":{"ngg_post_thumbnail":0,"footnotes":""},"class_list":["post-19611","page","type-page","status-publish"],"_links":{"self":[{"href":"https:\/\/ort.fi\/taipale\/wp-json\/wp\/v2\/pages\/19611","targetHints":{"allow":["GET"]}}],"collection":[{"href":"https:\/\/ort.fi\/taipale\/wp-json\/wp\/v2\/pages"}],"about":[{"href":"https:\/\/ort.fi\/taipale\/wp-json\/wp\/v2\/types\/page"}],"author":[{"embeddable":true,"href":"https:\/\/ort.fi\/taipale\/wp-json\/wp\/v2\/users\/6"}],"replies":[{"embeddable":true,"href":"https:\/\/ort.fi\/taipale\/wp-json\/wp\/v2\/comments?post=19611"}],"version-history":[{"count":11,"href":"https:\/\/ort.fi\/taipale\/wp-json\/wp\/v2\/pages\/19611\/revisions"}],"predecessor-version":[{"id":24457,"href":"https:\/\/ort.fi\/taipale\/wp-json\/wp\/v2\/pages\/19611\/revisions\/24457"}],"up":[{"embeddable":true,"href":"https:\/\/ort.fi\/taipale\/wp-json\/wp\/v2\/pages\/224"}],"wp:attachment":[{"href":"https:\/\/ort.fi\/taipale\/wp-json\/wp\/v2\/media?parent=19611"}],"curies":[{"name":"wp","href":"https:\/\/api.w.org\/{rel}","templated":true}]}}