{"id":18791,"date":"2022-09-20T19:58:14","date_gmt":"2022-09-20T16:58:14","guid":{"rendered":"https:\/\/ort.fi\/taipale\/?page_id=18791"},"modified":"2022-09-20T20:03:51","modified_gmt":"2022-09-20T17:03:51","slug":"ikonimaalauspiirin-syyskauden-2022-aloitus","status":"publish","type":"page","link":"https:\/\/ort.fi\/taipale\/kuvagalleriat\/ikonimaalauspiirin-syyskauden-2022-aloitus\/","title":{"rendered":"Ikonimaalauspiirin syyskauden 2022 aloitus"},"content":{"rendered":"<p>Taipaleen ikonimaalauspiiri aloitti syyskauden hiljentym\u00e4ll\u00e4 kahdeksi p\u00e4iv\u00e4ksi vanhaan pappilaan 3.-4.9.2022.<br \/>\nHiljaisuuteen saattoi rukouspalveluksen my\u00f6t\u00e4 i Nemanja ja TT pastori Kati Kemppainen syvensi retriittikokemusta kehollisen harjoituksen kautta.<\/p>\n<p>Kuvat: Helena Saaristo-Parovuori<\/p>\nngg_shortcode_0_placeholder\n","protected":false},"excerpt":{"rendered":"<p>Taipaleen ikonimaalauspiiri aloitti syyskauden hiljentym\u00e4ll\u00e4 kahdeksi p\u00e4iv\u00e4ksi vanhaan pappilaan 3.-4.9.2022. Hiljaisuuteen saattoi rukouspalveluksen my\u00f6t\u00e4 i Nemanja ja TT pastori Kati Kemppainen syvensi retriittikokemusta kehollisen harjoituksen kautta. Kuvat: Helena Saaristo-Parovuori &nbsp; &#8230; <a title=\"Ikonimaalauspiirin syyskauden 2022 aloitus\" class=\"read-more\" href=\"https:\/\/ort.fi\/taipale\/kuvagalleriat\/ikonimaalauspiirin-syyskauden-2022-aloitus\/\" aria-label=\"Lue lis\u00e4\u00e4 aiheesta Ikonimaalauspiirin syyskauden 2022 aloitus\">Lue lis\u00e4\u00e4<\/a><\/p>\n","protected":false},"author":6,"featured_media":0,"parent":604,"menu_order":-40,"comment_status":"closed","ping_status":"closed","template":"","meta":{"ngg_post_thumbnail":0,"footnotes":""},"class_list":["post-18791","page","type-page","status-publish"],"_links":{"self":[{"href":"https:\/\/ort.fi\/taipale\/wp-json\/wp\/v2\/pages\/18791","targetHints":{"allow":["GET"]}}],"collection":[{"href":"https:\/\/ort.fi\/taipale\/wp-json\/wp\/v2\/pages"}],"about":[{"href":"https:\/\/ort.fi\/taipale\/wp-json\/wp\/v2\/types\/page"}],"author":[{"embeddable":true,"href":"https:\/\/ort.fi\/taipale\/wp-json\/wp\/v2\/users\/6"}],"replies":[{"embeddable":true,"href":"https:\/\/ort.fi\/taipale\/wp-json\/wp\/v2\/comments?post=18791"}],"version-history":[{"count":3,"href":"https:\/\/ort.fi\/taipale\/wp-json\/wp\/v2\/pages\/18791\/revisions"}],"predecessor-version":[{"id":18805,"href":"https:\/\/ort.fi\/taipale\/wp-json\/wp\/v2\/pages\/18791\/revisions\/18805"}],"up":[{"embeddable":true,"href":"https:\/\/ort.fi\/taipale\/wp-json\/wp\/v2\/pages\/604"}],"wp:attachment":[{"href":"https:\/\/ort.fi\/taipale\/wp-json\/wp\/v2\/media?parent=18791"}],"curies":[{"name":"wp","href":"https:\/\/api.w.org\/{rel}","templated":true}]}}