{"id":18691,"date":"2022-09-18T15:36:59","date_gmt":"2022-09-18T12:36:59","guid":{"rendered":"https:\/\/ort.fi\/taipale\/?page_id=18691"},"modified":"2022-09-20T19:54:17","modified_gmt":"2022-09-20T16:54:17","slug":"piispa-arseni-outokummun-kirkolla-16-9-2022","status":"publish","type":"page","link":"https:\/\/ort.fi\/taipale\/kuvagalleriat\/piispa-arseni-outokummun-kirkolla-16-9-2022\/","title":{"rendered":"Piispa Arseni Outokummun kirkolla 16.9.2022"},"content":{"rendered":"<div class=\"m8h3af8h l7ghb35v kjdc1dyq kmwttqpk gh25dzvf n3t5jt4f\">\n<div dir=\"auto\">Osana Taipaleen ortodoksisen seurakunnan tarkastuksen ohjelmaa KP Kuopion ja Karjalan metropoliitta Arseni vieraili Outokummun Pyh\u00e4n Hengen kirkolla perjantaina 16.9.2022. Ehtoopalveluksen j\u00e4lkeen kirkon alakerran seurakuntasalilla oli tarjolla Outokummun tiistaiseuran j\u00e4rjest\u00e4m\u00e4t iltateet ja ukrainalaisten tekemi\u00e4 leivonnaisia. Kaikilla l\u00e4sn\u00e4olijoilla oli my\u00f6s mahdollisuus keskustella piispan kanssa ja esitt\u00e4\u00e4 h\u00e4nelle kysymyksi\u00e4 ja toivomuksia.<\/div>\n<div dir=\"auto\">&nbsp;<\/div>\n<div dir=\"auto\">Kuvat: P\u00e4ivi ja Arvo Naumanen<br \/>\nngg_shortcode_0_placeholder<div class=\"addtoany_shortcode\"><div class=\"a2a_kit a2a_kit_size_32 addtoany_list\" data-a2a-url=\"https:\/\/ort.fi\/taipale\/kuvagalleriat\/piispa-arseni-outokummun-kirkolla-16-9-2022\/\" data-a2a-title=\"Piispa Arseni Outokummun kirkolla 16.9.2022\"><a class=\"a2a_button_facebook\" href=\"https:\/\/www.addtoany.com\/add_to\/facebook?linkurl=https%3A%2F%2Fort.fi%2Ftaipale%2Fkuvagalleriat%2Fpiispa-arseni-outokummun-kirkolla-16-9-2022%2F&amp;linkname=Piispa%20Arseni%20Outokummun%20kirkolla%2016.9.2022\" title=\"Facebook\" rel=\"nofollow noopener\" target=\"_blank\"><\/a><a class=\"a2a_button_twitter\" href=\"https:\/\/www.addtoany.com\/add_to\/twitter?linkurl=https%3A%2F%2Fort.fi%2Ftaipale%2Fkuvagalleriat%2Fpiispa-arseni-outokummun-kirkolla-16-9-2022%2F&amp;linkname=Piispa%20Arseni%20Outokummun%20kirkolla%2016.9.2022\" title=\"Twitter\" rel=\"nofollow noopener\" target=\"_blank\"><\/a><a class=\"a2a_button_whatsapp\" href=\"https:\/\/www.addtoany.com\/add_to\/whatsapp?linkurl=https%3A%2F%2Fort.fi%2Ftaipale%2Fkuvagalleriat%2Fpiispa-arseni-outokummun-kirkolla-16-9-2022%2F&amp;linkname=Piispa%20Arseni%20Outokummun%20kirkolla%2016.9.2022\" title=\"WhatsApp\" rel=\"nofollow noopener\" target=\"_blank\"><\/a><a class=\"a2a_button_email\" href=\"https:\/\/www.addtoany.com\/add_to\/email?linkurl=https%3A%2F%2Fort.fi%2Ftaipale%2Fkuvagalleriat%2Fpiispa-arseni-outokummun-kirkolla-16-9-2022%2F&amp;linkname=Piispa%20Arseni%20Outokummun%20kirkolla%2016.9.2022\" title=\"Email\" rel=\"nofollow noopener\" target=\"_blank\"><\/a><a class=\"a2a_dd addtoany_share_save addtoany_share\" href=\"https:\/\/www.addtoany.com\/share\"><\/a><\/div><\/div><\/div>\n<\/div>\n","protected":false},"excerpt":{"rendered":"<p>Osana Taipaleen ortodoksisen seurakunnan tarkastuksen ohjelmaa KP Kuopion ja Karjalan metropoliitta Arseni vieraili Outokummun Pyh\u00e4n Hengen kirkolla perjantaina 16.9.2022. Ehtoopalveluksen j\u00e4lkeen kirkon alakerran seurakuntasalilla oli tarjolla Outokummun tiistaiseuran j\u00e4rjest\u00e4m\u00e4t iltateet &#8230; <a title=\"Piispa Arseni Outokummun kirkolla 16.9.2022\" class=\"read-more\" href=\"https:\/\/ort.fi\/taipale\/kuvagalleriat\/piispa-arseni-outokummun-kirkolla-16-9-2022\/\" aria-label=\"Lue lis\u00e4\u00e4 aiheesta Piispa Arseni Outokummun kirkolla 16.9.2022\">Lue lis\u00e4\u00e4<\/a><\/p>\n","protected":false},"author":6,"featured_media":0,"parent":604,"menu_order":-42,"comment_status":"closed","ping_status":"closed","template":"","meta":{"ngg_post_thumbnail":0,"footnotes":""},"class_list":["post-18691","page","type-page","status-publish"],"_links":{"self":[{"href":"https:\/\/ort.fi\/taipale\/wp-json\/wp\/v2\/pages\/18691","targetHints":{"allow":["GET"]}}],"collection":[{"href":"https:\/\/ort.fi\/taipale\/wp-json\/wp\/v2\/pages"}],"about":[{"href":"https:\/\/ort.fi\/taipale\/wp-json\/wp\/v2\/types\/page"}],"author":[{"embeddable":true,"href":"https:\/\/ort.fi\/taipale\/wp-json\/wp\/v2\/users\/6"}],"replies":[{"embeddable":true,"href":"https:\/\/ort.fi\/taipale\/wp-json\/wp\/v2\/comments?post=18691"}],"version-history":[{"count":5,"href":"https:\/\/ort.fi\/taipale\/wp-json\/wp\/v2\/pages\/18691\/revisions"}],"predecessor-version":[{"id":18697,"href":"https:\/\/ort.fi\/taipale\/wp-json\/wp\/v2\/pages\/18691\/revisions\/18697"}],"up":[{"embeddable":true,"href":"https:\/\/ort.fi\/taipale\/wp-json\/wp\/v2\/pages\/604"}],"wp:attachment":[{"href":"https:\/\/ort.fi\/taipale\/wp-json\/wp\/v2\/media?parent=18691"}],"curies":[{"name":"wp","href":"https:\/\/api.w.org\/{rel}","templated":true}]}}