{"id":18479,"date":"2022-09-04T19:24:09","date_gmt":"2022-09-04T16:24:09","guid":{"rendered":"https:\/\/ort.fi\/taipale\/?page_id=18479"},"modified":"2022-09-04T19:24:09","modified_gmt":"2022-09-04T16:24:09","slug":"kaisu-40-vuotta-kanttorina","status":"publish","type":"page","link":"https:\/\/ort.fi\/taipale\/kuvagalleriat\/kaisu-40-vuotta-kanttorina\/","title":{"rendered":"Kaisu 40 vuotta kanttorina"},"content":{"rendered":"<p>Sunnuntaina 4.9.2022 juhlistimme liturgian yhteydess\u00e4 Viinij\u00e4rvell\u00e4 Kaisu -kanttoria. Kaisulla tuli 1.9. t\u00e4yteen 40 vuotta kanttorina. Taipaleen kirkon yst\u00e4v\u00e4t j\u00e4rjestiv\u00e4t Kaisulle juhlavat yll\u00e4tyskirkkokahvit. Kaisu oli t\u00e4ysin yll\u00e4tetty! Seurakuntalaiset ja ty\u00f6kaverit muistivat Kaisua juhlassa l\u00e4mpimin sanoin, halauksin, kukin ja lahjoin.<\/p>\n<p>Juhlan kunniaksi Kaisusta on tehty juhla-artikkeli, jossa Kaisun tuntevat kertovat muistojaan Kaisusta kanttoriuran ajalta ja onnittelevat h\u00e4nt\u00e4 l\u00e4mpimin sanoin. T\u00e4ss\u00e4 muutama Pentti Potkosen ottama valokuva &#8221;Kaisu 40 vuotta kanttorina&#8221; -yll\u00e4tysjuhlista. Monia armorikkaita vuosia Kaisulle! \ud83c\udf39\ud83c\udfbc\ud83c\udfb5\ud83c\udfb6<\/p>\n<p>P\u00e4\u00e4set lukemaan Aamun Koiton artikkelia <a href=\"https:\/\/aamunkoitto.fi\/arki-ihmiset\/kaisu-potkonen-40-vuotta-kanttorina-sydamesta-tullut-aanenmuodostuksen-tarkein-elin\" target=\"_blank\" rel=\"noopener\"><strong>t\u00e4st\u00e4 linkist\u00e4<\/strong><\/a><\/p>\n<p>ngg_shortcode_0_placeholder&nbsp; &nbsp;<div class=\"addtoany_shortcode\"><div class=\"a2a_kit a2a_kit_size_32 addtoany_list\" data-a2a-url=\"https:\/\/ort.fi\/taipale\/kuvagalleriat\/kaisu-40-vuotta-kanttorina\/\" data-a2a-title=\"Kaisu 40 vuotta kanttorina\"><a class=\"a2a_button_facebook\" href=\"https:\/\/www.addtoany.com\/add_to\/facebook?linkurl=https%3A%2F%2Fort.fi%2Ftaipale%2Fkuvagalleriat%2Fkaisu-40-vuotta-kanttorina%2F&amp;linkname=Kaisu%2040%20vuotta%20kanttorina\" title=\"Facebook\" rel=\"nofollow noopener\" target=\"_blank\"><\/a><a class=\"a2a_button_twitter\" href=\"https:\/\/www.addtoany.com\/add_to\/twitter?linkurl=https%3A%2F%2Fort.fi%2Ftaipale%2Fkuvagalleriat%2Fkaisu-40-vuotta-kanttorina%2F&amp;linkname=Kaisu%2040%20vuotta%20kanttorina\" title=\"Twitter\" rel=\"nofollow noopener\" target=\"_blank\"><\/a><a class=\"a2a_button_whatsapp\" href=\"https:\/\/www.addtoany.com\/add_to\/whatsapp?linkurl=https%3A%2F%2Fort.fi%2Ftaipale%2Fkuvagalleriat%2Fkaisu-40-vuotta-kanttorina%2F&amp;linkname=Kaisu%2040%20vuotta%20kanttorina\" title=\"WhatsApp\" rel=\"nofollow noopener\" target=\"_blank\"><\/a><a class=\"a2a_button_email\" href=\"https:\/\/www.addtoany.com\/add_to\/email?linkurl=https%3A%2F%2Fort.fi%2Ftaipale%2Fkuvagalleriat%2Fkaisu-40-vuotta-kanttorina%2F&amp;linkname=Kaisu%2040%20vuotta%20kanttorina\" title=\"Email\" rel=\"nofollow noopener\" target=\"_blank\"><\/a><a class=\"a2a_dd addtoany_share_save addtoany_share\" href=\"https:\/\/www.addtoany.com\/share\"><\/a><\/div><\/div><\/p>\n","protected":false},"excerpt":{"rendered":"<p>Sunnuntaina 4.9.2022 juhlistimme liturgian yhteydess\u00e4 Viinij\u00e4rvell\u00e4 Kaisu -kanttoria. Kaisulla tuli 1.9. t\u00e4yteen 40 vuotta kanttorina. Taipaleen kirkon yst\u00e4v\u00e4t j\u00e4rjestiv\u00e4t Kaisulle juhlavat yll\u00e4tyskirkkokahvit. Kaisu oli t\u00e4ysin yll\u00e4tetty! Seurakuntalaiset ja ty\u00f6kaverit muistivat &#8230; <a title=\"Kaisu 40 vuotta kanttorina\" class=\"read-more\" href=\"https:\/\/ort.fi\/taipale\/kuvagalleriat\/kaisu-40-vuotta-kanttorina\/\" aria-label=\"Lue lis\u00e4\u00e4 aiheesta Kaisu 40 vuotta kanttorina\">Lue lis\u00e4\u00e4<\/a><\/p>\n","protected":false},"author":6,"featured_media":0,"parent":604,"menu_order":-39,"comment_status":"closed","ping_status":"closed","template":"","meta":{"ngg_post_thumbnail":0,"footnotes":""},"class_list":["post-18479","page","type-page","status-publish"],"_links":{"self":[{"href":"https:\/\/ort.fi\/taipale\/wp-json\/wp\/v2\/pages\/18479","targetHints":{"allow":["GET"]}}],"collection":[{"href":"https:\/\/ort.fi\/taipale\/wp-json\/wp\/v2\/pages"}],"about":[{"href":"https:\/\/ort.fi\/taipale\/wp-json\/wp\/v2\/types\/page"}],"author":[{"embeddable":true,"href":"https:\/\/ort.fi\/taipale\/wp-json\/wp\/v2\/users\/6"}],"replies":[{"embeddable":true,"href":"https:\/\/ort.fi\/taipale\/wp-json\/wp\/v2\/comments?post=18479"}],"version-history":[{"count":5,"href":"https:\/\/ort.fi\/taipale\/wp-json\/wp\/v2\/pages\/18479\/revisions"}],"predecessor-version":[{"id":18497,"href":"https:\/\/ort.fi\/taipale\/wp-json\/wp\/v2\/pages\/18479\/revisions\/18497"}],"up":[{"embeddable":true,"href":"https:\/\/ort.fi\/taipale\/wp-json\/wp\/v2\/pages\/604"}],"wp:attachment":[{"href":"https:\/\/ort.fi\/taipale\/wp-json\/wp\/v2\/media?parent=18479"}],"curies":[{"name":"wp","href":"https:\/\/api.w.org\/{rel}","templated":true}]}}