{"id":18269,"date":"2022-08-22T16:56:46","date_gmt":"2022-08-22T13:56:46","guid":{"rendered":"https:\/\/ort.fi\/taipale\/?page_id=18269"},"modified":"2022-08-22T16:56:46","modified_gmt":"2022-08-22T13:56:46","slug":"diakoni-mauri-mutanen-70-v","status":"publish","type":"page","link":"https:\/\/ort.fi\/taipale\/kuvagalleriat\/diakoni-mauri-mutanen-70-v\/","title":{"rendered":"Diakoni Mauri Mutanen 70 v."},"content":{"rendered":"<p>Taipaleen diakoni Mauri Mutanen on t\u00e4ytt\u00e4nyt 70 vuotta.<\/p>\n<p>Kiitosrukoushetki toimitettiin Liperin tsasounassa liturgian j\u00e4lkeen 21.8.2022. Diakoni Mauri on palvellut n\u00f6yr\u00e4n palvelijan rakkaudella Taipaleen seurakunnan diakonina yli 20 vuotta.<\/p>\n<p>Monia armorikkaita vuosia is\u00e4 Maurille!<\/p>\n<p>Kuva: Martti V\u00e4litalo<\/p>\n<figure id=\"attachment_18277\" aria-describedby=\"caption-attachment-18277\" style=\"width: 2038px\" class=\"wp-caption alignnone\"><a href=\"https:\/\/ort.fi\/taipale\/wp-content\/uploads\/2022\/08\/IMG-20220821-WA0000.jpg\"><img loading=\"lazy\" decoding=\"async\" class=\"wp-image-18277 size-full\" src=\"https:\/\/ort.fi\/taipale\/wp-content\/uploads\/2022\/08\/IMG-20220821-WA0000.jpg\" alt=\"\" width=\"2048\" height=\"1398\" srcset=\"https:\/\/ort.fi\/taipale\/wp-content\/uploads\/2022\/08\/IMG-20220821-WA0000.jpg 2048w, https:\/\/ort.fi\/taipale\/wp-content\/uploads\/2022\/08\/IMG-20220821-WA0000-300x205.jpg 300w, https:\/\/ort.fi\/taipale\/wp-content\/uploads\/2022\/08\/IMG-20220821-WA0000-1024x699.jpg 1024w, https:\/\/ort.fi\/taipale\/wp-content\/uploads\/2022\/08\/IMG-20220821-WA0000-768x524.jpg 768w, https:\/\/ort.fi\/taipale\/wp-content\/uploads\/2022\/08\/IMG-20220821-WA0000-1536x1049.jpg 1536w\" sizes=\"auto, (max-width: 2048px) 100vw, 2048px\" \/><\/a><figcaption id=\"caption-attachment-18277\" class=\"wp-caption-text\">Kuvassa vasemmalta ipodiakoni Pentti Potkonen, is\u00e4 Nemanja, diakoni Mauri, Maurin veljet Hannu ja Leo Mutanen sek\u00e4 kanttori Kaisu Potkonen.<\/figcaption><\/figure>\n","protected":false},"excerpt":{"rendered":"<p>Taipaleen diakoni Mauri Mutanen on t\u00e4ytt\u00e4nyt 70 vuotta. Kiitosrukoushetki toimitettiin Liperin tsasounassa liturgian j\u00e4lkeen 21.8.2022. Diakoni Mauri on palvellut n\u00f6yr\u00e4n palvelijan rakkaudella Taipaleen seurakunnan diakonina yli 20 vuotta. Monia armorikkaita &#8230; <a title=\"Diakoni Mauri Mutanen 70 v.\" class=\"read-more\" href=\"https:\/\/ort.fi\/taipale\/kuvagalleriat\/diakoni-mauri-mutanen-70-v\/\" aria-label=\"Lue lis\u00e4\u00e4 aiheesta Diakoni Mauri Mutanen 70 v.\">Lue lis\u00e4\u00e4<\/a><\/p>\n","protected":false},"author":6,"featured_media":0,"parent":604,"menu_order":-38,"comment_status":"closed","ping_status":"closed","template":"","meta":{"ngg_post_thumbnail":0,"footnotes":""},"class_list":["post-18269","page","type-page","status-publish"],"_links":{"self":[{"href":"https:\/\/ort.fi\/taipale\/wp-json\/wp\/v2\/pages\/18269","targetHints":{"allow":["GET"]}}],"collection":[{"href":"https:\/\/ort.fi\/taipale\/wp-json\/wp\/v2\/pages"}],"about":[{"href":"https:\/\/ort.fi\/taipale\/wp-json\/wp\/v2\/types\/page"}],"author":[{"embeddable":true,"href":"https:\/\/ort.fi\/taipale\/wp-json\/wp\/v2\/users\/6"}],"replies":[{"embeddable":true,"href":"https:\/\/ort.fi\/taipale\/wp-json\/wp\/v2\/comments?post=18269"}],"version-history":[{"count":5,"href":"https:\/\/ort.fi\/taipale\/wp-json\/wp\/v2\/pages\/18269\/revisions"}],"predecessor-version":[{"id":18281,"href":"https:\/\/ort.fi\/taipale\/wp-json\/wp\/v2\/pages\/18269\/revisions\/18281"}],"up":[{"embeddable":true,"href":"https:\/\/ort.fi\/taipale\/wp-json\/wp\/v2\/pages\/604"}],"wp:attachment":[{"href":"https:\/\/ort.fi\/taipale\/wp-json\/wp\/v2\/media?parent=18269"}],"curies":[{"name":"wp","href":"https:\/\/api.w.org\/{rel}","templated":true}]}}