{"id":18211,"date":"2022-08-17T21:14:41","date_gmt":"2022-08-17T18:14:41","guid":{"rendered":"https:\/\/ort.fi\/taipale\/?page_id=18211"},"modified":"2022-08-17T21:14:41","modified_gmt":"2022-08-17T18:14:41","slug":"hyvaa-neitsyt-marian-juhla-aikaa","status":"publish","type":"page","link":"https:\/\/ort.fi\/taipale\/opetuskirjoituksia\/hyvaa-neitsyt-marian-juhla-aikaa\/","title":{"rendered":"Hyv\u00e4\u00e4 Neitsyt Marian juhla-aikaa!"},"content":{"rendered":"<p>El\u00e4mme ortodoksisessa kirkossa Jumalansynnytt\u00e4j\u00e4n Neitsyt Marian kuolonuneen nukkumisen j\u00e4lkijuhlakautta. Varsinainen juhlap\u00e4iv\u00e4 on joka vuosi viidestoista elokuuta. T\u00e4n\u00e4 vuonna se sattui viime maanantaille. Juhlaa edelt\u00e4\u00e4 kahden viikon paastoaika ja itse juhlakausi kest\u00e4\u00e4 23.8. saakka. Juhlan merkityksest\u00e4 ja i\u00e4st\u00e4 kertoo se, ett\u00e4 tavallisessa suomalaisessa nimip\u00e4iv\u00e4kalenterissakin 15.8. on s\u00e4ilynyt Marjan p\u00e4iv\u00e4n\u00e4.<\/p>\n<p>T\u00e4m\u00e4 on se aika vuodesta, kun syksyn l\u00e4hestymisen alkaa jo aistia. Illat ovat viilentyneet ja h\u00e4m\u00e4r\u00e4 hiipii pihoille jo aikaisemmin ja aikaisemmin. Samalla kuitenkin sato pelloilla, puutarhoissa ja metsiss\u00e4 kypsyy. Viljapellot lainehtivat kullankeltaisina, viinimarjapensaiden tertut roikkuvat raskaina mehukkaiden marjojen painosta ja sienet kohottavat lakkejaan mets\u00e4ss\u00e4 liikkuville.<\/p>\n<p>Jumala on suonut meille hyv\u00e4n ja rauhallisen kes\u00e4n. Olemme voineet kokoontua yhteen suurellakin joukolla iloiten sukulaisten ja yst\u00e4vien tapaamisesta monenmoisissa juhlissa. Viljapeltoja katsoessani mietin, mit\u00e4 ajattelee h\u00e4n, joka n\u00e4kee en\u00e4\u00e4 vain sielunsa silmill\u00e4 paljon suuremmat kullankeltaiset peltoaukeat ja taivaan sinisen kaaren niiden yll\u00e4. Muistaa auringon suloisen l\u00e4mm\u00f6n ja oman kielen tutun soinnin.<\/p>\n<p>Meid\u00e4n on her\u00e4tt\u00e4v\u00e4 siihen, ett\u00e4 el\u00e4m\u00e4ss\u00e4mme on alkanut uusi jakamisen aika. Joukossamme on niit\u00e4, joiden pellot, mets\u00e4t, kodit ja kaupungit on kokonaan tuhottu. Eik\u00e4 vain ne, vaan my\u00f6s perheet ja suvut on revitty hajalle, osa kuollut sodan kauheuksissa. Muistoihimme on maalattu kuva vuosikymmenien takaa, jolloin jokainen suomalainen koki nuo samat vaiheet. Kaupunkeja, asemia ja tehtaita pommitettiin, karjalaiset ja Lapin asukkaat joutuivat j\u00e4tt\u00e4m\u00e4\u00e4n kotinsa ja pakenemaan l\u00e4hestyv\u00e4\u00e4 rintamaa l\u00e4nteen. Miehi\u00e4, nuoria poikia ja naisia kaatui taisteluissa. Puutetta oli kaikesta mahdollisesta. N\u00e4m\u00e4 muistot ja suvussa kulkeneet kertomukset velvoittavat meit\u00e4 ymm\u00e4rt\u00e4m\u00e4\u00e4n ja auttamaan niit\u00e4, jotka kokevat nyt saman painajaisen.<\/p>\n<p>Nyt on korkea aika tunnustaa tuhlaileva ja \u00e4\u00e4rimm\u00e4isen mukavuudenhaluinen el\u00e4m\u00e4ntapamme, josta on paljon karsittavaa. Emme saisi jatkuvasti nurista kohonneista hinnoista, kun voimme kuitenkin l\u00e4hett\u00e4\u00e4 lapsemme turvallisesti kouluun tai mahdollisista matkustusrajoituksista, kun saamme nauttia el\u00e4m\u00e4st\u00e4mme tutussa ymp\u00e4rist\u00f6ss\u00e4. On avattava silm\u00e4t n\u00e4kem\u00e4\u00e4n kauneus ja rikkaus siin\u00e4 rauhassa, jota saamme el\u00e4\u00e4 ja hengitt\u00e4\u00e4. Meid\u00e4n peltojamme ei ole miinoitettu, eik\u00e4 puutarhoihimme ole kaivettu joukkohautoja.<\/p>\n<p>Pyh\u00e4 Jumalansynnytt\u00e4j\u00e4 Neitsyt Maria on kautta koko kristillisen maailman ja kristinuskon historian ollut kunnioitettu ja rakastettu hahmo. H\u00e4nen esirukouksiaan on pyydetty ja \u00e4idillist\u00e4 huolenpitoaan koettu silloin, kun omat voimat ovat loppuneet ja pimeyden vallat tummentaneet taivaan. H\u00e4nen puoleensa voimme k\u00e4\u00e4nty\u00e4 Kolmiyhteisen Jumalamme ohella. H\u00e4n kantaa esirukouksensa Poikansa puoleen tuntien \u00e4itin\u00e4 s\u00e4\u00e4li\u00e4 murheeseen pukeutuvaa ihmiskuntaa kohtaan.<\/p>\n<p>Kiitt\u00e4en meit\u00e4 rakastavaa Jumalaa avatkaamme syd\u00e4memme auttamaan h\u00e4t\u00e4\u00e4 k\u00e4rsivi\u00e4 ja Jumalansynnytt\u00e4j\u00e4n esirukouksien avulla n\u00e4kem\u00e4\u00e4n maailmassa hyvyytt\u00e4 ja kauneutta ja pyrkim\u00e4\u00e4n my\u00f6s omalta osaltamme lis\u00e4\u00e4m\u00e4\u00e4n sit\u00e4.<\/p>\n<p>\u201dOi Jumalansynnytt\u00e4j\u00e4, sin\u00e4 synnytt\u00e4ess\u00e4si s\u00e4ilytit neitsyyden ja kuolonuneen nukkuessasi et maailmaa hylj\u00e4nnyt. Sin\u00e4 El\u00e4m\u00e4n \u00e4itin\u00e4 menit El\u00e4m\u00e4n tyk\u00f6 ja rukouksillasi p\u00e4\u00e4st\u00e4t kuolemasta meid\u00e4n sielumme.\u201d Juhlan tropari-veisu.<\/p>\n<p>Kaisu Potkonen<\/p>\n<p><div class=\"addtoany_shortcode\"><div class=\"a2a_kit a2a_kit_size_32 addtoany_list\" data-a2a-url=\"https:\/\/ort.fi\/taipale\/opetuskirjoituksia\/hyvaa-neitsyt-marian-juhla-aikaa\/\" data-a2a-title=\"Hyv\u00e4\u00e4 Neitsyt Marian juhla-aikaa!\"><a class=\"a2a_button_facebook\" href=\"https:\/\/www.addtoany.com\/add_to\/facebook?linkurl=https%3A%2F%2Fort.fi%2Ftaipale%2Fopetuskirjoituksia%2Fhyvaa-neitsyt-marian-juhla-aikaa%2F&amp;linkname=Hyv%C3%A4%C3%A4%20Neitsyt%20Marian%20juhla-aikaa%21\" title=\"Facebook\" rel=\"nofollow noopener\" target=\"_blank\"><\/a><a class=\"a2a_button_twitter\" href=\"https:\/\/www.addtoany.com\/add_to\/twitter?linkurl=https%3A%2F%2Fort.fi%2Ftaipale%2Fopetuskirjoituksia%2Fhyvaa-neitsyt-marian-juhla-aikaa%2F&amp;linkname=Hyv%C3%A4%C3%A4%20Neitsyt%20Marian%20juhla-aikaa%21\" title=\"Twitter\" rel=\"nofollow noopener\" target=\"_blank\"><\/a><a class=\"a2a_button_whatsapp\" href=\"https:\/\/www.addtoany.com\/add_to\/whatsapp?linkurl=https%3A%2F%2Fort.fi%2Ftaipale%2Fopetuskirjoituksia%2Fhyvaa-neitsyt-marian-juhla-aikaa%2F&amp;linkname=Hyv%C3%A4%C3%A4%20Neitsyt%20Marian%20juhla-aikaa%21\" title=\"WhatsApp\" rel=\"nofollow noopener\" target=\"_blank\"><\/a><a class=\"a2a_button_email\" href=\"https:\/\/www.addtoany.com\/add_to\/email?linkurl=https%3A%2F%2Fort.fi%2Ftaipale%2Fopetuskirjoituksia%2Fhyvaa-neitsyt-marian-juhla-aikaa%2F&amp;linkname=Hyv%C3%A4%C3%A4%20Neitsyt%20Marian%20juhla-aikaa%21\" title=\"Email\" rel=\"nofollow noopener\" target=\"_blank\"><\/a><a class=\"a2a_dd addtoany_share_save addtoany_share\" href=\"https:\/\/www.addtoany.com\/share\"><\/a><\/div><\/div><br \/>\n&nbsp; &nbsp;<\/p>\n","protected":false},"excerpt":{"rendered":"<p>El\u00e4mme ortodoksisessa kirkossa Jumalansynnytt\u00e4j\u00e4n Neitsyt Marian kuolonuneen nukkumisen j\u00e4lkijuhlakautta. Varsinainen juhlap\u00e4iv\u00e4 on joka vuosi viidestoista elokuuta. T\u00e4n\u00e4 vuonna se sattui viime maanantaille. Juhlaa edelt\u00e4\u00e4 kahden viikon paastoaika ja itse juhlakausi &#8230; <a title=\"Hyv\u00e4\u00e4 Neitsyt Marian juhla-aikaa!\" class=\"read-more\" href=\"https:\/\/ort.fi\/taipale\/opetuskirjoituksia\/hyvaa-neitsyt-marian-juhla-aikaa\/\" aria-label=\"Lue lis\u00e4\u00e4 aiheesta Hyv\u00e4\u00e4 Neitsyt Marian juhla-aikaa!\">Lue lis\u00e4\u00e4<\/a><\/p>\n","protected":false},"author":6,"featured_media":0,"parent":630,"menu_order":0,"comment_status":"closed","ping_status":"closed","template":"","meta":{"ngg_post_thumbnail":0,"footnotes":""},"class_list":["post-18211","page","type-page","status-publish"],"_links":{"self":[{"href":"https:\/\/ort.fi\/taipale\/wp-json\/wp\/v2\/pages\/18211","targetHints":{"allow":["GET"]}}],"collection":[{"href":"https:\/\/ort.fi\/taipale\/wp-json\/wp\/v2\/pages"}],"about":[{"href":"https:\/\/ort.fi\/taipale\/wp-json\/wp\/v2\/types\/page"}],"author":[{"embeddable":true,"href":"https:\/\/ort.fi\/taipale\/wp-json\/wp\/v2\/users\/6"}],"replies":[{"embeddable":true,"href":"https:\/\/ort.fi\/taipale\/wp-json\/wp\/v2\/comments?post=18211"}],"version-history":[{"count":1,"href":"https:\/\/ort.fi\/taipale\/wp-json\/wp\/v2\/pages\/18211\/revisions"}],"predecessor-version":[{"id":18213,"href":"https:\/\/ort.fi\/taipale\/wp-json\/wp\/v2\/pages\/18211\/revisions\/18213"}],"up":[{"embeddable":true,"href":"https:\/\/ort.fi\/taipale\/wp-json\/wp\/v2\/pages\/630"}],"wp:attachment":[{"href":"https:\/\/ort.fi\/taipale\/wp-json\/wp\/v2\/media?parent=18211"}],"curies":[{"name":"wp","href":"https:\/\/api.w.org\/{rel}","templated":true}]}}