{"id":17891,"date":"2022-06-20T16:29:00","date_gmt":"2022-06-20T13:29:00","guid":{"rendered":"https:\/\/ort.fi\/taipale\/?page_id=17891"},"modified":"2022-06-20T16:31:49","modified_gmt":"2022-06-20T13:31:49","slug":"kriparin-paatosliturgia-19-6-2022","status":"publish","type":"page","link":"https:\/\/ort.fi\/taipale\/kuvagalleriat\/kriparin-paatosliturgia-19-6-2022\/","title":{"rendered":"Kriparin p\u00e4\u00e4t\u00f6sliturgia 19.6.2022"},"content":{"rendered":"<p>Taipaleen kes\u00e4n 2022 kristinoppileirin p\u00e4\u00e4t\u00f6sliturgia toimitettiin Viinij\u00e4rven kirkossa sunnuntaina 19.6.<\/p>\n<p>Syd\u00e4melliset onnittelut ja Monia armorikkaita vuosia kaikille kriparin k\u00e4yneille!<\/p>\n<p>Kuvat: Arvo Naumanen<\/p>\n<p>ngg_shortcode_0_placeholder<div class=\"addtoany_shortcode\"><div class=\"a2a_kit a2a_kit_size_32 addtoany_list\" data-a2a-url=\"https:\/\/ort.fi\/taipale\/kuvagalleriat\/kriparin-paatosliturgia-19-6-2022\/\" data-a2a-title=\"Kriparin p\u00e4\u00e4t\u00f6sliturgia 19.6.2022\"><a class=\"a2a_button_facebook\" href=\"https:\/\/www.addtoany.com\/add_to\/facebook?linkurl=https%3A%2F%2Fort.fi%2Ftaipale%2Fkuvagalleriat%2Fkriparin-paatosliturgia-19-6-2022%2F&amp;linkname=Kriparin%20p%C3%A4%C3%A4t%C3%B6sliturgia%2019.6.2022\" title=\"Facebook\" rel=\"nofollow noopener\" target=\"_blank\"><\/a><a class=\"a2a_button_twitter\" href=\"https:\/\/www.addtoany.com\/add_to\/twitter?linkurl=https%3A%2F%2Fort.fi%2Ftaipale%2Fkuvagalleriat%2Fkriparin-paatosliturgia-19-6-2022%2F&amp;linkname=Kriparin%20p%C3%A4%C3%A4t%C3%B6sliturgia%2019.6.2022\" title=\"Twitter\" rel=\"nofollow noopener\" target=\"_blank\"><\/a><a class=\"a2a_button_whatsapp\" href=\"https:\/\/www.addtoany.com\/add_to\/whatsapp?linkurl=https%3A%2F%2Fort.fi%2Ftaipale%2Fkuvagalleriat%2Fkriparin-paatosliturgia-19-6-2022%2F&amp;linkname=Kriparin%20p%C3%A4%C3%A4t%C3%B6sliturgia%2019.6.2022\" title=\"WhatsApp\" rel=\"nofollow noopener\" target=\"_blank\"><\/a><a class=\"a2a_button_email\" href=\"https:\/\/www.addtoany.com\/add_to\/email?linkurl=https%3A%2F%2Fort.fi%2Ftaipale%2Fkuvagalleriat%2Fkriparin-paatosliturgia-19-6-2022%2F&amp;linkname=Kriparin%20p%C3%A4%C3%A4t%C3%B6sliturgia%2019.6.2022\" title=\"Email\" rel=\"nofollow noopener\" target=\"_blank\"><\/a><a class=\"a2a_dd addtoany_share_save addtoany_share\" href=\"https:\/\/www.addtoany.com\/share\"><\/a><\/div><\/div><\/p>\n","protected":false},"excerpt":{"rendered":"<p>Taipaleen kes\u00e4n 2022 kristinoppileirin p\u00e4\u00e4t\u00f6sliturgia toimitettiin Viinij\u00e4rven kirkossa sunnuntaina 19.6. Syd\u00e4melliset onnittelut ja Monia armorikkaita vuosia kaikille kriparin k\u00e4yneille! Kuvat: Arvo Naumanen<\/p>\n","protected":false},"author":6,"featured_media":0,"parent":604,"menu_order":-36,"comment_status":"closed","ping_status":"closed","template":"","meta":{"ngg_post_thumbnail":0,"footnotes":""},"class_list":["post-17891","page","type-page","status-publish"],"_links":{"self":[{"href":"https:\/\/ort.fi\/taipale\/wp-json\/wp\/v2\/pages\/17891","targetHints":{"allow":["GET"]}}],"collection":[{"href":"https:\/\/ort.fi\/taipale\/wp-json\/wp\/v2\/pages"}],"about":[{"href":"https:\/\/ort.fi\/taipale\/wp-json\/wp\/v2\/types\/page"}],"author":[{"embeddable":true,"href":"https:\/\/ort.fi\/taipale\/wp-json\/wp\/v2\/users\/6"}],"replies":[{"embeddable":true,"href":"https:\/\/ort.fi\/taipale\/wp-json\/wp\/v2\/comments?post=17891"}],"version-history":[{"count":2,"href":"https:\/\/ort.fi\/taipale\/wp-json\/wp\/v2\/pages\/17891\/revisions"}],"predecessor-version":[{"id":17897,"href":"https:\/\/ort.fi\/taipale\/wp-json\/wp\/v2\/pages\/17891\/revisions\/17897"}],"up":[{"embeddable":true,"href":"https:\/\/ort.fi\/taipale\/wp-json\/wp\/v2\/pages\/604"}],"wp:attachment":[{"href":"https:\/\/ort.fi\/taipale\/wp-json\/wp\/v2\/media?parent=17891"}],"curies":[{"name":"wp","href":"https:\/\/api.w.org\/{rel}","templated":true}]}}