{"id":17253,"date":"2022-04-17T10:50:12","date_gmt":"2022-04-17T07:50:12","guid":{"rendered":"https:\/\/ort.fi\/taipale\/?page_id=17253"},"modified":"2022-04-20T09:46:42","modified_gmt":"2022-04-20T06:46:42","slug":"kristus-nousi-kuolleista","status":"publish","type":"page","link":"https:\/\/ort.fi\/taipale\/kuvagalleriat\/kristus-nousi-kuolleista\/","title":{"rendered":"Kristus nousi kuolleista!"},"content":{"rendered":"<p>Totisesti nousi!<\/p>\n<p>Muutaman vuoden tauon j\u00e4lkeen p\u00e4\u00e4stiin taas viett\u00e4m\u00e4\u00e4n p\u00e4\u00e4si\u00e4isjuhlaa ilman koronarajoituksia. Se n\u00e4kyikin, niin osallistujien m\u00e4\u00e4r\u00e4ss\u00e4 kuin juhlijoiden ilossa p\u00e4\u00e4stess\u00e4 yhdess\u00e4 osallistumaan Kristuksen yl\u00f6snousemuksen juhlaan. Video palveluksesta on katsottavissa seurakunnan Facebook-sivulla. <a href=\"https:\/\/www.facebook.com\/taipaleenortodoksit\/videos\/664078961357478\" target=\"_blank\" rel=\"noopener\">Linkki videoon<\/a>.<\/p>\n<p>Valokuvia p\u00e4\u00e4si\u00e4isy\u00f6n palveluksesta Viinij\u00e4rvelt\u00e4 Herran p\u00e4\u00e4si\u00e4isen\u00e4 2022. Kuvat: Arvo Naumanen<\/p>\n<p>ngg_shortcode_0_placeholder<div class=\"addtoany_shortcode\"><div class=\"a2a_kit a2a_kit_size_32 addtoany_list\" data-a2a-url=\"https:\/\/ort.fi\/taipale\/kuvagalleriat\/kristus-nousi-kuolleista\/\" data-a2a-title=\"Kristus nousi kuolleista!\"><a class=\"a2a_button_facebook\" href=\"https:\/\/www.addtoany.com\/add_to\/facebook?linkurl=https%3A%2F%2Fort.fi%2Ftaipale%2Fkuvagalleriat%2Fkristus-nousi-kuolleista%2F&amp;linkname=Kristus%20nousi%20kuolleista%21\" title=\"Facebook\" rel=\"nofollow noopener\" target=\"_blank\"><\/a><a class=\"a2a_button_twitter\" href=\"https:\/\/www.addtoany.com\/add_to\/twitter?linkurl=https%3A%2F%2Fort.fi%2Ftaipale%2Fkuvagalleriat%2Fkristus-nousi-kuolleista%2F&amp;linkname=Kristus%20nousi%20kuolleista%21\" title=\"Twitter\" rel=\"nofollow noopener\" target=\"_blank\"><\/a><a class=\"a2a_button_whatsapp\" href=\"https:\/\/www.addtoany.com\/add_to\/whatsapp?linkurl=https%3A%2F%2Fort.fi%2Ftaipale%2Fkuvagalleriat%2Fkristus-nousi-kuolleista%2F&amp;linkname=Kristus%20nousi%20kuolleista%21\" title=\"WhatsApp\" rel=\"nofollow noopener\" target=\"_blank\"><\/a><a class=\"a2a_button_email\" href=\"https:\/\/www.addtoany.com\/add_to\/email?linkurl=https%3A%2F%2Fort.fi%2Ftaipale%2Fkuvagalleriat%2Fkristus-nousi-kuolleista%2F&amp;linkname=Kristus%20nousi%20kuolleista%21\" title=\"Email\" rel=\"nofollow noopener\" target=\"_blank\"><\/a><a class=\"a2a_dd addtoany_share_save addtoany_share\" href=\"https:\/\/www.addtoany.com\/share\"><\/a><\/div><\/div><br \/>\n&nbsp; &nbsp;<\/p>\n","protected":false},"excerpt":{"rendered":"<p>Totisesti nousi! Muutaman vuoden tauon j\u00e4lkeen p\u00e4\u00e4stiin taas viett\u00e4m\u00e4\u00e4n p\u00e4\u00e4si\u00e4isjuhlaa ilman koronarajoituksia. Se n\u00e4kyikin, niin osallistujien m\u00e4\u00e4r\u00e4ss\u00e4 kuin juhlijoiden ilossa p\u00e4\u00e4stess\u00e4 yhdess\u00e4 osallistumaan Kristuksen yl\u00f6snousemuksen juhlaan. Video palveluksesta on katsottavissa &#8230; <a title=\"Kristus nousi kuolleista!\" class=\"read-more\" href=\"https:\/\/ort.fi\/taipale\/kuvagalleriat\/kristus-nousi-kuolleista\/\" aria-label=\"Lue lis\u00e4\u00e4 aiheesta Kristus nousi kuolleista!\">Lue lis\u00e4\u00e4<\/a><\/p>\n","protected":false},"author":6,"featured_media":0,"parent":604,"menu_order":-33,"comment_status":"closed","ping_status":"closed","template":"","meta":{"ngg_post_thumbnail":0,"footnotes":""},"class_list":["post-17253","page","type-page","status-publish"],"_links":{"self":[{"href":"https:\/\/ort.fi\/taipale\/wp-json\/wp\/v2\/pages\/17253","targetHints":{"allow":["GET"]}}],"collection":[{"href":"https:\/\/ort.fi\/taipale\/wp-json\/wp\/v2\/pages"}],"about":[{"href":"https:\/\/ort.fi\/taipale\/wp-json\/wp\/v2\/types\/page"}],"author":[{"embeddable":true,"href":"https:\/\/ort.fi\/taipale\/wp-json\/wp\/v2\/users\/6"}],"replies":[{"embeddable":true,"href":"https:\/\/ort.fi\/taipale\/wp-json\/wp\/v2\/comments?post=17253"}],"version-history":[{"count":7,"href":"https:\/\/ort.fi\/taipale\/wp-json\/wp\/v2\/pages\/17253\/revisions"}],"predecessor-version":[{"id":17273,"href":"https:\/\/ort.fi\/taipale\/wp-json\/wp\/v2\/pages\/17253\/revisions\/17273"}],"up":[{"embeddable":true,"href":"https:\/\/ort.fi\/taipale\/wp-json\/wp\/v2\/pages\/604"}],"wp:attachment":[{"href":"https:\/\/ort.fi\/taipale\/wp-json\/wp\/v2\/media?parent=17253"}],"curies":[{"name":"wp","href":"https:\/\/api.w.org\/{rel}","templated":true}]}}