{"id":15551,"date":"2021-11-23T16:26:24","date_gmt":"2021-11-23T14:26:24","guid":{"rendered":"https:\/\/ort.fi\/taipale\/?page_id=15551"},"modified":"2021-11-23T16:26:24","modified_gmt":"2021-11-23T14:26:24","slug":"taipaleen-ja-nurmeksen-kirkkokuorot-polvijarven-liturgiassa-31-10-2021","status":"publish","type":"page","link":"https:\/\/ort.fi\/taipale\/kuvagalleriat\/taipaleen-ja-nurmeksen-kirkkokuorot-polvijarven-liturgiassa-31-10-2021\/","title":{"rendered":"Taipaleen ja Nurmeksen kirkkokuorot Polvij\u00e4rven liturgiassa 31.10.2021"},"content":{"rendered":"<p>Nurmeksen kappeliseurakunnan kirkkokuoro, diakonia- ja nuorisoty\u00f6toimikunnan j\u00e4seni\u00e4 sek\u00e4 vapaaehtoisty\u00f6ntekij\u00f6it\u00e4 vierailulla Polvij\u00e4rven pyh\u00e4n Johannes Kastajan kirkon liturgiassa sunnuntaina 31.10.2021.<\/p>\n<p>Liturgiassa lauloivat sek\u00e4 Taipaleen ett\u00e4 Nurmeksen kirkkokuorot.<\/p>\n<p>Kuvat: Pentti Potkonen<\/p>\n<p>ngg_shortcode_0_placeholder<div class=\"addtoany_shortcode\"><div class=\"a2a_kit a2a_kit_size_32 addtoany_list\" data-a2a-url=\"https:\/\/ort.fi\/taipale\/kuvagalleriat\/taipaleen-ja-nurmeksen-kirkkokuorot-polvijarven-liturgiassa-31-10-2021\/\" data-a2a-title=\"Taipaleen ja Nurmeksen kirkkokuorot Polvij\u00e4rven liturgiassa 31.10.2021\"><a class=\"a2a_button_facebook\" href=\"https:\/\/www.addtoany.com\/add_to\/facebook?linkurl=https%3A%2F%2Fort.fi%2Ftaipale%2Fkuvagalleriat%2Ftaipaleen-ja-nurmeksen-kirkkokuorot-polvijarven-liturgiassa-31-10-2021%2F&amp;linkname=Taipaleen%20ja%20Nurmeksen%20kirkkokuorot%20Polvij%C3%A4rven%20liturgiassa%2031.10.2021\" title=\"Facebook\" rel=\"nofollow noopener\" target=\"_blank\"><\/a><a class=\"a2a_button_twitter\" href=\"https:\/\/www.addtoany.com\/add_to\/twitter?linkurl=https%3A%2F%2Fort.fi%2Ftaipale%2Fkuvagalleriat%2Ftaipaleen-ja-nurmeksen-kirkkokuorot-polvijarven-liturgiassa-31-10-2021%2F&amp;linkname=Taipaleen%20ja%20Nurmeksen%20kirkkokuorot%20Polvij%C3%A4rven%20liturgiassa%2031.10.2021\" title=\"Twitter\" rel=\"nofollow noopener\" target=\"_blank\"><\/a><a class=\"a2a_button_whatsapp\" href=\"https:\/\/www.addtoany.com\/add_to\/whatsapp?linkurl=https%3A%2F%2Fort.fi%2Ftaipale%2Fkuvagalleriat%2Ftaipaleen-ja-nurmeksen-kirkkokuorot-polvijarven-liturgiassa-31-10-2021%2F&amp;linkname=Taipaleen%20ja%20Nurmeksen%20kirkkokuorot%20Polvij%C3%A4rven%20liturgiassa%2031.10.2021\" title=\"WhatsApp\" rel=\"nofollow noopener\" target=\"_blank\"><\/a><a class=\"a2a_button_email\" href=\"https:\/\/www.addtoany.com\/add_to\/email?linkurl=https%3A%2F%2Fort.fi%2Ftaipale%2Fkuvagalleriat%2Ftaipaleen-ja-nurmeksen-kirkkokuorot-polvijarven-liturgiassa-31-10-2021%2F&amp;linkname=Taipaleen%20ja%20Nurmeksen%20kirkkokuorot%20Polvij%C3%A4rven%20liturgiassa%2031.10.2021\" title=\"Email\" rel=\"nofollow noopener\" target=\"_blank\"><\/a><a class=\"a2a_dd addtoany_share_save addtoany_share\" href=\"https:\/\/www.addtoany.com\/share\"><\/a><\/div><\/div><\/p>\n","protected":false},"excerpt":{"rendered":"<p>Nurmeksen kappeliseurakunnan kirkkokuoro, diakonia- ja nuorisoty\u00f6toimikunnan j\u00e4seni\u00e4 sek\u00e4 vapaaehtoisty\u00f6ntekij\u00f6it\u00e4 vierailulla Polvij\u00e4rven pyh\u00e4n Johannes Kastajan kirkon liturgiassa sunnuntaina 31.10.2021. Liturgiassa lauloivat sek\u00e4 Taipaleen ett\u00e4 Nurmeksen kirkkokuorot. Kuvat: Pentti Potkonen<\/p>\n","protected":false},"author":6,"featured_media":0,"parent":604,"menu_order":-26,"comment_status":"closed","ping_status":"closed","template":"","meta":{"ngg_post_thumbnail":0,"footnotes":""},"class_list":["post-15551","page","type-page","status-publish"],"_links":{"self":[{"href":"https:\/\/ort.fi\/taipale\/wp-json\/wp\/v2\/pages\/15551","targetHints":{"allow":["GET"]}}],"collection":[{"href":"https:\/\/ort.fi\/taipale\/wp-json\/wp\/v2\/pages"}],"about":[{"href":"https:\/\/ort.fi\/taipale\/wp-json\/wp\/v2\/types\/page"}],"author":[{"embeddable":true,"href":"https:\/\/ort.fi\/taipale\/wp-json\/wp\/v2\/users\/6"}],"replies":[{"embeddable":true,"href":"https:\/\/ort.fi\/taipale\/wp-json\/wp\/v2\/comments?post=15551"}],"version-history":[{"count":1,"href":"https:\/\/ort.fi\/taipale\/wp-json\/wp\/v2\/pages\/15551\/revisions"}],"predecessor-version":[{"id":15553,"href":"https:\/\/ort.fi\/taipale\/wp-json\/wp\/v2\/pages\/15551\/revisions\/15553"}],"up":[{"embeddable":true,"href":"https:\/\/ort.fi\/taipale\/wp-json\/wp\/v2\/pages\/604"}],"wp:attachment":[{"href":"https:\/\/ort.fi\/taipale\/wp-json\/wp\/v2\/media?parent=15551"}],"curies":[{"name":"wp","href":"https:\/\/api.w.org\/{rel}","templated":true}]}}