{"id":12925,"date":"2021-03-03T21:08:59","date_gmt":"2021-03-03T19:08:59","guid":{"rendered":"https:\/\/ort.fi\/taipale\/?page_id=12925"},"modified":"2021-03-04T18:19:44","modified_gmt":"2021-03-04T16:19:44","slug":"isa-nemanjan-toimeenasettaminen-ja-kaisu-35-vuotta-taipaleen-kanttorina-28-2-2021","status":"publish","type":"page","link":"https:\/\/ort.fi\/taipale\/kuvagalleriat\/isa-nemanjan-toimeenasettaminen-ja-kaisu-35-vuotta-taipaleen-kanttorina-28-2-2021\/","title":{"rendered":"Is\u00e4 Nemanjan toimeenasettaminen ja Kaisu 35-vuotta Taipaleen kanttorina 28.2.2021"},"content":{"rendered":"<p>Metropoliitta Arseni asetti toimeensa Taipaleen uuden toisen papin, pastori Nemanja Balcinin, Polvij\u00e4rven Pyh\u00e4n Johannes Kastajan kirkossa toimitetussa liturgiassa 28.2.2021.<\/p>\n<p>Samassa yhteydess\u00e4 juhlittiin Kaisun 35 vuotta Taipaleen kanttorina. Kaisu aloitti Taipaleella 1.3.1986.<\/p>\n<p>Kuvat: Pentti Potkonen<\/p>\n<p>ngg_shortcode_0_placeholder<div class=\"addtoany_shortcode\"><div class=\"a2a_kit a2a_kit_size_32 addtoany_list\" data-a2a-url=\"https:\/\/ort.fi\/taipale\/kuvagalleriat\/isa-nemanjan-toimeenasettaminen-ja-kaisu-35-vuotta-taipaleen-kanttorina-28-2-2021\/\" data-a2a-title=\"Is\u00e4 Nemanjan toimeenasettaminen ja Kaisu 35-vuotta Taipaleen kanttorina 28.2.2021\"><a class=\"a2a_button_facebook\" href=\"https:\/\/www.addtoany.com\/add_to\/facebook?linkurl=https%3A%2F%2Fort.fi%2Ftaipale%2Fkuvagalleriat%2Fisa-nemanjan-toimeenasettaminen-ja-kaisu-35-vuotta-taipaleen-kanttorina-28-2-2021%2F&amp;linkname=Is%C3%A4%20Nemanjan%20toimeenasettaminen%20ja%20Kaisu%2035-vuotta%20Taipaleen%20kanttorina%2028.2.2021\" title=\"Facebook\" rel=\"nofollow noopener\" target=\"_blank\"><\/a><a class=\"a2a_button_twitter\" href=\"https:\/\/www.addtoany.com\/add_to\/twitter?linkurl=https%3A%2F%2Fort.fi%2Ftaipale%2Fkuvagalleriat%2Fisa-nemanjan-toimeenasettaminen-ja-kaisu-35-vuotta-taipaleen-kanttorina-28-2-2021%2F&amp;linkname=Is%C3%A4%20Nemanjan%20toimeenasettaminen%20ja%20Kaisu%2035-vuotta%20Taipaleen%20kanttorina%2028.2.2021\" title=\"Twitter\" rel=\"nofollow noopener\" target=\"_blank\"><\/a><a class=\"a2a_button_whatsapp\" href=\"https:\/\/www.addtoany.com\/add_to\/whatsapp?linkurl=https%3A%2F%2Fort.fi%2Ftaipale%2Fkuvagalleriat%2Fisa-nemanjan-toimeenasettaminen-ja-kaisu-35-vuotta-taipaleen-kanttorina-28-2-2021%2F&amp;linkname=Is%C3%A4%20Nemanjan%20toimeenasettaminen%20ja%20Kaisu%2035-vuotta%20Taipaleen%20kanttorina%2028.2.2021\" title=\"WhatsApp\" rel=\"nofollow noopener\" target=\"_blank\"><\/a><a class=\"a2a_button_email\" href=\"https:\/\/www.addtoany.com\/add_to\/email?linkurl=https%3A%2F%2Fort.fi%2Ftaipale%2Fkuvagalleriat%2Fisa-nemanjan-toimeenasettaminen-ja-kaisu-35-vuotta-taipaleen-kanttorina-28-2-2021%2F&amp;linkname=Is%C3%A4%20Nemanjan%20toimeenasettaminen%20ja%20Kaisu%2035-vuotta%20Taipaleen%20kanttorina%2028.2.2021\" title=\"Email\" rel=\"nofollow noopener\" target=\"_blank\"><\/a><a class=\"a2a_dd addtoany_share_save addtoany_share\" href=\"https:\/\/www.addtoany.com\/share\"><\/a><\/div><\/div><br \/>\n&nbsp; &nbsp;<\/p>\n","protected":false},"excerpt":{"rendered":"<p>Metropoliitta Arseni asetti toimeensa Taipaleen uuden toisen papin, pastori Nemanja Balcinin, Polvij\u00e4rven Pyh\u00e4n Johannes Kastajan kirkossa toimitetussa liturgiassa 28.2.2021. Samassa yhteydess\u00e4 juhlittiin Kaisun 35 vuotta Taipaleen kanttorina. Kaisu aloitti Taipaleella &#8230; <a title=\"Is\u00e4 Nemanjan toimeenasettaminen ja Kaisu 35-vuotta Taipaleen kanttorina 28.2.2021\" class=\"read-more\" href=\"https:\/\/ort.fi\/taipale\/kuvagalleriat\/isa-nemanjan-toimeenasettaminen-ja-kaisu-35-vuotta-taipaleen-kanttorina-28-2-2021\/\" aria-label=\"Lue lis\u00e4\u00e4 aiheesta Is\u00e4 Nemanjan toimeenasettaminen ja Kaisu 35-vuotta Taipaleen kanttorina 28.2.2021\">Lue lis\u00e4\u00e4<\/a><\/p>\n","protected":false},"author":6,"featured_media":0,"parent":604,"menu_order":-22,"comment_status":"closed","ping_status":"closed","template":"","meta":{"ngg_post_thumbnail":0,"footnotes":""},"class_list":["post-12925","page","type-page","status-publish"],"_links":{"self":[{"href":"https:\/\/ort.fi\/taipale\/wp-json\/wp\/v2\/pages\/12925","targetHints":{"allow":["GET"]}}],"collection":[{"href":"https:\/\/ort.fi\/taipale\/wp-json\/wp\/v2\/pages"}],"about":[{"href":"https:\/\/ort.fi\/taipale\/wp-json\/wp\/v2\/types\/page"}],"author":[{"embeddable":true,"href":"https:\/\/ort.fi\/taipale\/wp-json\/wp\/v2\/users\/6"}],"replies":[{"embeddable":true,"href":"https:\/\/ort.fi\/taipale\/wp-json\/wp\/v2\/comments?post=12925"}],"version-history":[{"count":8,"href":"https:\/\/ort.fi\/taipale\/wp-json\/wp\/v2\/pages\/12925\/revisions"}],"predecessor-version":[{"id":12957,"href":"https:\/\/ort.fi\/taipale\/wp-json\/wp\/v2\/pages\/12925\/revisions\/12957"}],"up":[{"embeddable":true,"href":"https:\/\/ort.fi\/taipale\/wp-json\/wp\/v2\/pages\/604"}],"wp:attachment":[{"href":"https:\/\/ort.fi\/taipale\/wp-json\/wp\/v2\/media?parent=12925"}],"curies":[{"name":"wp","href":"https:\/\/api.w.org\/{rel}","templated":true}]}}