{"id":11431,"date":"2020-12-08T20:33:56","date_gmt":"2020-12-08T18:33:56","guid":{"rendered":"https:\/\/ort.fi\/taipale\/?page_id=11431"},"modified":"2020-12-08T20:33:56","modified_gmt":"2020-12-08T18:33:56","slug":"kristus-syntyy-kiittakaa","status":"publish","type":"page","link":"https:\/\/ort.fi\/taipale\/opetuskirjoituksia\/kristus-syntyy-kiittakaa\/","title":{"rendered":"Kristus syntyy, kiitt\u00e4k\u00e4\u00e4!"},"content":{"rendered":"<p>El\u00e4mme ortodoksisessa kirkossa joulupaaston aikaa. Syksyn harmaus muuttui ensin synk\u00e4ksi pimeydeksi, mutta nyt ohut lumikerros alkaa jo valaista. Samalla alkaa n\u00e4ky\u00e4 jo suuren juhlan sarastus. L\u00e4hestymme varovaisin askelin kohti Kristuksen syntym\u00e4\u00e4. Valituskuoro veisaa kuitenkin s\u00e4rkynein \u00e4\u00e4nin: \u201d Kuinka joulu voi tulla, kun ei p\u00e4\u00e4se pikkujouluihin, joulukonsertteihin, joulumarkkinoille, joulumyyj\u00e4isiin joulu sinne tai joulu t\u00e4nne?!?\u201d<\/p>\n<p>Vastasyntynyt poikanen uinuu kapaloituna seimess\u00e4. Miten l\u00e4hestymme pient\u00e4, nukkuvaa vauvaa? Emme remuten, stressi\u00e4mme valittaen, v\u00e4linpit\u00e4m\u00e4tt\u00f6min\u00e4 tai likaisin k\u00e4sin.<\/p>\n<p>T\u00e4n\u00e4 vuonna joulu tuleekin kirkkaana, valoisana ja selke\u00e4n\u00e4. Sit\u00e4 ei edell\u00e4 v\u00e4sytt\u00e4v\u00e4 ja kuormittava \u201djoulun valmistusaika\u201d. Nyt meill\u00e4 on rauha ja hiljaisuus el\u00e4\u00e4 n\u00e4m\u00e4 viikot todellisen joulun sanoman \u00e4\u00e4rell\u00e4.<\/p>\n<p>T\u00e4hti on jo varmasti syttynyt it\u00e4isell\u00e4 taivaalla ja tiet\u00e4j\u00e4t, sen havaittuaan, varustautuvat matkalle. Heid\u00e4n kaikki huomionsa on kiinnittynyt tuohon ihmeelliseen valoilmi\u00f6\u00f6n, joka kulkee heid\u00e4n edell\u00e4\u00e4n. Tiet\u00e4j\u00e4t eiv\u00e4t varmasti pys\u00e4htele matkan varrella markkinoille tai kosteisiin kestikievareihin, heill\u00e4 on kiire ja palava halu seurata kiintot\u00e4hte\u00e4\u00e4n.<\/p>\n<p>Joka y\u00f6 paimenet palelevat lampaidensa turvana h\u00e4tistellen petoja ja varkaita. Viel\u00e4 he eiv\u00e4t tied\u00e4, mik\u00e4 valtava kunnia heit\u00e4 tulee kohtaamaan. Jouluy\u00f6n\u00e4 enkelit ilmestyv\u00e4t juuri heille, k\u00f6yhille k\u00e4skyl\u00e4isille, ja he saavat ensimm\u00e4isin\u00e4, arastellen ja mittaamattoman ihmetyksen ja kunnioituksen valtaamina, l\u00e4hesty\u00e4 maailmaan syntynytt\u00e4 Vapahtajaa.<\/p>\n<p>Viimeisill\u00e4\u00e4n raskaana oleva teini\u00e4iti etsii turhaan kihlattunsa kanssa y\u00f6sijaa. Ovet pysyv\u00e4t kiinni, joka paikka on jo t\u00e4ynn\u00e4 paremmin maksavia asiakkaita, kunnes heille osoitetaan el\u00e4inten suoja turvapaikaksi. T\u00e4m\u00e4 on varmasti kaikista Raamatun kohdista se kaikkein tutuin.<\/p>\n<p>Kristus syntyi 2020 vuotta sitten ja syntyy edelleen jokaisena syntym\u00e4p\u00e4iv\u00e4n\u00e4\u00e4n meid\u00e4n syd\u00e4miss\u00e4mme. On aika valmistautua kohtaamaan vastasyntynyt: rauhoittua ihmeen \u00e4\u00e4rell\u00e4, l\u00e4hesty\u00e4 sit\u00e4 puhtain syd\u00e4min ja mieli avoinna. Mik\u00e4\u00e4n ei est\u00e4 meit\u00e4 valmistautuessa tekem\u00e4st\u00e4 my\u00f6s hyvi\u00e4 tekoja, nyth\u00e4n ei tarvitse s\u00e4nt\u00e4ill\u00e4 tavaratalojen hiostavassa tungoksessa. Kuka on yksin\u00e4inen, johon voisin ottaa yhteytt\u00e4? Kenell\u00e4 on k\u00f6yhyytt\u00e4, jota voisin helpottaa? Kuka tarvitsee apuani tai esirukouksiani? Joululahjarahoista voisikin pist\u00e4\u00e4 edes osan ker\u00e4ykseen, josta se toimitetaan todella apua tarvitsevan iloksi. N\u00e4m\u00e4 olisivat meid\u00e4n lahjojamme joulun lapselle.<\/p>\n<p>Se tuttu jouluevankeliumi l\u00f6ytyy Raamatusta, Uuden Testamentin puolelta, Luukkaan evankeliumin toisesta luvusta jakeet 1-20. Ne pienet lyhenteet ja numerot joidenkin jakeiden lopussa viittaavat Vanhan Testamentin ennustuksiin Vapahtajan maailmaan tulosta tai Uudesta Testamentista l\u00f6ytyviin kohtiin, jotka liittyv\u00e4t samaan kertomukseen. Kaikki l\u00f6ytyv\u00e4t samojen kansien v\u00e4list\u00e4.<\/p>\n<p>Ortodoksisessa kirkossa lauletaan vigilioissa jo joulukanonin veisuja. Ne alkavat riemukkaalla julistuksella: \u201d Kristus syntyy, kiitt\u00e4k\u00e4\u00e4! Kristus taivahasta vastaan ottakaa. Kristus maan p\u00e4\u00e4ll\u00e4, yletk\u00e4\u00e4 korkeuteen. Veisatkoon Herralle koko maa ja ihmiset riemuiten ylist\u00e4k\u00f6\u00f6t H\u00e4nt\u00e4, sill\u00e4 H\u00e4n on kunnioitettu!\u201d<\/p>\n<p>Joulua ei ole peruttu, seh\u00e4n olisi mahdotonta! Kristuksen syntym\u00e4\u00e4n eiv\u00e4t ole p\u00e4\u00e4sseet vaikuttamaan historian tuomat sodat, kulkutaudit, n\u00e4l\u00e4nh\u00e4d\u00e4t tai luonnon mullistukset. Eik\u00e4 niin tapahdu nytk\u00e4\u00e4n!<\/p>\n<p>Kaisu Potkonen<br \/>\n&nbsp; &nbsp;<\/p>\n","protected":false},"excerpt":{"rendered":"<p>El\u00e4mme ortodoksisessa kirkossa joulupaaston aikaa. Syksyn harmaus muuttui ensin synk\u00e4ksi pimeydeksi, mutta nyt ohut lumikerros alkaa jo valaista. Samalla alkaa n\u00e4ky\u00e4 jo suuren juhlan sarastus. L\u00e4hestymme varovaisin askelin kohti Kristuksen &#8230; <a title=\"Kristus syntyy, kiitt\u00e4k\u00e4\u00e4!\" class=\"read-more\" href=\"https:\/\/ort.fi\/taipale\/opetuskirjoituksia\/kristus-syntyy-kiittakaa\/\" aria-label=\"Lue lis\u00e4\u00e4 aiheesta Kristus syntyy, kiitt\u00e4k\u00e4\u00e4!\">Lue lis\u00e4\u00e4<\/a><\/p>\n","protected":false},"author":2,"featured_media":0,"parent":630,"menu_order":0,"comment_status":"closed","ping_status":"closed","template":"","meta":{"ngg_post_thumbnail":0,"footnotes":""},"class_list":["post-11431","page","type-page","status-publish"],"_links":{"self":[{"href":"https:\/\/ort.fi\/taipale\/wp-json\/wp\/v2\/pages\/11431","targetHints":{"allow":["GET"]}}],"collection":[{"href":"https:\/\/ort.fi\/taipale\/wp-json\/wp\/v2\/pages"}],"about":[{"href":"https:\/\/ort.fi\/taipale\/wp-json\/wp\/v2\/types\/page"}],"author":[{"embeddable":true,"href":"https:\/\/ort.fi\/taipale\/wp-json\/wp\/v2\/users\/2"}],"replies":[{"embeddable":true,"href":"https:\/\/ort.fi\/taipale\/wp-json\/wp\/v2\/comments?post=11431"}],"version-history":[{"count":3,"href":"https:\/\/ort.fi\/taipale\/wp-json\/wp\/v2\/pages\/11431\/revisions"}],"predecessor-version":[{"id":11437,"href":"https:\/\/ort.fi\/taipale\/wp-json\/wp\/v2\/pages\/11431\/revisions\/11437"}],"up":[{"embeddable":true,"href":"https:\/\/ort.fi\/taipale\/wp-json\/wp\/v2\/pages\/630"}],"wp:attachment":[{"href":"https:\/\/ort.fi\/taipale\/wp-json\/wp\/v2\/media?parent=11431"}],"curies":[{"name":"wp","href":"https:\/\/api.w.org\/{rel}","templated":true}]}}