{"id":71,"date":"2016-02-17T10:59:42","date_gmt":"2016-02-17T10:59:42","guid":{"rendered":"http:\/\/kehitys.ort.fi\/seminaari\/?page_id=71"},"modified":"2025-12-09T11:34:24","modified_gmt":"2025-12-09T09:34:24","slug":"ortodoksinen-seminaari","status":"publish","type":"page","link":"https:\/\/ort.fi\/seminaari\/index.php\/ortodoksinen-seminaari\/","title":{"rendered":"Seminaari"},"content":{"rendered":"<div id='gallery-1' class='gallery galleryid-71 gallery-columns-3 gallery-size-thumbnail'><figure class='gallery-item'>\n\t\t\t<div class='gallery-icon landscape'>\n\t\t\t\t<a href='https:\/\/ort.fi\/seminaari\/wp-content\/uploads\/2016\/02\/seminaari.jpg'><img loading=\"lazy\" decoding=\"async\" width=\"300\" height=\"300\" src=\"https:\/\/ort.fi\/seminaari\/wp-content\/uploads\/2016\/02\/seminaari-300x300.jpg\" class=\"attachment-thumbnail size-thumbnail\" alt=\"\" aria-describedby=\"gallery-1-713\" \/><\/a>\n\t\t\t<\/div>\n\t\t\t\t<figcaption class='wp-caption-text gallery-caption' id='gallery-1-713'>\n\t\t\t\tOrtodoksinen seminaari\n\t\t\t\t<\/figcaption><\/figure><figure class='gallery-item'>\n\t\t\t<div class='gallery-icon portrait'>\n\t\t\t\t<a href='https:\/\/ort.fi\/seminaari\/wp-content\/uploads\/2016\/04\/seminaari2.jpg'><img loading=\"lazy\" decoding=\"async\" width=\"300\" height=\"300\" src=\"https:\/\/ort.fi\/seminaari\/wp-content\/uploads\/2016\/04\/seminaari2-300x300.jpg\" class=\"attachment-thumbnail size-thumbnail\" alt=\"\" aria-describedby=\"gallery-1-532\" \/><\/a>\n\t\t\t<\/div>\n\t\t\t\t<figcaption class='wp-caption-text gallery-caption' id='gallery-1-532'>\n\t\t\t\tOrtodoksisen seminaarin emerita em\u00e4nt\u00e4\n\t\t\t\t<\/figcaption><\/figure><figure class='gallery-item'>\n\t\t\t<div class='gallery-icon landscape'>\n\t\t\t\t<a href='https:\/\/ort.fi\/seminaari\/wp-content\/uploads\/2016\/04\/seminaari3.jpg'><img loading=\"lazy\" decoding=\"async\" width=\"300\" height=\"300\" src=\"https:\/\/ort.fi\/seminaari\/wp-content\/uploads\/2016\/04\/seminaari3-300x300.jpg\" class=\"attachment-thumbnail size-thumbnail\" alt=\"\" aria-describedby=\"gallery-1-534\" \/><\/a>\n\t\t\t<\/div>\n\t\t\t\t<figcaption class='wp-caption-text gallery-caption' id='gallery-1-534'>\n\t\t\t\tJumalanpalvelus\n\t\t\t\t<\/figcaption><\/figure>\n\t\t<\/div>\n\n<p>Seminaari on kirkon yll\u00e4pit\u00e4m\u00e4 koulutuslaitos. Yliopistokurssien lis\u00e4ksi seminaari toimii ty\u00f6ntekij\u00f6iden kouluttamisessa my\u00f6s kirkon omana oppilaitoksena ja tarjoaa ainutlaatuisen mahdollisuuden p\u00e4ivitt\u00e4iseen jumalanpalvelusel\u00e4m\u00e4\u00e4n asuinpaikan yhteydess\u00e4 koko lukuvuoden ajan. Seminaarin asukkaaksi voivat hakea kaikki ortodoksisen teologian p\u00e4\u00e4aineopiskelijat. On suotavaa, ett\u00e4 kirkon papin tai kanttorin toimeen aikovat asuvat ainakin osan opiskeluajasta seminaarilla.<\/p>\n<div id='gallery-2' class='gallery galleryid-71 gallery-columns-3 gallery-size-thumbnail'><figure class='gallery-item'>\n\t\t\t<div class='gallery-icon landscape'>\n\t\t\t\t<a href='https:\/\/ort.fi\/seminaari\/wp-content\/uploads\/2017\/01\/piano2.jpg'><img loading=\"lazy\" decoding=\"async\" width=\"300\" height=\"300\" src=\"https:\/\/ort.fi\/seminaari\/wp-content\/uploads\/2017\/01\/piano2-300x300.jpg\" class=\"attachment-thumbnail size-thumbnail\" alt=\"\" aria-describedby=\"gallery-2-1101\" \/><\/a>\n\t\t\t<\/div>\n\t\t\t\t<figcaption class='wp-caption-text gallery-caption' id='gallery-2-1101'>\n\t\t\t\tHarjoittelutila\n\t\t\t\t<\/figcaption><\/figure><figure class='gallery-item'>\n\t\t\t<div class='gallery-icon landscape'>\n\t\t\t\t<a href='https:\/\/ort.fi\/seminaari\/wp-content\/uploads\/2017\/01\/olonurkka2.jpg'><img loading=\"lazy\" decoding=\"async\" width=\"300\" height=\"300\" src=\"https:\/\/ort.fi\/seminaari\/wp-content\/uploads\/2017\/01\/olonurkka2-300x300.jpg\" class=\"attachment-thumbnail size-thumbnail\" alt=\"\" aria-describedby=\"gallery-2-1095\" \/><\/a>\n\t\t\t<\/div>\n\t\t\t\t<figcaption class='wp-caption-text gallery-caption' id='gallery-2-1095'>\n\t\t\t\tOleskelutiloja\n\t\t\t\t<\/figcaption><\/figure><figure class='gallery-item'>\n\t\t\t<div class='gallery-icon landscape'>\n\t\t\t\t<a href='https:\/\/ort.fi\/seminaari\/wp-content\/uploads\/2022\/06\/DSC6233.jpeg'><img loading=\"lazy\" decoding=\"async\" width=\"300\" height=\"300\" src=\"https:\/\/ort.fi\/seminaari\/wp-content\/uploads\/2022\/06\/DSC6233-300x300.jpeg\" class=\"attachment-thumbnail size-thumbnail\" alt=\"\" aria-describedby=\"gallery-2-3781\" \/><\/a>\n\t\t\t<\/div>\n\t\t\t\t<figcaption class='wp-caption-text gallery-caption' id='gallery-2-3781'>\n\t\t\t\tSeminaarin kirkko\n\t\t\t\t<\/figcaption><\/figure>\n\t\t<\/div>\n\n<p>Seminaari tarjoaa opiskelijoille mahdollisuuden tutustua ortodoksisen kirkon jumalanpalvelusperinteeseen sek\u00e4 kirkon el\u00e4m\u00e4\u00e4n k\u00e4yt\u00e4nn\u00f6n kautta. Yhteis\u00f6llinen el\u00e4m\u00e4 tukee arkista aherrusta. Opiskelijaporukka tarjoaa toisilleen seuraa ja tukea niin opinnoissa kuin vapaa-ajallakin.<\/p>\n<p>Ruokalassa tarjoillaan lukukauden aikana arkiaamuisin aamiainen. Paasto- ja juhla-aikojen vuorottelu n\u00e4kyy tarjonnassa. Hinnat ovat opiskelijayst\u00e4v\u00e4lliset. Lukuvuoden aikana, erityisin\u00e4 juhlina j\u00e4rjestet\u00e4\u00e4n my\u00f6s juhla-aterioita.<\/p>\n<p>Seminaarin asukkaasi voivat hakea kaikki It\u00e4-Suomen yliopiston ortodoksisen teologian p\u00e4\u00e4aineopiskelijoiksi hyv\u00e4ksytyt. Asukasvalinnat tekee seminaarin johtoryhm\u00e4. Asukashakemuksen voi l\u00e4hett\u00e4\u00e4 alla olevan ohjeen mukaan.<\/p>\n<hr \/>\n<p><a href=\"\/seminaari\/index.php\/seminaarin-asukkaaksi-hakeminen\/\" target=\"blank\" rel=\"noopener noreferrer\"><i class=\"fa fa-chevron-right\"><\/i> Seminaarin asukkaaksi hakeminen<\/a><br \/>\n<a href=\"\/seminaari\/index.php\/ruokala\/\" target=\"blank\" rel=\"noopener noreferrer\"><i class=\"fa fa-chevron-right\"><\/i> Ruokala<\/a><\/p>\n","protected":false},"excerpt":{"rendered":"<p>Seminaari on kirkon yll\u00e4pit\u00e4m\u00e4 koulutuslaitos. Yliopistokurssien lis\u00e4ksi seminaari toimii ty\u00f6ntekij\u00f6iden kouluttamisessa my\u00f6s kirkon omana oppilaitoksena ja tarjoaa ainutlaatuisen mahdollisuuden p\u00e4ivitt\u00e4iseen jumalanpalvelusel\u00e4m\u00e4\u00e4n asuinpaikan yhteydess\u00e4 koko lukuvuoden ajan. Seminaarin asukkaaksi voivat hakea kaikki ortodoksisen teologian p\u00e4\u00e4aineopiskelijat. On suotavaa, ett\u00e4 kirkon papin tai kanttorin toimeen aikovat asuvat ainakin osan opiskeluajasta seminaarilla. Seminaari tarjoaa opiskelijoille mahdollisuuden tutustua ortodoksisen kirkon [&hellip;]<\/p>\n","protected":false},"author":1,"featured_media":0,"parent":0,"menu_order":0,"comment_status":"closed","ping_status":"closed","template":"","meta":{"inline_featured_image":false,"jetpack_post_was_ever_published":false,"footnotes":""},"class_list":["post-71","page","type-page","status-publish","hentry"],"jetpack_shortlink":"https:\/\/wp.me\/P7k47p-19","jetpack_sharing_enabled":true,"_links":{"self":[{"href":"https:\/\/ort.fi\/seminaari\/index.php\/wp-json\/wp\/v2\/pages\/71","targetHints":{"allow":["GET"]}}],"collection":[{"href":"https:\/\/ort.fi\/seminaari\/index.php\/wp-json\/wp\/v2\/pages"}],"about":[{"href":"https:\/\/ort.fi\/seminaari\/index.php\/wp-json\/wp\/v2\/types\/page"}],"author":[{"embeddable":true,"href":"https:\/\/ort.fi\/seminaari\/index.php\/wp-json\/wp\/v2\/users\/1"}],"replies":[{"embeddable":true,"href":"https:\/\/ort.fi\/seminaari\/index.php\/wp-json\/wp\/v2\/comments?post=71"}],"version-history":[{"count":40,"href":"https:\/\/ort.fi\/seminaari\/index.php\/wp-json\/wp\/v2\/pages\/71\/revisions"}],"predecessor-version":[{"id":5461,"href":"https:\/\/ort.fi\/seminaari\/index.php\/wp-json\/wp\/v2\/pages\/71\/revisions\/5461"}],"wp:attachment":[{"href":"https:\/\/ort.fi\/seminaari\/index.php\/wp-json\/wp\/v2\/media?parent=71"}],"curies":[{"name":"wp","href":"https:\/\/api.w.org\/{rel}","templated":true}]}}