{"id":51,"date":"2016-02-09T11:58:05","date_gmt":"2016-02-09T11:58:05","guid":{"rendered":"http:\/\/kehitys.ort.fi\/seminaari\/?page_id=51"},"modified":"2024-09-03T14:05:20","modified_gmt":"2024-09-03T11:05:20","slug":"kirkko","status":"publish","type":"page","link":"https:\/\/ort.fi\/seminaari\/index.php\/kirkko\/","title":{"rendered":"Kirkko"},"content":{"rendered":"<div id='gallery-1' class='gallery galleryid-51 gallery-columns-3 gallery-size-thumbnail'><figure class='gallery-item'>\n\t\t\t<div class='gallery-icon landscape'>\n\t\t\t\t<a href='https:\/\/ort.fi\/seminaari\/wp-content\/uploads\/2022\/06\/DSC8825.jpeg'><img loading=\"lazy\" decoding=\"async\" width=\"300\" height=\"300\" src=\"https:\/\/ort.fi\/seminaari\/wp-content\/uploads\/2022\/06\/DSC8825-300x300.jpeg\" class=\"attachment-thumbnail size-thumbnail\" alt=\"\" aria-describedby=\"gallery-1-3773\" \/><\/a>\n\t\t\t<\/div>\n\t\t\t\t<figcaption class='wp-caption-text gallery-caption' id='gallery-1-3773'>\n\t\t\t\tPyh\u00e4n Johannes Teologin kirkko\n\t\t\t\t<\/figcaption><\/figure><figure class='gallery-item'>\n\t\t\t<div class='gallery-icon landscape'>\n\t\t\t\t<a href='https:\/\/ort.fi\/seminaari\/wp-content\/uploads\/2022\/06\/DSC6182-1.jpeg'><img loading=\"lazy\" decoding=\"async\" width=\"300\" height=\"300\" src=\"https:\/\/ort.fi\/seminaari\/wp-content\/uploads\/2022\/06\/DSC6182-1-300x300.jpeg\" class=\"attachment-thumbnail size-thumbnail\" alt=\"\" aria-describedby=\"gallery-1-3777\" \/><\/a>\n\t\t\t<\/div>\n\t\t\t\t<figcaption class='wp-caption-text gallery-caption' id='gallery-1-3777'>\n\t\t\t\tKirkkosali\n\t\t\t\t<\/figcaption><\/figure><figure class='gallery-item'>\n\t\t\t<div class='gallery-icon landscape'>\n\t\t\t\t<a href='https:\/\/ort.fi\/seminaari\/wp-content\/uploads\/2016\/03\/jumalanpalvelus2.jpg'><img loading=\"lazy\" decoding=\"async\" width=\"300\" height=\"300\" src=\"https:\/\/ort.fi\/seminaari\/wp-content\/uploads\/2016\/03\/jumalanpalvelus2-300x300.jpg\" class=\"attachment-thumbnail size-thumbnail\" alt=\"\" aria-describedby=\"gallery-1-546\" \/><\/a>\n\t\t\t<\/div>\n\t\t\t\t<figcaption class='wp-caption-text gallery-caption' id='gallery-1-546'>\n\t\t\t\tJumalanpalvelus\n\t\t\t\t<\/figcaption><\/figure>\n\t\t<\/div>\n\n<p>Pyh\u00e4n Johannes teologin ja Karjalan valistajien kirkko on ikonografialtaan ja tunnelmaltaan ainutlaatuinen. Kirkko on ahkerassa k\u00e4yt\u00f6ss\u00e4. Lukuvuoden aikana kirkossa toimitetaan jumalanpalveluksia joka arkip\u00e4iv\u00e4. Palvelukset ovat avoimia kaikille.<\/p>\n<p>Kirkon esikuva on Tessalonikassa sijaitseva kupariseppien kirkko. Kirkon sein\u00e4maalaukset on suunnitellut ja maalannut ikonimaalari Konstantinos Ksenopoulos oppilaineen. Kirkon suunnitteli helsinkil\u00e4inen arkkitehti Ilkka Valkama suurl\u00e4hettil\u00e4s Anastasios Sideriksen ehdotuksen pohjalta. H\u00e4nen ty\u00f6t\u00e4\u00e4n jatkoi arkkitehti Antero Turkki. Kirkko valmistui vuonna 1995.<\/p>\n<p>Kirkko on avoinna tutustumista varten jumalapalvelusten aikana, muutoin sopimuksen mukaan.<\/p>\n<p>Kirkon opastuksesta voi sopia olemalla yhteydess\u00e4 s\u00e4hk\u00f6postitse osoitteeseen: ort.seminaari@ort.fi<\/p>\n<hr \/>\n<p><a href=\"\/seminaari\/index.php\/jumalanpalvelukset\/\" target=\"_blank\" rel=\"noopener noreferrer\"><i class=\"fa fa-chevron-right\"><\/i> Jumalanpalvelukset<\/a><\/p>\n","protected":false},"excerpt":{"rendered":"<p>Pyh\u00e4n Johannes teologin ja Karjalan valistajien kirkko on ikonografialtaan ja tunnelmaltaan ainutlaatuinen. Kirkko on ahkerassa k\u00e4yt\u00f6ss\u00e4. Lukuvuoden aikana kirkossa toimitetaan jumalanpalveluksia joka arkip\u00e4iv\u00e4. Palvelukset ovat avoimia kaikille. Kirkon esikuva on Tessalonikassa sijaitseva kupariseppien kirkko. Kirkon sein\u00e4maalaukset on suunnitellut ja maalannut ikonimaalari Konstantinos Ksenopoulos oppilaineen. Kirkon suunnitteli helsinkil\u00e4inen arkkitehti Ilkka Valkama suurl\u00e4hettil\u00e4s Anastasios Sideriksen ehdotuksen pohjalta. [&hellip;]<\/p>\n","protected":false},"author":1,"featured_media":0,"parent":0,"menu_order":0,"comment_status":"closed","ping_status":"closed","template":"","meta":{"inline_featured_image":false,"jetpack_post_was_ever_published":false,"footnotes":""},"class_list":["post-51","page","type-page","status-publish","hentry"],"jetpack_shortlink":"https:\/\/wp.me\/P7k47p-P","jetpack_sharing_enabled":true,"_links":{"self":[{"href":"https:\/\/ort.fi\/seminaari\/index.php\/wp-json\/wp\/v2\/pages\/51","targetHints":{"allow":["GET"]}}],"collection":[{"href":"https:\/\/ort.fi\/seminaari\/index.php\/wp-json\/wp\/v2\/pages"}],"about":[{"href":"https:\/\/ort.fi\/seminaari\/index.php\/wp-json\/wp\/v2\/types\/page"}],"author":[{"embeddable":true,"href":"https:\/\/ort.fi\/seminaari\/index.php\/wp-json\/wp\/v2\/users\/1"}],"replies":[{"embeddable":true,"href":"https:\/\/ort.fi\/seminaari\/index.php\/wp-json\/wp\/v2\/comments?post=51"}],"version-history":[{"count":28,"href":"https:\/\/ort.fi\/seminaari\/index.php\/wp-json\/wp\/v2\/pages\/51\/revisions"}],"predecessor-version":[{"id":4825,"href":"https:\/\/ort.fi\/seminaari\/index.php\/wp-json\/wp\/v2\/pages\/51\/revisions\/4825"}],"wp:attachment":[{"href":"https:\/\/ort.fi\/seminaari\/index.php\/wp-json\/wp\/v2\/media?parent=51"}],"curies":[{"name":"wp","href":"https:\/\/api.w.org\/{rel}","templated":true}]}}