{"id":265,"date":"2024-08-29T02:21:50","date_gmt":"2024-08-28T23:21:50","guid":{"rendered":"https:\/\/ort.fi\/oulunhiippakunta\/?page_id=265"},"modified":"2024-08-29T02:23:56","modified_gmt":"2024-08-28T23:23:56","slug":"oulu-ortodokslaz-aa%ca%b9rhelka%ca%b9dd","status":"publish","type":"page","link":"https:\/\/ort.fi\/oulunhiippakunta\/oulu-ortodokslaz-aa%ca%b9rhelka%ca%b9dd\/","title":{"rendered":"Oulu ortodoksla\u017e aa\u02b9rhelk\u00e5\u02b9dd"},"content":{"rendered":"\t\t<div data-elementor-type=\"wp-page\" data-elementor-id=\"265\" class=\"elementor elementor-265\" data-elementor-post-type=\"page\">\n\t\t\t\t<div class=\"elementor-element elementor-element-f67869b e-flex e-con-boxed e-con e-parent\" data-id=\"f67869b\" data-element_type=\"container\" data-e-type=\"container\">\n\t\t\t\t\t<div class=\"e-con-inner\">\n\t\t\t\t<div class=\"elementor-element elementor-element-55b0fc7 elementor-widget elementor-widget-text-editor\" data-id=\"55b0fc7\" data-element_type=\"widget\" data-e-type=\"widget\" data-widget_type=\"text-editor.default\">\n\t\t\t\t<div class=\"elementor-widget-container\">\n\t\t\t\t\t\t\t\t\t<div id=\"bgLayers_comp-jruj9tks\" class=\"MW5IWV\" data-hook=\"bgLayers\" data-motion-part=\"BG_LAYER\"><p id=\"bgMedia_comp-jruj9tks\" class=\"VgO9Yg\" data-motion-part=\"BG_MEDIA\">OULU ORTODOKSLA\u017d AA\u02b9RHELK\u00c5\u02b9DD\u00a0\u00a0<\/p><\/div><div id=\"Containercomp-jruj9tks\" class=\"Containercomp-jruj9tks SPY_vo\"><div class=\"\" data-mesh-id=\"Containercomp-jruj9tksinlineContent\" data-testid=\"inline-content\"><div data-mesh-id=\"Containercomp-jruj9tksinlineContent-gridContainer\" data-testid=\"mesh-container-content\"><div id=\"comp-jruj9tky\" class=\"HcOXKn SxM0TO QxJLC3 lq2cno comp-jruj9tky wixui-rich-text\" data-testid=\"richTextElement\"><p class=\"font_5 wixui-rich-text__text\"><span class=\"wixui-rich-text__text\"><span class=\"color_36 wixui-rich-text__text\">Pu\u00e4\u02b9\u0111 ti\u00f5rv\u00e2n aa\u02b9rhelk\u00e5\u00e5\u02b9dd oo\u0111uum ne\u02b9ttseeidaid!<\/span><\/span><\/p><p class=\"font_5 wixui-rich-text__text\"><span class=\"wixui-rich-text__text\"><span class=\"color_36 wixui-rich-text__text\">Oulu ortodooksla\u017e aa\u02b9rhelk\u00e5\u02b9dd alttee\u0161 ee\u02b9jj 1980. Ji\u00f5glva\u017e vu\u00e4\u02b9ddaz vu\u00e4lla kuuit\u00e2\u01e5 ji\u00e2nnai olgglab histoo\u02b9re, \u00f5httvu\u00f5\u02b9tte Novgoroodin da t\u00f5n p\u00e4\u00e4i\u02b9\u01e9 Bysanttist pu\u00e4ttam ortodooksla\u017evu\u00f5\u02b9tte. P\u00e2\u02b9ssteei Treeffan Pe\u00e4ccamne\u01e9 lij \u00e2nn\u02bcj\u00f5\u017e Oulu ortodooksla\u017e aa\u02b9rhelk\u00e5\u00e5\u02b9dd su\u00f5jjeemp\u00e2\u00e2\u02b9ssteei.<\/span><\/span><span class=\"wixui-rich-text__text\"><span class=\"color_36 wixui-rich-text__text\"><span class=\"wixGuard wixui-rich-text__text\">\u200b<\/span><\/span><\/span><\/p><p class=\"font_5 wixui-rich-text__text\"><span class=\"wixui-rich-text__text\"><span class=\"color_36 wixui-rich-text__text\">Aa\u02b9rhelk\u00e5\u00e5\u02b9dd voudda ko\u02b9lle veeids\u00f5s Vu\u00e2\u0111\u0111m\u00e4dd, Kainuu da Lappi. Neellj sie\u02b9brrk\u00e5\u00e5\u02b9dd Kajaani, Lappi, Oulu da Vaasa \u2013 narod \u0161\u00f5\u00f5ddi te\u02b9l vuei\u02b9vv\u00e4\u00e4\u02b9\u0161\u0161est Ka\u02b9rjjlest da Pe\u00e4ccmest v\u00e4\u00e4inai di\u00f5tt \u010d\u00f5\u02b9\u01e9\u01e9\u00e4\u00e4m se\u02b9rddnee\u02b9\u01e9\u01e9in. Vaasa sie\u02b9brrk\u00e5\u00e5\u02b9dd histoor d\u00e4s \u00e4lgg L\u00e4\u00e4\u02b9ddj\u00e2nnam autonomii \u00e4\u00e4i\u02b9jest 1800-l\u00e5\u00e5\u01e5\u01e5 nuu\u02b9bb pe\u00e4\u02b9lnn.<\/span><\/span><\/p><p class=\"font_5 wixui-rich-text__text\"><span class=\"wixui-rich-text__text\"><span class=\"color_36 wixui-rich-text__text\">Oulu ortodooksla\u017e aa\u02b9rhelk\u00e5\u00e5\u02b9dd sie\u02b9brrk\u00e5\u00e5\u02b9dd lie t\u00e4n poodd jie\u02b9lli, m\u00e4\u00e4\u014bgpe\u00e4llsa\u017e ce\u00e2laivu\u00f5tt. \u00d5httsa\u017e strategii jurdd\u00e2n lij seillted da viikk\u00e2d ooud\u00e2s sie\u02b9brrkoo\u02b9ddi \u0161i\u00f5\u01e5\u01e5 \u00f5httsa\u017e \u00e5\u00e5rrm\u00f5\u00f5\u017e\u017e da tu\u00e5immjummu\u017e se\u00e4mmanalla ko sie\u02b9brrk\u00e5\u02b9ddnee\u02b9\u01e9\u01e9i oddl\u00f5svu\u00f5\u0111 pu\u00f5\u02b9tti\u00e4\u00e4i\u02b9j v\u00e4\u00e4ras \u0161e. Aa\u02b9rhelk\u00e5\u00e5\u02b9dd pispp, e\u02b9\u010d\u010d ouddpe\u00e2mmai da vu\u00e5ppi j\u00e5\u00e5\u0111at, stu\u02b9vrrai da koordin\u00e2\u02b9stt aa\u02b9rhelk\u00e5\u00e5\u02b9dd tu\u00e2i, da aa\u02b9rhelk\u00e5\u00e5\u02b9dd piisar ve\u00e4\u02b9\u01e9\u01e9at suu.<\/span><\/span><\/p><\/div><\/div><\/div><\/div>\t\t\t\t\t\t\t\t<\/div>\n\t\t\t\t<\/div>\n\t\t\t\t\t<\/div>\n\t\t\t\t<\/div>\n\t\t\t\t<\/div>\n\t\t","protected":false},"excerpt":{"rendered":"<p>OULU ORTODOKSLA\u017d AA\u02b9RHELK\u00c5\u02b9DD\u00a0\u00a0 Pu\u00e4\u02b9\u0111 ti\u00f5rv\u00e2n aa\u02b9rhelk\u00e5\u00e5\u02b9dd oo\u0111uum ne\u02b9ttseeidaid! Oulu ortodooksla\u017e aa\u02b9rhelk\u00e5\u02b9dd alttee\u0161 ee\u02b9jj 1980. Ji\u00f5glva\u017e vu\u00e4\u02b9ddaz vu\u00e4lla kuuit\u00e2\u01e5 ji\u00e2nnai olgglab histoo\u02b9re, \u00f5httvu\u00f5\u02b9tte Novgoroodin da t\u00f5n p\u00e4\u00e4i\u02b9\u01e9 Bysanttist pu\u00e4ttam ortodooksla\u017evu\u00f5\u02b9tte. P\u00e2\u02b9ssteei Treeffan Pe\u00e4ccamne\u01e9 lij \u00e2nn\u02bcj\u00f5\u017e Oulu ortodooksla\u017e aa\u02b9rhelk\u00e5\u00e5\u02b9dd su\u00f5jjeemp\u00e2\u00e2\u02b9ssteei.\u200b Aa\u02b9rhelk\u00e5\u00e5\u02b9dd voudda ko\u02b9lle veeids\u00f5s Vu\u00e2\u0111\u0111m\u00e4dd, Kainuu da Lappi. Neellj sie\u02b9brrk\u00e5\u00e5\u02b9dd Kajaani, Lappi, Oulu da Vaasa \u2013 narod [&hellip;]<\/p>\n","protected":false},"author":1,"featured_media":0,"parent":0,"menu_order":0,"comment_status":"closed","ping_status":"closed","template":"","meta":{"footnotes":""},"class_list":["post-265","page","type-page","status-publish","hentry"],"_links":{"self":[{"href":"https:\/\/ort.fi\/oulunhiippakunta\/wp-json\/wp\/v2\/pages\/265","targetHints":{"allow":["GET"]}}],"collection":[{"href":"https:\/\/ort.fi\/oulunhiippakunta\/wp-json\/wp\/v2\/pages"}],"about":[{"href":"https:\/\/ort.fi\/oulunhiippakunta\/wp-json\/wp\/v2\/types\/page"}],"author":[{"embeddable":true,"href":"https:\/\/ort.fi\/oulunhiippakunta\/wp-json\/wp\/v2\/users\/1"}],"replies":[{"embeddable":true,"href":"https:\/\/ort.fi\/oulunhiippakunta\/wp-json\/wp\/v2\/comments?post=265"}],"version-history":[{"count":4,"href":"https:\/\/ort.fi\/oulunhiippakunta\/wp-json\/wp\/v2\/pages\/265\/revisions"}],"predecessor-version":[{"id":273,"href":"https:\/\/ort.fi\/oulunhiippakunta\/wp-json\/wp\/v2\/pages\/265\/revisions\/273"}],"wp:attachment":[{"href":"https:\/\/ort.fi\/oulunhiippakunta\/wp-json\/wp\/v2\/media?parent=265"}],"curies":[{"name":"wp","href":"https:\/\/api.w.org\/{rel}","templated":true}]}}