{"id":100,"date":"2020-12-18T15:05:03","date_gmt":"2020-12-18T13:05:03","guid":{"rendered":"https:\/\/ort.fi\/nurmes\/?page_id=100"},"modified":"2022-07-29T14:29:03","modified_gmt":"2022-07-29T11:29:03","slug":"jumalanpalvelukset","status":"publish","type":"page","link":"https:\/\/ort.fi\/nurmes\/jumalanpalvelukset\/","title":{"rendered":"Jumalanpalvelukset"},"content":{"rendered":"\n<p>Kirkon t\u00e4rkein teht\u00e4v\u00e4 on jumalanpalvelusten toimittaminen. Palveluksiin osallistuminen on paras tapa osallistua seurakunnan toimintaan ja tutustua ortodoksisuuteen. Jumalanpalvelukset ovat kaikille avoimia ja niihin saa tulla ja niist\u00e4 l\u00e4hte\u00e4 oman aikataulun mukaan.<\/p>\n\n\n\n<p>Arkipalveluksia toimitetaan p\u00e4\u00e4s\u00e4\u00e4nt\u00f6isesti Nurmeksessa keskiviikkoisin ja torstaisin sek\u00e4 Valtimolla ja Juuassa joitakin kertoja kuukaudessa.<br>Suuren paastoon kuuluva ennenpyhitettyjen lahjain liturgia (EPL) toimitetaan Nurmeksessa keskiviikkoisin ja perjantaisin vuoroviikoin Juuassa sek\u00e4 Valtimolla.<br>Liturgioissa tarjottava ehtoollinen on tarkoitettu kastetuille ja voidelluille kirkon j\u00e4senille.<br><br>Jumalanpalvelukset ilmoitetaan seurakunnan s\u00e4hk\u00f6isess\u00e4 kalenterissa, kuukausiohjelmassa, Aamun Koitto lehdess\u00e4 ja paikallislehdiss\u00e4 sek\u00e4 seurakunnan Facebook ryhm\u00e4ss\u00e4.<br><br>EHTOOPALVELUS Ehtoopalvelus on nimens\u00e4 mukaisesti iltapalvelus. Ehtoopalveluksia toimitetaan arkena ja juhlana. Ehtoopalveluksessa luetaan psalmeja ja rukouksia sek\u00e4 lauletaan kunkin p\u00e4iv\u00e4n pyh\u00e4st\u00e4 ihmisest\u00e4 kertovia veisuja. Arki-iltoina ehtoopalveluksen kesto on puoli tuntia, lauantai-iltoina ja juhlien aattoina noin tunti.<br><br>AAMUPALVELUS Aamupalvelus niin ik\u00e4\u00e4n kuuluu arkeen ja juhlaan, ja siihen osallistuminen on harras ja hyv\u00e4 tapa aloittaa p\u00e4iv\u00e4. Nurmeksen kappeliseurakunnassa aamupalveluksia toimitetaan yleens\u00e4 kolmena aamuna viikossa. Aamupalveluksen kesto on noin tunti.<br>VIGILIA Ehtoopalvelus ja aamupalvelus voidaan yhdist\u00e4\u00e4 juhlien aattoiltoina vigiliaksi, niin sanotuksi koko\u00f6iseksi jumalanpalvelukseksi. Iltaisin toimitettavan vigilian kesto on noin kaksi tuntia. Seurakunnassamme vigilia on tapana toimittaa suurten juhlien aattona.<br><br>LITURGIA Liturgia on ehtoollisjumalanpalvelus, jossa on kaksi osaa. Ensimm\u00e4isen osan t\u00e4rkein kohta on Evankeliumiluvun lukeminen ja papin opetuspuhe. J\u00e4lkimm\u00e4isess\u00e4 osassa siunaamme ehtoollislahjat ja osallistumme niist\u00e4. Ehtoollisen sakramenttiin voivat osallistua vain ortodoksisen kirkon j\u00e4senet, jotka ovat siihen valmistautuneet. Arkena liturgian kesto on tunti, sunnuntaisin ja juhlina puolitoista tuntia. <\/p>\n","protected":false},"excerpt":{"rendered":"<p>Kirkon t\u00e4rkein teht\u00e4v\u00e4 on jumalanpalvelusten toimittaminen. Palveluksiin osallistuminen on paras tapa osallistua seurakunnan toimintaan ja tutustua ortodoksisuuteen. Jumalanpalvelukset ovat kaikille avoimia ja niihin saa tulla ja niist\u00e4 l\u00e4hte\u00e4 oman aikataulun mukaan. Arkipalveluksia toimitetaan p\u00e4\u00e4s\u00e4\u00e4nt\u00f6isesti Nurmeksessa keskiviikkoisin ja torstaisin sek\u00e4 Valtimolla ja Juuassa joitakin kertoja kuukaudessa.Suuren paastoon kuuluva ennenpyhitettyjen lahjain liturgia (EPL) toimitetaan Nurmeksessa keskiviikkoisin ja &#8230; <a title=\"Jumalanpalvelukset\" class=\"read-more\" href=\"https:\/\/ort.fi\/nurmes\/jumalanpalvelukset\/\" aria-label=\"Lue lis\u00e4\u00e4 aiheesta Jumalanpalvelukset\">Lue lis\u00e4\u00e4<\/a><\/p>\n","protected":false},"author":6,"featured_media":0,"parent":0,"menu_order":4,"comment_status":"closed","ping_status":"closed","template":"","meta":{"footnotes":""},"class_list":["post-100","page","type-page","status-publish"],"_links":{"self":[{"href":"https:\/\/ort.fi\/nurmes\/wp-json\/wp\/v2\/pages\/100","targetHints":{"allow":["GET"]}}],"collection":[{"href":"https:\/\/ort.fi\/nurmes\/wp-json\/wp\/v2\/pages"}],"about":[{"href":"https:\/\/ort.fi\/nurmes\/wp-json\/wp\/v2\/types\/page"}],"author":[{"embeddable":true,"href":"https:\/\/ort.fi\/nurmes\/wp-json\/wp\/v2\/users\/6"}],"replies":[{"embeddable":true,"href":"https:\/\/ort.fi\/nurmes\/wp-json\/wp\/v2\/comments?post=100"}],"version-history":[{"count":15,"href":"https:\/\/ort.fi\/nurmes\/wp-json\/wp\/v2\/pages\/100\/revisions"}],"predecessor-version":[{"id":1297,"href":"https:\/\/ort.fi\/nurmes\/wp-json\/wp\/v2\/pages\/100\/revisions\/1297"}],"wp:attachment":[{"href":"https:\/\/ort.fi\/nurmes\/wp-json\/wp\/v2\/media?parent=100"}],"curies":[{"name":"wp","href":"https:\/\/api.w.org\/{rel}","templated":true}]}}