{"id":157,"date":"2024-12-26T16:38:43","date_gmt":"2024-12-26T14:38:43","guid":{"rendered":"https:\/\/ort.fi\/uusikuopionjakarjalanhiippakunta\/?page_id=157"},"modified":"2026-02-26T06:40:58","modified_gmt":"2026-02-26T04:40:58","slug":"jumalanpalvelukset","status":"publish","type":"page","link":"https:\/\/ort.fi\/kuopionjakarjalanhiippakunta\/jumalanpalvelukset\/","title":{"rendered":"Jumalanpalvelukset"},"content":{"rendered":"\n<p><strong>Tulevat piispalliset jumalanpalvelukset<\/strong><\/p>\n\n\n\n<p>* Keskiviikko 4.3. Kuopio: III-, VI-, IX-hetki, hetkipalvelus, ehtoopalvelus ja ennenpyhitettyjen lahjojen liturgia Pyhien Karjalan valistajien kirkossa klo 8.<\/p>\n\n\n\n<p>* Lauantai 7.3. Sonkajanranta: Ristinkumartamisen sunnuntain vigilia Pyh\u00e4n Profeetta Hannan kirkossa klo 17.<\/p>\n\n\n\n<p>* Sunnuntai 8.3. Sonkajanranta: Ristinkumartamisen sunnuntain liturgia ja akatistos Pyh\u00e4n Profeetta Hannan kirkossa klo 10.<\/p>\n\n\n\n<p>* Keskiviikko 11.3. Kuopio: III-, VI-, IX-hetki, hetkipalvelus, ehtoopalvelus ja ennenpyhitettyjen lahjojen liturgia Pyhien Karjalan valistajien kirkossa klo 8.<\/p>\n\n\n\n<p>* Lauantai 14.3. Valamo: Johannes Siinailaisen sunnuntain vigilia Kristuksen kirkastumisen kirkossa klo 18.<\/p>\n\n\n\n<p>* Sunnuntai 15.3. Valamo: Johannes Siinailaisen sunnuntain liturgia Kristuksen kirkastumisen kirkossa klo 9.<\/p>\n\n\n\n<p>* Keskiviikko 18.3. Kuopio: III-, VI-, IX-hetki, hetkipalvelus, ehtoopalvelus ja ennenpyhitettyjen lahjojen liturgia Pyhien Karjalan valistajien kirkossa klo 8.<\/p>\n\n\n\n<p>* Lauantai 21.3. Savonlinna: Maria Egyptil\u00e4isen sunnuntain ehtoopalvelus Vanhurskaiden Sakariaan ja Elisabetin kirkossa klo 17.<\/p>\n\n\n\n<p>* Sunnuntai 22.3. Varkaus: Maria Egyptil\u00e4isen sunnuntain liturgia Kristuksen taivaaseenastumisen kirkossa klo 10.<\/p>\n\n\n\n<p>* Tiistai 24.3. Joensuu: Marian ilmestysjuhlan suuri ehtoonj\u00e4lkeinen palvelus ja aamupalvelus Pyh\u00e4n Apostoli Johannes Teologin kirkossa klo 17.<\/p>\n\n\n\n<p>* Keskiviikko 25.3. Joensuu: Marian ilmestysjuhlan ehtoopalvelus ja liturgia Pyh\u00e4n Apostoli Johannes Teologin kirkossa klo 9.<\/p>\n\n\n\n<p>* Lauantai 28.3. Jyv\u00e4skyl\u00e4: Palmusunnuntain vigilia Kristuksen yl\u00f6snousemisen kirkossa klo 17. <\/p>\n\n\n\n<p>* Sunnuntai 29.3. Jyv\u00e4skyl\u00e4: Palmusunnuntain liturgia Kristuksen yl\u00f6snousemisen kirkossa klo 10.<\/p>\n\n\n\n<p><\/p>\n","protected":false},"excerpt":{"rendered":"<p>Tulevat piispalliset jumalanpalvelukset * Keskiviikko 4.3. Kuopio: III-, VI-, IX-hetki, hetkipalvelus, ehtoopalvelus ja ennenpyhitettyjen lahjojen liturgia Pyhien Karjalan valistajien kirkossa klo 8. * Lauantai 7.3. Sonkajanranta: Ristinkumartamisen sunnuntain vigilia Pyh\u00e4n Profeetta Hannan kirkossa klo 17. * Sunnuntai 8.3. Sonkajanranta: Ristinkumartamisen sunnuntain liturgia ja akatistos Pyh\u00e4n Profeetta Hannan kirkossa klo 10. * Keskiviikko 11.3. Kuopio: III-, [&hellip;]<\/p>\n","protected":false},"author":1,"featured_media":0,"parent":0,"menu_order":0,"comment_status":"closed","ping_status":"closed","template":"","meta":{"_eb_attr":"","footnotes":""},"class_list":["post-157","page","type-page","status-publish","hentry"],"_links":{"self":[{"href":"https:\/\/ort.fi\/kuopionjakarjalanhiippakunta\/wp-json\/wp\/v2\/pages\/157","targetHints":{"allow":["GET"]}}],"collection":[{"href":"https:\/\/ort.fi\/kuopionjakarjalanhiippakunta\/wp-json\/wp\/v2\/pages"}],"about":[{"href":"https:\/\/ort.fi\/kuopionjakarjalanhiippakunta\/wp-json\/wp\/v2\/types\/page"}],"author":[{"embeddable":true,"href":"https:\/\/ort.fi\/kuopionjakarjalanhiippakunta\/wp-json\/wp\/v2\/users\/1"}],"replies":[{"embeddable":true,"href":"https:\/\/ort.fi\/kuopionjakarjalanhiippakunta\/wp-json\/wp\/v2\/comments?post=157"}],"version-history":[{"count":83,"href":"https:\/\/ort.fi\/kuopionjakarjalanhiippakunta\/wp-json\/wp\/v2\/pages\/157\/revisions"}],"predecessor-version":[{"id":14111,"href":"https:\/\/ort.fi\/kuopionjakarjalanhiippakunta\/wp-json\/wp\/v2\/pages\/157\/revisions\/14111"}],"wp:attachment":[{"href":"https:\/\/ort.fi\/kuopionjakarjalanhiippakunta\/wp-json\/wp\/v2\/media?parent=157"}],"curies":[{"name":"wp","href":"https:\/\/api.w.org\/{rel}","templated":true}]}}