{"id":483,"date":"2023-08-21T15:22:10","date_gmt":"2023-08-21T12:22:10","guid":{"rendered":"https:\/\/ort.fi\/juhlavuosi\/?page_id=483"},"modified":"2023-09-05T14:20:03","modified_gmt":"2023-09-05T11:20:03","slug":"treffit-troitsassa-9-9","status":"publish","type":"page","link":"https:\/\/ort.fi\/juhlavuosi\/treffit-troitsassa-9-9\/","title":{"rendered":"Treffit Troitsassa 9.9."},"content":{"rendered":"<!-- RS_MODULE_CODE_2.5.1 --><div id=\"readspeaker_button483\" class=\"rs_skip rsbtn rs_preserve\"><a class=\"rsbtn_play\" title=\"Kuuntele ReadSpeakerilla\" href=\"https:\/\/app-eu.readspeaker.com\/cgi-bin\/rsent?customerid=11543&amp;lang=fi_fi&amp;readid=rspeak_read_483&amp;url=https%3A%2F%2Fort.fi%2Fjuhlavuosi%2Fwp-json%2Fwp%2Fv2%2Fpages%2F483\"><span class=\"rsbtn_left rsimg rspart\"><span class=\"rsbtn_text\"><span>Kuuntele<\/span><\/span><\/span><span class=\"rsbtn_right rsimg rsplay rspart\"><\/span><\/a><\/div><div id=\"rspeak_read_483\">\t\t<div data-elementor-type=\"wp-page\" data-elementor-id=\"483\" class=\"elementor elementor-483\" data-elementor-post-type=\"page\">\n\t\t\t\t\t\t<section class=\"elementor-section elementor-top-section elementor-element elementor-element-763f342 elementor-section-boxed elementor-section-height-default elementor-section-height-default\" data-id=\"763f342\" data-element_type=\"section\" data-e-type=\"section\">\n\t\t\t\t\t\t<div class=\"elementor-container elementor-column-gap-default\">\n\t\t\t\t\t<div class=\"elementor-column elementor-col-100 elementor-top-column elementor-element elementor-element-78ae85b\" data-id=\"78ae85b\" data-element_type=\"column\" data-e-type=\"column\">\n\t\t\t<div class=\"elementor-widget-wrap elementor-element-populated\">\n\t\t\t\t\t\t<div class=\"elementor-element elementor-element-1a85590 elementor-widget elementor-widget-spacer\" data-id=\"1a85590\" data-element_type=\"widget\" data-e-type=\"widget\" data-widget_type=\"spacer.default\">\n\t\t\t\t<div class=\"elementor-widget-container\">\n\t\t\t\t\t\t\t<div class=\"elementor-spacer\">\n\t\t\t<div class=\"elementor-spacer-inner\"><\/div>\n\t\t<\/div>\n\t\t\t\t\t\t<\/div>\n\t\t\t\t<\/div>\n\t\t\t\t\t<\/div>\n\t\t<\/div>\n\t\t\t\t\t<\/div>\n\t\t<\/section>\n\t\t\t\t<section class=\"elementor-section elementor-top-section elementor-element elementor-element-c451e10 elementor-section-boxed elementor-section-height-default elementor-section-height-default\" data-id=\"c451e10\" data-element_type=\"section\" data-e-type=\"section\">\n\t\t\t\t\t\t<div class=\"elementor-container elementor-column-gap-default\">\n\t\t\t\t\t<div class=\"elementor-column elementor-col-50 elementor-top-column elementor-element elementor-element-69508ac\" data-id=\"69508ac\" data-element_type=\"column\" data-e-type=\"column\">\n\t\t\t<div class=\"elementor-widget-wrap elementor-element-populated\">\n\t\t\t\t\t\t<div class=\"elementor-element elementor-element-9db03ec elementor-widget elementor-widget-image\" data-id=\"9db03ec\" data-element_type=\"widget\" data-e-type=\"widget\" data-widget_type=\"image.default\">\n\t\t\t\t<div class=\"elementor-widget-container\">\n\t\t\t\t\t\t\t\t\t\t\t\t\t\t\t<img fetchpriority=\"high\" decoding=\"async\" width=\"684\" height=\"1024\" src=\"https:\/\/ort.fi\/juhlavuosi\/wp-content\/uploads\/2023\/08\/Pyhan-Kolminaisuuden-kirkko-kompressoitu-684x1024.jpg\" class=\"attachment-large size-large wp-image-1237\" alt=\"Pyh\u00e4n Kolminaisuuden kirkko\" srcset=\"https:\/\/ort.fi\/juhlavuosi\/wp-content\/uploads\/2023\/08\/Pyhan-Kolminaisuuden-kirkko-kompressoitu-684x1024.jpg 684w, https:\/\/ort.fi\/juhlavuosi\/wp-content\/uploads\/2023\/08\/Pyhan-Kolminaisuuden-kirkko-kompressoitu-200x300.jpg 200w, https:\/\/ort.fi\/juhlavuosi\/wp-content\/uploads\/2023\/08\/Pyhan-Kolminaisuuden-kirkko-kompressoitu-768x1150.jpg 768w, https:\/\/ort.fi\/juhlavuosi\/wp-content\/uploads\/2023\/08\/Pyhan-Kolminaisuuden-kirkko-kompressoitu-1026x1536.jpg 1026w, https:\/\/ort.fi\/juhlavuosi\/wp-content\/uploads\/2023\/08\/Pyhan-Kolminaisuuden-kirkko-kompressoitu-1367x2048.jpg 1367w, https:\/\/ort.fi\/juhlavuosi\/wp-content\/uploads\/2023\/08\/Pyhan-Kolminaisuuden-kirkko-kompressoitu-scaled.jpg 1709w\" sizes=\"(max-width: 684px) 100vw, 684px\" \/>\t\t\t\t\t\t\t\t\t\t\t\t\t\t\t<\/div>\n\t\t\t\t<\/div>\n\t\t\t\t<div class=\"elementor-element elementor-element-37170b1 elementor-widget elementor-widget-text-editor\" data-id=\"37170b1\" data-element_type=\"widget\" data-e-type=\"widget\" data-widget_type=\"text-editor.default\">\n\t\t\t\t<div class=\"elementor-widget-container\">\n\t\t\t\t\t\t\t\t\t<p>Kuva: <span style=\"color: #000000; font-family: Calibri, sans-serif;\">Vlada Wahlsten<\/span><\/p>\t\t\t\t\t\t\t\t<\/div>\n\t\t\t\t<\/div>\n\t\t\t\t\t<\/div>\n\t\t<\/div>\n\t\t\t\t<div class=\"elementor-column elementor-col-50 elementor-top-column elementor-element elementor-element-9f836ae\" data-id=\"9f836ae\" data-element_type=\"column\" data-e-type=\"column\">\n\t\t\t<div class=\"elementor-widget-wrap elementor-element-populated\">\n\t\t\t\t\t\t<div class=\"elementor-element elementor-element-e7044de elementor-widget elementor-widget-text-editor\" data-id=\"e7044de\" data-element_type=\"widget\" data-e-type=\"widget\" data-widget_type=\"text-editor.default\">\n\t\t\t\t<div class=\"elementor-widget-container\">\n\t\t\t\t\t\t\t\t\t<p>Lauantaina 9.9. juhlav\u00e4en ohjelmallisena kohtaamispaikkana toimii aamukymmenest\u00e4 alkaen Pyh\u00e4n Kolminaisuuden kirkko (=Troitsa) ja sen puutarha osoitteessa Unioninkatu 31.\u00a0<\/p><p>Kirkolle on helppo saapua sek\u00e4 seurakuntien tilausajobusseilla ett\u00e4 julkisilla kulkuv\u00e4lineill\u00e4 linja-auto- tai rautatieasemalta. Siit\u00e4 on my\u00f6s helppo pist\u00e4yty\u00e4 keskustakortteleihin kahville, lounaalle tai muille asioille ennen ryhmitt\u00e4ytymist\u00e4 kello 16 liikkeelle l\u00e4htev\u00e4\u00e4n ristisaattoon.<\/p><p>Parasta on kuitenkin se, ett\u00e4 Troitsan pihassa tapaa sek\u00e4 vanhoja ett\u00e4 uusia tuttuja koko p\u00e4iv\u00e4n. Helsingin ortodoksisen seurakunnan henkil\u00f6st\u00f6n lis\u00e4ksi paikalla on mm. Valamon luostarin veljest\u00f6\u00e4, Lintulan luostarin sisaristoa ja kirkon yhteisty\u00f6j\u00e4rjest\u00f6jen v\u00e4ke\u00e4.<\/p><p>Kirkolla on k\u00e4yt\u00f6ss\u00e4 my\u00f6s vanhalta puhelimelta n\u00e4ytt\u00e4v\u00e4 \u00e4\u00e4nivieraskirja, johon voi sanella tervehdyksen juhlavuottaan viett\u00e4v\u00e4lle kirkolle.\u00a0<\/p><p>Pyh\u00e4n Kolminaisuuden kirkossa on lauantaina n\u00e4ht\u00e4vill\u00e4 Suomen ortodoksisen kirkkomuseo RIISAn kierton\u00e4yttely LAHJA KONSTANTINOPOLISTA 1923 \u2013 Suomen ortodoksinen kirkko sata vuotta sitten. N\u00e4yttely kertoo autonomiaan johtaneista tapahtumista ja rovasti Sergei Solntsevin, professori Emil Nestor Set\u00e4l\u00e4n, rovasti Herman Aavin ja Viron arkkipiispa Aleksanterin vaihderikkaasta matkasta Konstantinopoliin sek\u00e4 kuvataan Suomen ortodoksisen kirkon ajankohtaisia asioita 1920-luvulla.<\/p><p>Sunnuntaina 10.9. n\u00e4yttely on esill\u00e4 ravintola Sipulissa liturgian j\u00e4lkeen tarjottavan lounaan ajan.<\/p><p>Troitsassa on tarjolla my\u00f6s ohjelmaa kaikenik\u00e4isille.<\/p><p>Kaupunkisuunnistuksessa on mahdollisuus etsi\u00e4 omatoimisesti sanallisten vihjeiden perusteella ja kartan avulla keskustan alueen kohteita. Reittej\u00e4 on kolme eri mittaista, joiden keskim\u00e4\u00e4r\u00e4inen kesto on k\u00e4vellen 15, 35 ja 70 minuuttia. Matkaan voi l\u00e4hte\u00e4 omaan tahtiin, klo 12:15 mahdollisuus l\u00e4hte\u00e4 porukassa.<\/p><p>10.00 Rukouspalvelus kirkossa<\/p><p>11.00 Kest\u00e4v\u00e4 el\u00e4m\u00e4. Ortodoksisten nuorten liitto ONL ry:n yhdess\u00e4 Filantropia ry:n kanssa j\u00e4rjest\u00e4m\u00e4 keskustelutilaisuus. Alustajina munkki <strong>Gabriel<\/strong> ja aktiivinen seurakuntanuori <strong>Aino Rantanen<\/strong> Salosta. Keskustelun juontavat <strong>Maria Kauppila<\/strong> ja <strong>Riina Nguyen<\/strong>.<\/p><p>12.30\u201314.30 Ortodoksisen kamarikuoron avoimet harjoitukset. Piipahda kuulemaan maistiaisia samana iltana Kallion kirkossa konsertoivan kuoron ohjelmistosta ja tutustumaan kuoroty\u00f6skentelyyn.<\/p><p>15.00 Ortodoksinen muskarihetki lapsille ja lapsenmielisille. Lapsille mehu- ja keksitarjoilu.<\/p><p>16.00 Siirtyminen ristisaatossa Uspenskin katedraaliin<\/p>\t\t\t\t\t\t\t\t<\/div>\n\t\t\t\t<\/div>\n\t\t\t\t\t<\/div>\n\t\t<\/div>\n\t\t\t\t\t<\/div>\n\t\t<\/section>\n\t\t\t\t<\/div>\n\t\t<\/div>","protected":false},"excerpt":{"rendered":"<p><!-- RS_MODULE_CODE_2.5.1 --><\/p>\n<div id=\"readspeaker_button483\" class=\"rs_skip rsbtn rs_preserve\"><a class=\"rsbtn_play\" title=\"Kuuntele ReadSpeakerilla\" href=\"https:\/\/app-eu.readspeaker.com\/cgi-bin\/rsent?customerid=11543&amp;lang=fi_fi&amp;readid=rspeak_read_483&amp;url=https%3A%2F%2Fort.fi%2Fjuhlavuosi%2Fwp-json%2Fwp%2Fv2%2Fpages%2F483\"><span class=\"rsbtn_left rsimg rspart\"><span class=\"rsbtn_text\"><span>Kuuntele<\/span><\/span><\/span><span class=\"rsbtn_right rsimg rsplay rspart\"><\/span><\/a><\/div>\n<div id=\"rspeak_read_483\"> Kuva: Vlada Wahlsten Lauantaina 9.9. juhlav\u00e4en ohjelmallisena kohtaamispaikkana toimii aamukymmenest\u00e4 alkaen Pyh\u00e4n Kolminaisuuden kirkko (=Troitsa) ja sen puutarha osoitteessa Unioninkatu 31.\u00a0 Kirkolle on helppo saapua sek\u00e4 seurakuntien tilausajobusseilla ett\u00e4 julkisilla kulkuv\u00e4lineill\u00e4 linja-auto- tai rautatieasemalta. Siit\u00e4 on my\u00f6s helppo pist\u00e4yty\u00e4 keskustakortteleihin kahville, lounaalle tai muille asioille ennen ryhmitt\u00e4ytymist\u00e4 kello 16 liikkeelle l\u00e4htev\u00e4\u00e4n ristisaattoon. Parasta on [&hellip;]<\/div>\n","protected":false},"author":1,"featured_media":0,"parent":0,"menu_order":0,"comment_status":"closed","ping_status":"closed","template":"","meta":{"footnotes":""},"class_list":["post-483","page","type-page","status-publish","hentry"],"_links":{"self":[{"href":"https:\/\/ort.fi\/juhlavuosi\/wp-json\/wp\/v2\/pages\/483","targetHints":{"allow":["GET"]}}],"collection":[{"href":"https:\/\/ort.fi\/juhlavuosi\/wp-json\/wp\/v2\/pages"}],"about":[{"href":"https:\/\/ort.fi\/juhlavuosi\/wp-json\/wp\/v2\/types\/page"}],"author":[{"embeddable":true,"href":"https:\/\/ort.fi\/juhlavuosi\/wp-json\/wp\/v2\/users\/1"}],"replies":[{"embeddable":true,"href":"https:\/\/ort.fi\/juhlavuosi\/wp-json\/wp\/v2\/comments?post=483"}],"version-history":[{"count":28,"href":"https:\/\/ort.fi\/juhlavuosi\/wp-json\/wp\/v2\/pages\/483\/revisions"}],"predecessor-version":[{"id":1623,"href":"https:\/\/ort.fi\/juhlavuosi\/wp-json\/wp\/v2\/pages\/483\/revisions\/1623"}],"wp:attachment":[{"href":"https:\/\/ort.fi\/juhlavuosi\/wp-json\/wp\/v2\/media?parent=483"}],"curies":[{"name":"wp","href":"https:\/\/api.w.org\/{rel}","templated":true}]}}