{"id":8097,"date":"2021-04-25T19:56:27","date_gmt":"2021-04-25T16:56:27","guid":{"rendered":"https:\/\/ort.fi\/ilomantsi\/?page_id=8097"},"modified":"2021-04-29T19:02:23","modified_gmt":"2021-04-29T16:02:23","slug":"praasniekat","status":"publish","type":"page","link":"https:\/\/ort.fi\/ilomantsi\/toiminta\/praasniekat\/","title":{"rendered":"Praasniekat"},"content":{"rendered":"\n<p><strong>Praasniekka \u2013 el\u00e4v\u00e4\u00e4 perinnett\u00e4 nykyajan ihmiselle<\/strong><\/p>\n\n\n\n<p>Sana praasniekka tulee vanhasta ven\u00e4j\u00e4n kielest\u00e4 (<em>pradznik<\/em>). Se tarkoittaa juhlaa. Nykyisin se tarkoittaa juuri kirkollista juhlaa. Jokainen ortodoksinen kirkko ja tsasouna on pyhitetty jonkin tapahtuman tai jonkin pyh\u00e4n henkil\u00f6n muistolle. Kirkon vuosijuhlap\u00e4iv\u00e4n\u00e4 vietet\u00e4\u00e4n praasniekkaa, joka on, Herran P\u00e4\u00e4si\u00e4isen ohella, t\u00e4rkein kirkkojuhla paikallisessa hengellisess\u00e4 el\u00e4m\u00e4ss\u00e4.<\/p>\n\n\n\n<p>Praasniekkaan kuuluu edellisen illan juhlajumalanpalvelus. Juhlap\u00e4iv\u00e4n aamuna kokoonnutaan juhlalliseen liturgiaan, jonka yhteydess\u00e4 toimitetaan ristisaatto ja vedenpyhitys. Palveluksen j\u00e4lkeen kokoonnutaan yhteiselle aterialle. Muuta ohjelmaa j\u00e4rjestet\u00e4\u00e4n tarpeen mukaan. Ilomantsin praasniekkojen iltap\u00e4iv\u00e4juhlissa on yleens\u00e4 mukana runonlausuntaa, musiikkiesityksi\u00e4 ja praasniekkapuheita.<\/p>\n\n\n\n<p>Praasniekat ovat vanhastaan olleet t\u00e4rkeit\u00e4 paikallisia juhlap\u00e4ivi\u00e4, jonne on tultu kaukaakin. Nykyisill\u00e4 praasniekoilla on tuo sama t\u00e4rke\u00e4 teht\u00e4v\u00e4. Kokoonnumme Jumalan kunniaksi ja l\u00e4himm\u00e4istemme hyv\u00e4ksi. Praasniekat yhdist\u00e4v\u00e4t l\u00e4helt\u00e4 ja kaukaa tulevia ihmisi\u00e4.<\/p>\n\n\n\n<figure class=\"wp-block-image size-large\"><img loading=\"lazy\" decoding=\"async\" width=\"1024\" height=\"880\" src=\"https:\/\/ort.fi\/ilomantsi\/wp-content\/uploads\/2021\/04\/Ristisaatto-XXXI-1024x880.jpg\" alt=\"\" class=\"wp-image-8127\" srcset=\"https:\/\/ort.fi\/ilomantsi\/wp-content\/uploads\/2021\/04\/Ristisaatto-XXXI-1024x880.jpg 1024w, https:\/\/ort.fi\/ilomantsi\/wp-content\/uploads\/2021\/04\/Ristisaatto-XXXI-300x258.jpg 300w, https:\/\/ort.fi\/ilomantsi\/wp-content\/uploads\/2021\/04\/Ristisaatto-XXXI-768x660.jpg 768w, https:\/\/ort.fi\/ilomantsi\/wp-content\/uploads\/2021\/04\/Ristisaatto-XXXI-1536x1320.jpg 1536w, https:\/\/ort.fi\/ilomantsi\/wp-content\/uploads\/2021\/04\/Ristisaatto-XXXI.jpg 1772w\" sizes=\"auto, (max-width: 1024px) 100vw, 1024px\" \/><figcaption>kuva: Jehki Potkonen  \/ teksti: TT Juha Riikonen<\/figcaption><\/figure>\n\n\n\n<p><strong>Ilomantsin alueen praasniekat ovat:<\/strong><\/p>\n\n\n\n<p><a href=\"https:\/\/ort.fi\/ilomantsi\/2021\/04\/29\/mutalahden-jumalanaidin-praasniekka\/\" target=\"_blank\" rel=\"noreferrer noopener\">8.9. Herran \u00c4idin syntym\u00e4n praasniekka Mutalahdessa<\/a><\/p>\n\n\n\n<p><a href=\"https:\/\/ort.fi\/ilomantsi\/2021\/04\/29\/sonkajan-praasniekka-2\/\" target=\"_blank\" rel=\"noreferrer noopener\">14.9. Pyh\u00e4n Ristin praasniekka Sonkajassa<\/a><\/p>\n\n\n\n<p><a href=\"https:\/\/ort.fi\/ilomantsi\/2021\/04\/25\/huhuksen-praasniekka\/\" target=\"_blank\" rel=\"noreferrer noopener\">Herran Taivaaseenastumisen praasniekka Huhuksessa (40 vuorokautta Herran yl\u00f6snousemuksen juhlasta)<\/a><\/p>\n\n\n\n<p><a href=\"https:\/\/ort.fi\/ilomantsi\/2021\/04\/25\/kaikkien-pyhien-tsasouna-parppeinvaaralla\/\">Kaikkien pyhien <\/a><a href=\"https:\/\/ort.fi\/ilomantsi\/2021\/04\/25\/kaikkien-pyhien-tsasouna-parppeinvaaralla\/\" target=\"_blank\" rel=\"noreferrer noopener\">praasniekka <\/a><a href=\"https:\/\/ort.fi\/ilomantsi\/2021\/04\/25\/kaikkien-pyhien-tsasouna-parppeinvaaralla\/\">(viikon p\u00e4\u00e4st\u00e4 helluntaista)<\/a><\/p>\n\n\n\n<p><a href=\"https:\/\/ort.fi\/ilomantsi\/2021\/04\/29\/hattuvaaran-praasniekka-2\/\" target=\"_blank\" rel=\"noreferrer noopener\">29.6. Pyhien apostolien Pietarin ja Paavalin praasniekka Hattuvaarassa.<\/a><\/p>\n\n\n\n<p><a href=\"https:\/\/ort.fi\/ilomantsi\/2021\/04\/25\/iljan-praasniekka\/\" target=\"_blank\" rel=\"noreferrer noopener\">20.7. Pyh\u00e4n Herran profeetta Elian praasniekka Ilomantsissa.<\/a><\/p>\n","protected":false},"excerpt":{"rendered":"<p>Praasniekka \u2013 el\u00e4v\u00e4\u00e4 perinnett\u00e4 nykyajan ihmiselle Sana praasniekka tulee vanhasta ven\u00e4j\u00e4n kielest\u00e4 (pradznik). Se tarkoittaa juhlaa. Nykyisin se tarkoittaa juuri kirkollista juhlaa. Jokainen ortodoksinen kirkko ja tsasouna on pyhitetty jonkin &#8230; <a title=\"Praasniekat\" class=\"read-more\" href=\"https:\/\/ort.fi\/ilomantsi\/toiminta\/praasniekat\/\" aria-label=\"Lue lis\u00e4\u00e4 aiheesta Praasniekat\">Lue lis\u00e4\u00e4<\/a><\/p>\n","protected":false},"author":6,"featured_media":0,"parent":58,"menu_order":4,"comment_status":"closed","ping_status":"closed","template":"","meta":{"ngg_post_thumbnail":0,"footnotes":""},"class_list":["post-8097","page","type-page","status-publish"],"_links":{"self":[{"href":"https:\/\/ort.fi\/ilomantsi\/wp-json\/wp\/v2\/pages\/8097","targetHints":{"allow":["GET"]}}],"collection":[{"href":"https:\/\/ort.fi\/ilomantsi\/wp-json\/wp\/v2\/pages"}],"about":[{"href":"https:\/\/ort.fi\/ilomantsi\/wp-json\/wp\/v2\/types\/page"}],"author":[{"embeddable":true,"href":"https:\/\/ort.fi\/ilomantsi\/wp-json\/wp\/v2\/users\/6"}],"replies":[{"embeddable":true,"href":"https:\/\/ort.fi\/ilomantsi\/wp-json\/wp\/v2\/comments?post=8097"}],"version-history":[{"count":3,"href":"https:\/\/ort.fi\/ilomantsi\/wp-json\/wp\/v2\/pages\/8097\/revisions"}],"predecessor-version":[{"id":8247,"href":"https:\/\/ort.fi\/ilomantsi\/wp-json\/wp\/v2\/pages\/8097\/revisions\/8247"}],"up":[{"embeddable":true,"href":"https:\/\/ort.fi\/ilomantsi\/wp-json\/wp\/v2\/pages\/58"}],"wp:attachment":[{"href":"https:\/\/ort.fi\/ilomantsi\/wp-json\/wp\/v2\/media?parent=8097"}],"curies":[{"name":"wp","href":"https:\/\/api.w.org\/{rel}","templated":true}]}}